{"text_format":"3","workbook":"xlsx","n_sheets":12,"sheets":["User Instructions","Notes","Level Dashboard","SSA Dashboard","Framework Dashboard","List","SSA","Level","Framework","SSA - Historical","Level - Historical","Framework - Historical"],"not_rendered":{"images":3,"external_links":1,"defined_names":72},"read":"whole","date_system":"1900"}

{"sheet":"User Instructions","index":0,"n_rows":24,"n_cols":3,"rows_kept":24,"merged":[[3,2,3,8],[8,0,8,11],[15,0,15,10],[16,0,16,10],[17,0,17,10],[18,0,18,10],[21,0,21,10]]}
[]
[]
[]
[null,null,"User instructions"]
[]
[]
[]
["General information"]
["This document contains the following:\n-Three dashboards (see contents below)\n-A Notes tab giving important supporting information \n-Hidden tabs with underlying data tables that each dashboard is linked to."]
["Dashboard Contents"]
["The Level Dashboard contains information regarding Level, Age Group, and Type (Framework or Standard)"]
["The SSA Dashboard contains information regarding Level Group, Age Group, and Sector Subject Area Tier 1"]
["The Framework Dashboard contains information regarding Level Group, Age Group, and Framework/Standard Name"]
[]
["How to use the dashboards"]
["On the SSA and Framework dashboards, use the drop-down filter at the top of the screen to make your selection.  Note that on the framework dashboard, frameworks and standards are grouped separately."]
["In order to filter age and level in each of the dashboards, click on the grey square filter button to the right of the header:"]
[]
["You will then have the option to select different levels/ages."]
[]
["Hidden tabs"]
["If you would like to see the larger data tables that each of the tables in the dashboards are linked to, then right click on any of the tabs below, click 'unhide' and each table will appear in a list."]
["This allows users to view all sectors / frameworks / standards rather than restricting to one at a time."]
["The hidden tabs also allow users to view data from earlier years."]

{"sheet":"Notes","index":1,"n_rows":69,"n_cols":10,"rows_kept":69,"merged":[[8,1,8,9],[9,1,9,9],[10,1,10,9],[11,1,11,9],[12,1,12,9],[13,1,13,9],[14,1,14,9],[15,1,15,9],[16,1,16,9],[17,1,17,9],[18,1,18,9],[18,10,18,14],[19,1,19,9],[20,1,20,9],[21,1,21,9],[22,1,22,9],[23,1,23,9],[25,1,25,9],[27,1,27,9],[28,1,28,9],[29,1,29,9],[30,1,30,9],[32,1,32,9],[33,1,33,9],[34,1,34,9],[35,1,35,9],[36,1,36,9],[40,1,40,9],[42,1,42,9],[43,1,43,9],[44,1,44,9],[45,1,45,9],[46,1,46,9],[51,1,51,9],[53,1,53,9],[54,1,54,9],[55,1,55,9],[56,1,56,9],[59,1,59,9],[60,1,60,9],[61,1,61,9],[62,1,62,9],[65,1,65,9],[66,1,66,9],[67,1,67,9]]}
{"$rows_empty":8}
[null,"Table Notes"]
[null,"General Notes covering all outputs"]
[null,"1) Volumes are rounded to the nearest ten except for the Grand Totals which are rounded to the nearest hundred."]
[null,"2) '-' Indicates a base value of less than five, or less than fifty for Grand Totals.  '*' indicates a percentage less than 0.5%. "]
[null,"3) For definitions of variables used in the tables please see the data dictionary:"]
[null,"http://webarchive.nationalarchives.gov.uk/20140107201041/http://www.thedataservice.org.uk/datadictionary/"]
[null,"4) The data source for all tables is the Individualised Learner Record, except where stated."]
[null,"5) Unlike learner figures in other tables, figures for 2008/09 onwards are comparable with earlier years as demand led funding rules are not applied to starts and achievements."]
[null,"6) Age is calculated based on age at start of the programme rather than based on 31 August."]
[null,"7) In these tables full-year numbers are a count of the number of starts at any point during the year.  Learners starting more than one Apprenticeship will appear more than once."]
[null,"8) Programme-Led Apprenticeships recorded in ILR returns are included in the figures."]
[null,"9) These tables include provisional 2014/15 Employer Ownership Pilot (EOP) volumes due to problems with the final 2014/15 EOP data collection. See the note in the commentary and on the contents page of the table pack for more information. "]
[null,"10) These tables show starts for apprenticeship standards, which are developed by employer groups known as \"trailblazers\". The first starts on the new standards began in September 2014."]
[null,"11) Figures for 2014/15 include 80 apprenticeship starts with no level assigned and an unknown Sector Subject Area.  Figures for 2015/16 include less than 10 apprenticeship starts with no level assigned.  "]
[null,"12) Figures for 2011/12 onwards are not comparable to earlier years as a Single Individualised Learner Record (ILR) data collection system has been introduced. More information on the Single ILR is available at: "]
[null,"http://webarchive.nationalarchives.gov.uk/20140107201041/http://www.thedataservice.org.uk/NR/rdonlyres/C05DCDD5-67EE-4AD0-88B9-BEBC8F7F3300/0/SILR_Effects_SFR_Learners_June12.pdf"]
[]
[null,"Apprenticeship Programme Starts by Sector Framework and Apprenticeship Standard, Level and Age"]
[]
[null,"1) Some Sector Frameworks were renamed or combined in 2012/13. Figures for previous years have been revised in the same way for consistency."]
[null,"2) This table shows starts for frameworks, some of which have been grouped after the introduction of SASE (Specification of Apprenticeship Standards for England) frameworks in 2010/11. This allows meaningful comparisons between years where new frameworks have been introduced in 2010/11. Some figures for earlier years have been revised due to this grouping. There is a separate table called 'Breakdown by Framework (non-grouped)' presenting Apprenticeship data for 2010/11 to 2012/13. This shows all SASE and non-SASE frameworks started in 2010/11 to 2012/13 without grouping."]
[]
[null," Apprenticeship Programme Starts by Type - Frameworks / Standards"]
[]
[null,"1) Level 2 is equivalent to an Intermediate Level Apprenticeship, Level 3 is equivalent to an Advanced Level Apprenticeship, and Levels 4, 5 and 6 are equivalent to a Higher Apprenticeship."]
[null,"2) Level 4 apprenticeships were introduced in 2006/07, level 5 apprenticeships were introduced in 2011/12, level 6 apprenticeships were introduced in 2013/14 and level 7 apprenticeships were introduced in 2014/15. Prior to 2009/10, there were 310 starts equivalent to a Higher Apprenticeship."]
[null,"3) Apprenticeship standards are included in the Intermediate Level, Advanced Level or Higher Apprenticeship categories according to the level of each standard. All Apprenticeship standards are also shown separately at the bottom of the table."]
[null,"https://www.gov.uk/government/collections/further-education-and-skills-statistical-first-release-sfr"]
[]
[]
[null,"Publication Date",{"$nulls":7},"October 2017"]
[]
[null,"Data Sources"]
[null,"Apprenticeships"]
[null,"2007/08 and earlier years (W13 final)"]
[null,"2008/09 (E13 final)"]
[null,"2009/10 (E13 final)"]
[null,"2010/11 (ER13 final)"]
[null,"2011/12 (R15 final)"]
[null,"2012/13 (R14 final)"]
[null,"2013/14 (R14 final)"]
[null,"2014/15 (R14 final)"]
[null,"2015/16 (R14 final)"]
[null,"2016/17 (R13)"]
[]
[null,"Large Employer Outcome Pilot Data -  "]
[null,"2011/12 (R14 final)"]
[null,"2012/13 (R14 final)"]
[null,"2013/14 (R14 final)"]
[null,"2014/15 (R14 final)"]
[]
[null,"Employer Ownership Pilot Data 1"]
[null,"2012/13 (R14 Final)"]
[null,"2013/14 (R14 Final)"]
[null,"2014/15 (R13)"]
[null,"2015/16 (R14 Final)"]
[]
[null,"Employer Ownership Pilot Data 2"]
[null,"2013/14 (R14 Final)"]
[null,"2014/15 (R13)"]
[null,"2015/16 (R14 Final)"]

{"sheet":"Level Dashboard","index":2,"n_rows":27,"n_cols":9,"rows_kept":27,"merged":[[0,0,0,8]]}
["Apprenticeship Framework Starts and Apprenticeship Standard Starts by Level"]
[]
["Level Group","Level","Framework / Standard","2011/12","2012/13","2013/14","2014/15","2015/16","2016/17\nFull Year (Provisional)"]
["Intermediate Apprenticeship","Level 2","Standard","n/a","n/a","n/a",{"$f":"'Level - Historical'!G31","v":"-"},{"$f":"'Level - Historical'!H31","v":{"v":1410,"d":"1,410"}},{"$f":"Level!B33","v":{"v":8040,"d":"8,040"}}]
["Intermediate Apprenticeship","Level 2","Framework",{"$f":"'Level - Historical'!D18","v":{"v":329000,"d":"329,000"}},{"$f":"'Level - Historical'!E18","v":{"v":292750,"d":"292,750"}},{"$f":"'Level - Historical'!F18","v":{"v":286490,"d":"286,490"}},{"$f":"'Level - Historical'!G18","v":{"v":298280,"d":"298,280"}},{"$f":"'Level - Historical'!H18","v":{"v":289920,"d":"289,920"}},{"$f":"Level!B21","v":{"v":251390,"d":"251,390"}}]
["Intermediate Apprenticeship","Level 2","All",{"$f":"'Level - Historical'!D5","v":{"v":329000,"d":"329,000"}},{"$f":"'Level - Historical'!E5","v":{"v":292750,"d":"292,750"}},{"$f":"'Level - Historical'!F5","v":{"v":286490,"d":"286,490"}},{"$f":"'Level - Historical'!G5","v":{"v":298280,"d":"298,280"}},{"$f":"'Level - Historical'!H5","v":{"v":291330,"d":"291,330"}},{"$f":"Level!B7","v":{"v":259430,"d":"259,430"}}]
["Advanced Apprenticeship","Level 3","Standard","n/a","n/a","n/a",{"$f":"'Level - Historical'!G32","v":170},{"$f":"'Level - Historical'!H32","v":{"v":1650,"d":"1,650"}},{"$f":"Level!B34","v":{"v":10780,"d":"10,780"}}]
["Advanced Apprenticeship","Level 3","Framework",{"$f":"'Level - Historical'!D19","v":{"v":187880,"d":"187,880"}},{"$f":"'Level - Historical'!E19","v":{"v":207670,"d":"207,670"}},{"$f":"'Level - Historical'!F19","v":{"v":144730,"d":"144,730"}},{"$f":"'Level - Historical'!G19","v":{"v":181590,"d":"181,590"}},{"$f":"'Level - Historical'!H19","v":{"v":189220,"d":"189,220"}},{"$f":"Level!B22","v":{"v":185000,"d":"185,000"}}]
["Advanced Apprenticeship","Level 3","All",{"$f":"'Level - Historical'!D6","v":{"v":187880,"d":"187,880"}},{"$f":"'Level - Historical'!E6","v":{"v":207670,"d":"207,670"}},{"$f":"'Level - Historical'!F6","v":{"v":144730,"d":"144,730"}},{"$f":"'Level - Historical'!G6","v":{"v":181760,"d":"181,760"}},{"$f":"'Level - Historical'!H6","v":{"v":190870,"d":"190,870"}},{"$f":"Level!B8","v":{"v":195770,"d":"195,770"}}]
["Higher Apprenticeship","Level 4","Standard","n/a","n/a","n/a",{"$f":"'Level - Historical'!G33","v":110},{"$f":"'Level - Historical'!H33","v":490},{"$f":"Level!B35","v":{"v":2140,"d":"2,140"}}]
["Higher Apprenticeship","Level 4","Framework",{"$f":"'Level - Historical'!D20","v":{"v":2850,"d":"2,850"}},{"$f":"'Level - Historical'!E20","v":{"v":4180,"d":"4,180"}},{"$f":"'Level - Historical'!F20","v":{"v":3810,"d":"3,810"}},{"$f":"'Level - Historical'!G20","v":{"v":6980,"d":"6,980"}},{"$f":"'Level - Historical'!H20","v":{"v":9030,"d":"9,030"}},{"$f":"Level!B23","v":{"v":9470,"d":"9,470"}}]
["Higher Apprenticeship","Level 4","All",{"$f":"'Level - Historical'!D7","v":{"v":2850,"d":"2,850"}},{"$f":"'Level - Historical'!E7","v":{"v":4180,"d":"4,180"}},{"$f":"'Level - Historical'!F7","v":{"v":3810,"d":"3,810"}},{"$f":"'Level - Historical'!G7","v":{"v":7090,"d":"7,090"}},{"$f":"'Level - Historical'!H7","v":{"v":9510,"d":"9,510"}},{"$f":"Level!B9","v":{"v":11610,"d":"11,610"}}]
["Higher Apprenticeship","Level 5","Standard","n/a","n/a","n/a",{"$f":"'Level - Historical'!G34","v":"-"},{"$f":"'Level - Historical'!H34","v":"-"},{"$f":"Level!B36","v":{"v":1080,"d":"1,080"}}]
["Higher Apprenticeship","Level 5","Framework",{"$f":"'Level - Historical'!D21","v":850},{"$f":"'Level - Historical'!E21","v":{"v":5610,"d":"5,610"}},{"$f":"'Level - Historical'!F21","v":{"v":5410,"d":"5,410"}},{"$f":"'Level - Historical'!G21","v":{"v":12590,"d":"12,590"}},{"$f":"'Level - Historical'!H21","v":{"v":16870,"d":"16,870"}},{"$f":"Level!B24","v":{"v":21780,"d":"21,780"}}]
["Higher Apprenticeship","Level 5","All",{"$f":"'Level - Historical'!D8","v":850},{"$f":"'Level - Historical'!E8","v":{"v":5610,"d":"5,610"}},{"$f":"'Level - Historical'!F8","v":{"v":5410,"d":"5,410"}},{"$f":"'Level - Historical'!G8","v":{"v":12590,"d":"12,590"}},{"$f":"'Level - Historical'!H8","v":{"v":16870,"d":"16,870"}},{"$f":"Level!B10","v":{"v":22860,"d":"22,860"}}]
["Higher Apprenticeship","Level 6","Standard","n/a","n/a","n/a",{"$f":"'Level - Historical'!G35","v":100},{"$f":"'Level - Historical'!H35","v":720},{"$f":"Level!B37","v":{"v":1620,"d":"1,620"}}]
["Higher Apprenticeship","Level 6","Framework","n/a","n/a",{"$f":"'Level - Historical'!F22","v":"-"},{"$f":"'Level - Historical'!G22","v":"-"},{"$f":"'Level - Historical'!H22","v":20},{"$f":"Level!B25","v":"-"}]
["Higher Apprenticeship","Level 6","All","n/a","n/a",{"$f":"'Level - Historical'!F9","v":"-"},{"$f":"'Level - Historical'!G9","v":100},{"$f":"'Level - Historical'!H9","v":740},{"$f":"Level!B11","v":{"v":1620,"d":"1,620"}}]
["Higher Apprenticeship","Level 7","Standard","n/a","n/a","n/a",{"$f":"'Level - Historical'!G36","v":"-"},{"$f":"'Level - Historical'!H36","v":30},{"$f":"Level!B38","v":50}]
["Higher Apprenticeship","Level 7","Framework","n/a","n/a",{"$f":"'Level - Historical'!F23","v":"-"},{"$f":"'Level - Historical'!G23","v":"-"},{"$f":"'Level - Historical'!H23","v":"-"},"-"]
["Higher Apprenticeship","Level 7","All","n/a","n/a",{"$f":"'Level - Historical'!F10","v":"-"},{"$f":"'Level - Historical'!G10","v":"-"},{"$f":"'Level - Historical'!H10","v":30},{"$f":"Level!B12","v":50}]
["Higher Apprenticeship","Level 4-7","Standard","n/a","n/a","n/a",{"$f":"'Level - Historical'!G37","v":200},{"$f":"'Level - Historical'!H37","v":{"v":1240,"d":"1,240"}},{"$f":"Level!B39","v":{"v":4880,"d":"4,880"}}]
["Higher Apprenticeship","Level 4-7","Framework",{"$f":"'Level - Historical'!D24","v":{"v":3700,"d":"3,700"}},{"$f":"'Level - Historical'!E24","v":{"v":9790,"d":"9,790"}},{"$f":"'Level - Historical'!F24","v":{"v":9220,"d":"9,220"}},{"$f":"'Level - Historical'!G24","v":{"v":19570,"d":"19,570"}},{"$f":"'Level - Historical'!H24","v":{"v":25920,"d":"25,920"}},{"$f":"Level!B26","v":{"v":31250,"d":"31,250"}}]
["Higher Apprenticeship","Level 4-7","All",{"$f":"'Level - Historical'!D11","v":{"v":3700,"d":"3,700"}},{"$f":"'Level - Historical'!E11","v":{"v":9790,"d":"9,790"}},{"$f":"'Level - Historical'!F11","v":{"v":9220,"d":"9,220"}},{"$f":"'Level - Historical'!G11","v":{"v":19770,"d":"19,770"}},{"$f":"'Level - Historical'!H11","v":{"v":27160,"d":"27,160"}},{"$f":"Level!B13","v":{"v":36130,"d":"36,130"}}]
["All Apprenticeships","All","Standard","n/a","n/a","n/a",{"$f":"'Level - Historical'!G38","v":400},{"$f":"'Level - Historical'!H38","v":{"v":4300,"d":"4,300"}},{"$f":"Level!B40","v":{"v":23700,"d":"23,700"}}]
["All Apprenticeships","All","Framework",{"$f":"'Level - Historical'!D25","v":{"v":520600,"d":"520,600"}},{"$f":"'Level - Historical'!E25","v":{"v":510200,"d":"510,200"}},{"$f":"'Level - Historical'!F25","v":{"v":440400,"d":"440,400"}},{"$f":"'Level - Historical'!G25","v":{"v":499500,"d":"499,500"}},{"$f":"'Level - Historical'!H25","v":{"v":505100,"d":"505,100"}},{"$f":"Level!B27","v":{"v":467600,"d":"467,600"}}]
["All Apprenticeships","All","All",{"$f":"'Level - Historical'!D12","v":{"v":520600,"d":"520,600"}},{"$f":"'Level - Historical'!E12","v":{"v":510200,"d":"510,200"}},{"$f":"'Level - Historical'!F12","v":{"v":440400,"d":"440,400"}},{"$f":"'Level - Historical'!G12","v":{"v":499900,"d":"499,900"}},{"$f":"'Level - Historical'!H12","v":{"v":509400,"d":"509,400"}},{"$f":"Level!B14","v":{"v":491300,"d":"491,300"}}]

{"sheet":"SSA Dashboard","index":3,"n_rows":37,"n_cols":9,"rows_kept":37,"merged":[[0,0,0,1],[1,0,1,8],[3,14,3,15]]}
[null,null,"Agriculture, Horticulture and Animal Care"]
["Apprenticeship Programme Starts by Sector Subject Area, Level and Age"]
[]
["Level","Age Group","Sector Subject Area","2011/12","2012/13","2013/14","2014/15","2015/16","2016/17\nFull Year (Provisional)"]
["Intermediate Apprenticeship","Under 19",{"$f":"$C$1","v":"Agriculture, Horticulture and Animal Care"},{"$f":"VLOOKUP($C$1,SSA_Oct16_Data,(COLUMN(H1)*16)+3,FALSE)","v":{"v":2880,"d":"2,880"}},{"$f":"VLOOKUP($C$1,SSA_Oct16_Data,(COLUMN(I1)*16)+3,FALSE)","v":{"v":2540,"d":"2,540"}},{"$f":"VLOOKUP($C$1,SSA_Oct16_Data,(COLUMN(J1)*16)+3,FALSE)","v":{"v":2720,"d":"2,720"}},{"$f":"VLOOKUP($C$1,SSA_Oct16_Data,(COLUMN(K1)*16)+3,FALSE)","v":{"v":2780,"d":"2,780"}},{"$f":"VLOOKUP($C$1,SSA_Oct16_Data,(COLUMN(L1)*16)+3,FALSE)","v":{"v":3260,"d":"3,260"}},{"$f":"INDEX(SSA_int_19,MATCH(C5,SSA,0),0)","v":{"v":2810,"d":"2,810"}}]
["Intermediate Apprenticeship","19-24","Agriculture, Horticulture and Animal Care",{"$f":"VLOOKUP($C$1,SSA_Oct16_Data,(COLUMN(H2)*16)+3+ROW(A1),FALSE)","v":{"v":1460,"d":"1,460"}},{"v":1550,"d":"1,550"},{"v":1640,"d":"1,640"},{"v":1560,"d":"1,560"},{"v":1750,"d":"1,750"},{"$f":"INDEX(SSA_int_24,MATCH(C6,SSA,0),0)","v":{"v":1390,"d":"1,390"}}]
["Intermediate Apprenticeship","25+","Agriculture, Horticulture and Animal Care",{"v":1040,"d":"1,040"},610,600,500,640,{"$f":"INDEX(SSA_int_25,MATCH(C7,SSA,0),0)","v":690}]
["Intermediate Apprenticeship","All","Agriculture, Horticulture and Animal Care",{"v":5380,"d":"5,380"},{"v":4690,"d":"4,690"},{"v":4960,"d":"4,960"},{"v":4840,"d":"4,840"},{"v":5650,"d":"5,650"},{"$f":"INDEX(SSA_Int_all,MATCH(C8,SSA,0),0)","v":{"v":4890,"d":"4,890"}}]
["Advanced Apprenticeship","Under 19","Agriculture, Horticulture and Animal Care",{"$f":"VLOOKUP($C$1,SSA_Oct16_Data,(COLUMN(H5)*16)+3+ROW(A4),FALSE)","v":520},{"$f":"VLOOKUP($C$1,SSA_Oct16_Data,(COLUMN(I5)*16)+3+ROW(B4),FALSE)","v":560},{"$f":"VLOOKUP($C$1,SSA_Oct16_Data,(COLUMN(J5)*16)+3+ROW(C4),FALSE)","v":520},{"$f":"VLOOKUP($C$1,SSA_Oct16_Data,(COLUMN(K5)*16)+3+ROW(D4),FALSE)","v":580},{"$f":"VLOOKUP($C$1,SSA_Oct16_Data,(COLUMN(L5)*16)+3+ROW(E4),FALSE)","v":690},{"$f":"INDEX(SSA_Adv_19,MATCH(C9,SSA,0),0)","v":770}]
["Advanced Apprenticeship","19-24","Agriculture, Horticulture and Animal Care",920,{"v":1010,"d":"1,010"},{"v":1170,"d":"1,170"},{"v":1010,"d":"1,010"},{"v":1130,"d":"1,130"},{"$f":"INDEX(SSA_Adv_24,MATCH(C10,SSA,0),0)","v":{"v":1000,"d":"1,000"}}]
["Advanced Apprenticeship","25+","Agriculture, Horticulture and Animal Care",760,820,360,550,690,{"$f":"INDEX(SSA_Adv_25,MATCH(C11,SSA,0),0)","v":570}]
["Advanced Apprenticeship","All","Agriculture, Horticulture and Animal Care",{"v":2190,"d":"2,190"},{"v":2390,"d":"2,390"},{"v":2050,"d":"2,050"},{"v":2140,"d":"2,140"},{"v":2500,"d":"2,500"},{"$f":"INDEX(SSA_Adv_all,MATCH(C12,SSA,0),0)","v":{"v":2350,"d":"2,350"}}]
["Higher Apprenticeship","Under 19","Agriculture, Horticulture and Animal Care","-","-",10,10,10,{"$f":"INDEX(SSA_Hi_u19,MATCH(C13,SSA,0),0)","v":30}]
["Higher Apprenticeship","19-24","Agriculture, Horticulture and Animal Care","-",10,30,10,20,{"$f":"INDEX(SSA_Hi_24,MATCH(C14,SSA,0),0)","v":30}]
["Higher Apprenticeship","25+","Agriculture, Horticulture and Animal Care","-","-","-","-","-",{"$f":"INDEX(SSA_Hi_25,MATCH(C15,SSA,0),0)","v":10}]
["Higher Apprenticeship","All","Agriculture, Horticulture and Animal Care","-",10,40,20,40,{"$f":"INDEX(SSA_Hi_all,MATCH(C16,SSA,0),0)","v":60}]
["All Apprenticeships","Under 19","Agriculture, Horticulture and Animal Care",{"v":3400,"d":"3,400"},{"v":3100,"d":"3,100"},{"v":3250,"d":"3,250"},{"v":3370,"d":"3,370"},{"v":3950,"d":"3,950"},{"$f":"INDEX(SSA_All_u19,MATCH(C17,SSA,0),0)","v":{"v":3610,"d":"3,610"}}]
["All Apprenticeships","19-24","Agriculture, Horticulture and Animal Care",{"v":2380,"d":"2,380"},{"v":2560,"d":"2,560"},{"v":2840,"d":"2,840"},{"v":2580,"d":"2,580"},{"v":2900,"d":"2,900"},{"$f":"INDEX(SSA_All_24,MATCH(C18,SSA,0),0)","v":{"v":2410,"d":"2,410"}}]
["All Apprenticeships","25+","Agriculture, Horticulture and Animal Care",{"v":1800,"d":"1,800"},{"v":1440,"d":"1,440"},970,{"v":1050,"d":"1,050"},{"v":1340,"d":"1,340"},{"$f":"INDEX(SSA_All_25,MATCH(C19,SSA,0),0)","v":{"v":1260,"d":"1,260"}}]
["All Apprenticeships","All","Agriculture, Horticulture and Animal Care",{"v":7570,"d":"7,570"},{"v":7090,"d":"7,090"},{"v":7060,"d":"7,060"},{"v":7010,"d":"7,010"},{"v":8190,"d":"8,190"},{"$f":"INDEX(SSA_All_All,MATCH(C20,SSA,0),0)","v":{"v":7290,"d":"7,290"}}]
["Totals relating to All SSA"]
["Intermediate Apprenticeship","Under 19","All",{"$f":"INDEX('SSA - Historical'!$C$20:$HB$20,1,COLUMN(H1)*16+ROW(I1))","v":{"v":95400,"d":"95,400"}},{"$f":"INDEX('SSA - Historical'!$C$20:$HB$20,1,COLUMN(I1)*16+ROW(J1))","v":{"v":80900,"d":"80,900"}},{"$f":"INDEX('SSA - Historical'!$C$20:$HB$20,1,COLUMN(J1)*16+ROW(K1))","v":{"v":83400,"d":"83,400"}},{"$f":"INDEX('SSA - Historical'!$C$20:$HB$20,1,COLUMN(K1)*16+ROW(L1))","v":{"v":85600,"d":"85,600"}},{"$f":"INDEX('SSA - Historical'!$C$20:$HB$20,1,COLUMN(L1)*16+ROW(M1))","v":{"v":86900,"d":"86,900"}},{"$f":"SSA!$C$17","v":{"v":77700,"d":"77,700"}}]
["Intermediate Apprenticeship","19-24","All",{"$f":"INDEX('SSA - Historical'!$C$20:$HB$20,1,COLUMN(H2)*16+ROW(I2))","v":{"v":101700,"d":"101,700"}},{"$f":"INDEX('SSA - Historical'!$C$20:$HB$20,1,COLUMN(I2)*16+ROW(J2))","v":{"v":99000,"d":"99,000"}},{"$f":"INDEX('SSA - Historical'!$C$20:$HB$20,1,COLUMN(J2)*16+ROW(K2))","v":{"v":97000,"d":"97,000"}},{"$f":"INDEX('SSA - Historical'!$C$20:$HB$20,1,COLUMN(K2)*16+ROW(L2))","v":{"v":93600,"d":"93,600"}},{"$f":"INDEX('SSA - Historical'!$C$20:$HB$20,1,COLUMN(L2)*16+ROW(M2))","v":{"v":84900,"d":"84,900"}},{"$f":"SSA!$D$17","v":{"v":71100,"d":"71,100"}}]
["Intermediate Apprenticeship","25+","All",{"$f":"INDEX('SSA - Historical'!$C$20:$HB$20,1,COLUMN(H3)*16+ROW(I3))","v":{"v":131900,"d":"131,900"}},{"$f":"INDEX('SSA - Historical'!$C$20:$HB$20,1,COLUMN(I3)*16+ROW(J3))","v":{"v":112900,"d":"112,900"}},{"$f":"INDEX('SSA - Historical'!$C$20:$HB$20,1,COLUMN(J3)*16+ROW(K3))","v":{"v":106100,"d":"106,100"}},{"$f":"INDEX('SSA - Historical'!$C$20:$HB$20,1,COLUMN(K3)*16+ROW(L3))","v":{"v":119100,"d":"119,100"}},{"$f":"INDEX('SSA - Historical'!$C$20:$HB$20,1,COLUMN(L3)*16+ROW(M3))","v":{"v":119500,"d":"119,500"}},{"$f":"SSA!$E$17","v":{"v":110600,"d":"110,600"}}]
["Intermediate Apprenticeship","All","All",{"$f":"INDEX('SSA - Historical'!$C$20:$HB$20,1,COLUMN(H4)*16+ROW(I4))","v":{"v":329000,"d":"329,000"}},{"$f":"INDEX('SSA - Historical'!$C$20:$HB$20,1,COLUMN(I4)*16+ROW(J4))","v":{"v":292800,"d":"292,800"}},{"$f":"INDEX('SSA - Historical'!$C$20:$HB$20,1,COLUMN(J4)*16+ROW(K4))","v":{"v":286500,"d":"286,500"}},{"$f":"INDEX('SSA - Historical'!$C$20:$HB$20,1,COLUMN(K4)*16+ROW(L4))","v":{"v":298300,"d":"298,300"}},{"$f":"INDEX('SSA - Historical'!$C$20:$HB$20,1,COLUMN(L4)*16+ROW(M4))","v":{"v":291300,"d":"291,300"}},{"$f":"SSA!$F$17","v":{"v":259400,"d":"259,400"}}]
["Advanced Apprenticeship","Under 19","All",{"$f":"INDEX('SSA - Historical'!$C$20:$HB$20,1,COLUMN(H5)*16+ROW(I5))","v":{"v":34100,"d":"34,100"}},{"$f":"INDEX('SSA - Historical'!$C$20:$HB$20,1,COLUMN(I5)*16+ROW(J5))","v":{"v":33100,"d":"33,100"}},{"$f":"INDEX('SSA - Historical'!$C$20:$HB$20,1,COLUMN(J5)*16+ROW(K5))","v":{"v":35600,"d":"35,600"}},{"$f":"INDEX('SSA - Historical'!$C$20:$HB$20,1,COLUMN(K5)*16+ROW(L5))","v":{"v":39100,"d":"39,100"}},{"$f":"INDEX('SSA - Historical'!$C$20:$HB$20,1,COLUMN(L5)*16+ROW(M5))","v":{"v":42700,"d":"42,700"}},{"$f":"SSA!$G$17","v":{"v":41500,"d":"41,500"}}]
["Advanced Apprenticeship","19-24","All",{"$f":"INDEX('SSA - Historical'!$C$20:$HB$20,1,COLUMN(H6)*16+ROW(I6))","v":{"v":58000,"d":"58,000"}},{"$f":"INDEX('SSA - Historical'!$C$20:$HB$20,1,COLUMN(I6)*16+ROW(J6))","v":{"v":63900,"d":"63,900"}},{"$f":"INDEX('SSA - Historical'!$C$20:$HB$20,1,COLUMN(J6)*16+ROW(K6))","v":{"v":59300,"d":"59,300"}},{"$f":"INDEX('SSA - Historical'!$C$20:$HB$20,1,COLUMN(K6)*16+ROW(L6))","v":{"v":62400,"d":"62,400"}},{"$f":"INDEX('SSA - Historical'!$C$20:$HB$20,1,COLUMN(L6)*16+ROW(M6))","v":{"v":63100,"d":"63,100"}},{"$f":"SSA!$H$17","v":{"v":62500,"d":"62,500"}}]
["Advanced Apprenticeship","25+","All",{"$f":"INDEX('SSA - Historical'!$C$20:$HB$20,1,COLUMN(H7)*16+ROW(I7))","v":{"v":95700,"d":"95,700"}},{"$f":"INDEX('SSA - Historical'!$C$20:$HB$20,1,COLUMN(I7)*16+ROW(J7))","v":{"v":110600,"d":"110,600"}},{"$f":"INDEX('SSA - Historical'!$C$20:$HB$20,1,COLUMN(J7)*16+ROW(K7))","v":{"v":49800,"d":"49,800"}},{"$f":"INDEX('SSA - Historical'!$C$20:$HB$20,1,COLUMN(K7)*16+ROW(L7))","v":{"v":80300,"d":"80,300"}},{"$f":"INDEX('SSA - Historical'!$C$20:$HB$20,1,COLUMN(L7)*16+ROW(M7))","v":{"v":85000,"d":"85,000"}},{"$f":"SSA!$I$17","v":{"v":91800,"d":"91,800"}}]
["Advanced Apprenticeship","All","All",{"$f":"INDEX('SSA - Historical'!$C$20:$HB$20,1,COLUMN(H8)*16+ROW(I8))","v":{"v":187900,"d":"187,900"}},{"$f":"INDEX('SSA - Historical'!$C$20:$HB$20,1,COLUMN(I8)*16+ROW(J8))","v":{"v":207700,"d":"207,700"}},{"$f":"INDEX('SSA - Historical'!$C$20:$HB$20,1,COLUMN(J8)*16+ROW(K8))","v":{"v":144700,"d":"144,700"}},{"$f":"INDEX('SSA - Historical'!$C$20:$HB$20,1,COLUMN(K8)*16+ROW(L8))","v":{"v":181800,"d":"181,800"}},{"$f":"INDEX('SSA - Historical'!$C$20:$HB$20,1,COLUMN(L8)*16+ROW(M8))","v":{"v":190900,"d":"190,900"}},{"$f":"SSA!$J$17","v":{"v":195800,"d":"195,800"}}]
["Higher Apprenticeship","Under 19","All",{"$f":"INDEX('SSA - Historical'!$C$20:$HB$20,1,COLUMN(H9)*16+ROW(I9))","v":300},{"$f":"INDEX('SSA - Historical'!$C$20:$HB$20,1,COLUMN(I9)*16+ROW(J9))","v":600},{"$f":"INDEX('SSA - Historical'!$C$20:$HB$20,1,COLUMN(J9)*16+ROW(K9))","v":700},{"$f":"INDEX('SSA - Historical'!$C$20:$HB$20,1,COLUMN(K9)*16+ROW(L9))","v":{"v":1100,"d":"1,100"}},{"$f":"INDEX('SSA - Historical'!$C$20:$HB$20,1,COLUMN(L9)*16+ROW(M9))","v":{"v":1800,"d":"1,800"}},{"$f":"SSA!$K$17","v":{"v":2100,"d":"2,100"}}]
["Higher Apprenticeship","19-24","All",{"$f":"INDEX('SSA - Historical'!$C$20:$HB$20,1,COLUMN(H10)*16+ROW(I10))","v":{"v":1700,"d":"1,700"}},{"$f":"INDEX('SSA - Historical'!$C$20:$HB$20,1,COLUMN(I10)*16+ROW(J10))","v":{"v":2400,"d":"2,400"}},{"$f":"INDEX('SSA - Historical'!$C$20:$HB$20,1,COLUMN(J10)*16+ROW(K10))","v":{"v":2900,"d":"2,900"}},{"$f":"INDEX('SSA - Historical'!$C$20:$HB$20,1,COLUMN(K10)*16+ROW(L10))","v":{"v":4200,"d":"4,200"}},{"$f":"INDEX('SSA - Historical'!$C$20:$HB$20,1,COLUMN(L10)*16+ROW(M10))","v":{"v":5800,"d":"5,800"}},{"$f":"SSA!$L$17","v":{"v":7500,"d":"7,500"}}]
["Higher Apprenticeship","25+","All",{"$f":"INDEX('SSA - Historical'!$C$20:$HB$20,1,COLUMN(H11)*16+ROW(I11))","v":{"v":1700,"d":"1,700"}},{"$f":"INDEX('SSA - Historical'!$C$20:$HB$20,1,COLUMN(I11)*16+ROW(J11))","v":{"v":6800,"d":"6,800"}},{"$f":"INDEX('SSA - Historical'!$C$20:$HB$20,1,COLUMN(J11)*16+ROW(K11))","v":{"v":5600,"d":"5,600"}},{"$f":"INDEX('SSA - Historical'!$C$20:$HB$20,1,COLUMN(K11)*16+ROW(L11))","v":{"v":14400,"d":"14,400"}},{"$f":"INDEX('SSA - Historical'!$C$20:$HB$20,1,COLUMN(L11)*16+ROW(M11))","v":{"v":19600,"d":"19,600"}},{"$f":"SSA!$M$17","v":{"v":26600,"d":"26,600"}}]
["Higher Apprenticeship","All","All",{"$f":"INDEX('SSA - Historical'!$C$20:$HB$20,1,COLUMN(H12)*16+ROW(I12))","v":{"v":3700,"d":"3,700"}},{"$f":"INDEX('SSA - Historical'!$C$20:$HB$20,1,COLUMN(I12)*16+ROW(J12))","v":{"v":9800,"d":"9,800"}},{"$f":"INDEX('SSA - Historical'!$C$20:$HB$20,1,COLUMN(J12)*16+ROW(K12))","v":{"v":9200,"d":"9,200"}},{"$f":"INDEX('SSA - Historical'!$C$20:$HB$20,1,COLUMN(K12)*16+ROW(L12))","v":{"v":19800,"d":"19,800"}},{"$f":"INDEX('SSA - Historical'!$C$20:$HB$20,1,COLUMN(L12)*16+ROW(M12))","v":{"v":27200,"d":"27,200"}},{"$f":"SSA!$N$17","v":{"v":36100,"d":"36,100"}}]
["All Apprenticeships","Under 19","All",{"$f":"INDEX('SSA - Historical'!$C$20:$HB$20,1,COLUMN(H13)*16+ROW(I13))","v":{"v":129900,"d":"129,900"}},{"$f":"INDEX('SSA - Historical'!$C$20:$HB$20,1,COLUMN(I13)*16+ROW(J13))","v":{"v":114500,"d":"114,500"}},{"$f":"INDEX('SSA - Historical'!$C$20:$HB$20,1,COLUMN(J13)*16+ROW(K13))","v":{"v":119800,"d":"119,800"}},{"$f":"INDEX('SSA - Historical'!$C$20:$HB$20,1,COLUMN(K13)*16+ROW(L13))","v":{"v":125900,"d":"125,900"}},{"$f":"INDEX('SSA - Historical'!$C$20:$HB$20,1,COLUMN(L13)*16+ROW(M13))","v":{"v":131400,"d":"131,400"}},{"$f":"SSA!$O$17","v":{"v":121300,"d":"121,300"}}]
["All Apprenticeships","19-24","All",{"$f":"INDEX('SSA - Historical'!$C$20:$HB$20,1,COLUMN(H14)*16+ROW(I14))","v":{"v":161400,"d":"161,400"}},{"$f":"INDEX('SSA - Historical'!$C$20:$HB$20,1,COLUMN(I14)*16+ROW(J14))","v":{"v":165400,"d":"165,400"}},{"$f":"INDEX('SSA - Historical'!$C$20:$HB$20,1,COLUMN(J14)*16+ROW(K14))","v":{"v":159100,"d":"159,100"}},{"$f":"INDEX('SSA - Historical'!$C$20:$HB$20,1,COLUMN(K14)*16+ROW(L14))","v":{"v":160200,"d":"160,200"}},{"$f":"INDEX('SSA - Historical'!$C$20:$HB$20,1,COLUMN(L14)*16+ROW(M14))","v":{"v":153900,"d":"153,900"}},{"$f":"SSA!$P$17","v":{"v":141100,"d":"141,100"}}]
["All Apprenticeships","25+","All",{"$f":"INDEX('SSA - Historical'!$C$20:$HB$20,1,COLUMN(H15)*16+ROW(I15))","v":{"v":229300,"d":"229,300"}},{"$f":"INDEX('SSA - Historical'!$C$20:$HB$20,1,COLUMN(I15)*16+ROW(J15))","v":{"v":230300,"d":"230,300"}},{"$f":"INDEX('SSA - Historical'!$C$20:$HB$20,1,COLUMN(J15)*16+ROW(K15))","v":{"v":161600,"d":"161,600"}},{"$f":"INDEX('SSA - Historical'!$C$20:$HB$20,1,COLUMN(K15)*16+ROW(L15))","v":{"v":213900,"d":"213,900"}},{"$f":"INDEX('SSA - Historical'!$C$20:$HB$20,1,COLUMN(L15)*16+ROW(M15))","v":{"v":224100,"d":"224,100"}},{"$f":"SSA!$Q$17","v":{"v":229000,"d":"229,000"}}]
["All Apprenticeships","All","All",{"$f":"INDEX('SSA - Historical'!$C$20:$HB$20,1,COLUMN(H16)*16+ROW(I16))","v":{"v":520600,"d":"520,600"}},{"$f":"INDEX('SSA - Historical'!$C$20:$HB$20,1,COLUMN(I16)*16+ROW(J16))","v":{"v":510200,"d":"510,200"}},{"$f":"INDEX('SSA - Historical'!$C$20:$HB$20,1,COLUMN(J16)*16+ROW(K16))","v":{"v":440400,"d":"440,400"}},{"$f":"INDEX('SSA - Historical'!$C$20:$HB$20,1,COLUMN(K16)*16+ROW(L16))","v":{"v":499900,"d":"499,900"}},{"$f":"INDEX('SSA - Historical'!$C$20:$HB$20,1,COLUMN(L16)*16+ROW(M16))","v":{"v":509400,"d":"509,400"}},{"$f":"SSA!$R$17","v":{"v":491300,"d":"491,300"}}]

{"sheet":"Framework Dashboard","index":4,"n_rows":36,"n_cols":9,"rows_kept":36,"merged":[[0,0,0,1],[1,0,1,8],[2,12,2,13],[19,12,19,13],[21,12,21,13]]}
[null,null,"Framework - Business Administration"]
["Apprenticeship Programme Starts by Framework and Standard, Level and Age"]
["Level","Age Group","Framework /Standard","2011/12","20012/13","20013/14","2014/15","2015/16","2016/17\nFull Year (Provisional)"]
["Intermediate Apprenticeship","Under 19",{"$f":"$C$1","v":"Framework - Business Administration"},{"$f":"IFERROR(VLOOKUP($C$1,Frame_OCt_16_Data,COLUMN(I1)*12+3,FALSE),\"n/a\")","v":12520},{"$f":"IFERROR(VLOOKUP($C$1,Frame_OCt_16_Data,COLUMN(H1)*16-1,FALSE),\"n/a\")","v":13250},{"$f":"IFERROR(VLOOKUP($C$1,Frame_OCt_16_Data,COLUMN(I1)*16-1,FALSE),\"n/a\")","v":14130},{"$f":"IFERROR(VLOOKUP($C$1,Frame_OCt_16_Data,COLUMN(J1)*16-1,FALSE),\"n/a\")","v":14580},{"$f":"IFERROR(VLOOKUP($C$1,Frame_OCt_16_Data,COLUMN(K1)*16-1,FALSE),\"n/a\")","v":14480},{"$f":"_xlfn.IFNA(INDEX(Frame_Int_19,MATCH(C4,Frame,0),0),\"-\")","v":12380}]
["Intermediate Apprenticeship","19-24","Framework - Business Administration",{"$f":"IFERROR(VLOOKUP($C$1,Frame_OCt_16_Data,COLUMN(I2)*12+3+ROW(A1),FALSE),\"n/a\")","v":8700},{"$f":"IFERROR(VLOOKUP($C$1,Frame_OCt_16_Data,COLUMN(H2)*16-1+ROW(A1),FALSE),\"n/a\")","v":11120},{"$f":"IFERROR(VLOOKUP($C$1,Frame_OCt_16_Data,COLUMN(I2)*16-1+ROW(A1),FALSE),\"n/a\")","v":11590},{"$f":"IFERROR(VLOOKUP($C$1,Frame_OCt_16_Data,COLUMN(J2)*16-1+ROW(A1),FALSE),\"n/a\")","v":11080},{"$f":"IFERROR(VLOOKUP($C$1,Frame_OCt_16_Data,COLUMN(K2)*16-1+ROW(A1),FALSE),\"n/a\")","v":9940},{"$f":"_xlfn.IFNA(INDEX(Frame_Int_24,MATCH(C5,Frame,0),0),\"-\")","v":8160}]
["Intermediate Apprenticeship","25+","Framework - Business Administration",6650,5000,4500,5470,5860,{"$f":"_xlfn.IFNA(INDEX(Frame_Int_25,MATCH(C6,Frame,0),0),\"-\")","v":5070}]
["Intermediate Apprenticeship","All","Framework - Business Administration",{"$f":"IFERROR(VLOOKUP($C$1,Frame_OCt_16_Data,COLUMN(I4)*12+3+ROW(A3),FALSE),\"n/a\")","v":27870},29360,30210,31130,30280,{"$f":"_xlfn.IFNA(INDEX(Frame_Int_All,MATCH(C7,Frame,0),0),\"-\")","v":25610}]
["Advanced Apprenticeship","Under 19","Framework - Business Administration",2670,2930,3220,3660,4320,{"$f":"_xlfn.IFNA(INDEX(Frame_Adv_19,MATCH(C8,Frame,0),0),\"-\")","v":4440}]
["Advanced Apprenticeship","19-24","Framework - Business Administration",5310,6960,6750,6980,6760,{"$f":"_xlfn.IFNA(INDEX(Frame_Adv_24,MATCH(C9,Frame,0),0),\"-\")","v":6720}]
["Advanced Apprenticeship","25+","Framework - Business Administration",8520,9430,3480,5950,6420,{"$f":"_xlfn.IFNA(INDEX(Frame_Adv_25,MATCH(C10,Frame,0),0),\"-\")","v":6530}]
["Advanced Apprenticeship","All","Framework - Business Administration",16500,19320,13450,16600,17500,{"$f":"_xlfn.IFNA(INDEX(Frame_Adv_all,MATCH(C11,Frame,0),0),\"-\")","v":17680}]
["Higher Apprenticeship","Under 19","Framework - Business Administration",20,30,40,100,250,{"$f":"_xlfn.IFNA(INDEX(Frame_Hi_19,MATCH(C12,Frame,0),0),\"-\")","v":270}]
["Higher Apprenticeship","19-24","Framework - Business Administration",50,160,230,440,890,{"$f":"_xlfn.IFNA(INDEX(Frame_Hi_24,MATCH(C13,Frame,0),0),\"-\")","v":1090}]
["Higher Apprenticeship","25+","Framework - Business Administration",120,620,250,840,1240,{"$f":"_xlfn.IFNA(INDEX(Frame_Hi_25,MATCH(C14,Frame,0),0),\"-\")","v":1440}]
["Higher Apprenticeship","All","Framework - Business Administration",180,810,520,1380,2380,{"$f":"_xlfn.IFNA(INDEX(Frame_Hi_all,MATCH(C15,Frame,0),0),\"-\")","v":2800}]
["All Apprenticeships","Under 19","Framework - Business Administration",15210,16210,17390,18350,19050,{"$f":"_xlfn.IFNA(INDEX(Frame_all_19,MATCH(C16,Frame,0),0),\"-\")","v":17090}]
["All Apprenticeships","19-24","Framework - Business Administration",14060,18240,18570,18500,17600,{"$f":"_xlfn.IFNA(INDEX(Frame_all_24,MATCH(C17,Frame,0),0),\"-\")","v":15960}]
["All Apprenticeships","25+","Framework - Business Administration",15280,15040,8230,12260,13510,{"$f":"_xlfn.IFNA(INDEX(Frame_all_25,MATCH(C18,Frame,0),0),\"-\")","v":13040}]
["All Apprenticeships","All","Framework - Business Administration",44550,49490,44190,49110,50160,{"$f":"_xlfn.IFNA(INDEX(frame_all_all,MATCH(C19,Frame,0),0),\"-\")","v":46090}]
["Totals for all Frameworks / Standards"]
["Intermediate Apprenticeship","Under 19","All",{"$f":"INDEX('Framework - Historical'!$C$328:$GH$328,1,COLUMN(I1)*12+ROW(I1))","v":95400},{"$f":"INDEX('Framework - Historical'!$C$328:$GH$328,1,COLUMN(H1)*16-3)","v":80900},{"$f":"INDEX('Framework - Historical'!$C$328:$GH$328,1,COLUMN(I1)*16-3)","v":83400},{"$f":"INDEX('Framework - Historical'!$C$328:$GH$328,1,COLUMN(J1)*16-3)","v":85600},{"$f":"INDEX('Framework - Historical'!$C$328:$GH$328,1,COLUMN($K$1)*16-3)","v":86900},{"$f":"Framework!$C$299","v":77700}]
["Intermediate Apprenticeship","19-24","All",{"$f":"INDEX('Framework - Historical'!$C$328:$GH$328,1,COLUMN(I2)*12+ROW(I2))","v":101700},{"$f":"INDEX('Framework - Historical'!$C$328:$GH$328,1,COLUMN(H2)*16-3+ROW(A1))","v":99000},{"$f":"INDEX('Framework - Historical'!$C$328:$GH$328,1,COLUMN(I2)*16-3+ROW(A1))","v":97000},{"$f":"INDEX('Framework - Historical'!$C$328:$GH$328,1,COLUMN(J2)*16-3+ROW(A1))","v":93600},{"$f":"INDEX('Framework - Historical'!$C$328:$GH$328,1,COLUMN(K2)*16-3+ROW(C1))","v":84900},{"$f":"Framework!$D$299","v":71100}]
["Intermediate Apprenticeship","25+","All",{"$f":"INDEX('Framework - Historical'!$C$328:$GH$328,1,COLUMN(I3)*12+ROW(I3))","v":131900},{"$f":"INDEX('Framework - Historical'!$C$328:$GH$328,1,COLUMN(H3)*16-3+ROW(A2))","v":112900},{"$f":"INDEX('Framework - Historical'!$C$328:$GH$328,1,COLUMN(I3)*16-3+ROW(A2))","v":106100},{"$f":"INDEX('Framework - Historical'!$C$328:$GH$328,1,COLUMN(J3)*16-3+ROW(A2))","v":119100},{"$f":"INDEX('Framework - Historical'!$C$328:$GH$328,1,COLUMN(K3)*16-3+ROW(C2))","v":119500},{"$f":"Framework!$E$299","v":110600}]
["Intermediate Apprenticeship","All","All",{"$f":"INDEX('Framework - Historical'!$C$328:$GH$328,1,COLUMN(I4)*12+ROW(I4))","v":329000},{"$f":"INDEX('Framework - Historical'!$C$328:$GH$328,1,COLUMN(H4)*16-3+ROW(A3))","v":292800},{"$f":"INDEX('Framework - Historical'!$C$328:$GH$328,1,COLUMN(I4)*16-3+ROW(A3))","v":286500},{"$f":"INDEX('Framework - Historical'!$C$328:$GH$328,1,COLUMN(J4)*16-3+ROW(A3))","v":298300},{"$f":"INDEX('Framework - Historical'!$C$328:$GH$328,1,COLUMN(K4)*16-3+ROW(C3))","v":291300},{"$f":"Framework!$F$299","v":259400}]
["Advanced Apprenticeship","Under 19","All",{"$f":"INDEX('Framework - Historical'!$C$328:$GH$328,1,COLUMN(I5)*12+ROW(I5))","v":34100},{"$f":"INDEX('Framework - Historical'!$C$328:$GH$328,1,COLUMN(H5)*16-3+ROW(A4))","v":33100},{"$f":"INDEX('Framework - Historical'!$C$328:$GH$328,1,COLUMN(I5)*16-3+ROW(A4))","v":35600},{"$f":"INDEX('Framework - Historical'!$C$328:$GH$328,1,COLUMN(J5)*16-3+ROW(A4))","v":39100},{"$f":"INDEX('Framework - Historical'!$C$328:$GH$328,1,COLUMN(K5)*16-3+ROW(C4))","v":42700},{"$f":"Framework!$G$299","v":41500}]
["Advanced Apprenticeship","19-24","All",{"$f":"INDEX('Framework - Historical'!$C$328:$GH$328,1,COLUMN(I6)*12+ROW(I6))","v":58000},{"$f":"INDEX('Framework - Historical'!$C$328:$GH$328,1,COLUMN(H6)*16-3+ROW(A5))","v":63900},{"$f":"INDEX('Framework - Historical'!$C$328:$GH$328,1,COLUMN(I6)*16-3+ROW(A5))","v":59300},{"$f":"INDEX('Framework - Historical'!$C$328:$GH$328,1,COLUMN(J6)*16-3+ROW(A5))","v":62400},{"$f":"INDEX('Framework - Historical'!$C$328:$GH$328,1,COLUMN(K6)*16-3+ROW(C5))","v":63100},{"$f":"Framework!$H$299","v":62500}]
["Advanced Apprenticeship","25+","All",{"$f":"INDEX('Framework - Historical'!$C$328:$GH$328,1,COLUMN(I7)*12+ROW(I7))","v":95700},{"$f":"INDEX('Framework - Historical'!$C$328:$GH$328,1,COLUMN(H7)*16-3+ROW(A6))","v":110600},{"$f":"INDEX('Framework - Historical'!$C$328:$GH$328,1,COLUMN(I7)*16-3+ROW(A6))","v":49800},{"$f":"INDEX('Framework - Historical'!$C$328:$GH$328,1,COLUMN(J7)*16-3+ROW(A6))","v":80300},{"$f":"INDEX('Framework - Historical'!$C$328:$GH$328,1,COLUMN(K7)*16-3+ROW(C6))","v":85000},{"$f":"Framework!$I$299","v":91800}]
["Advanced Apprenticeship","All","All",{"$f":"INDEX('Framework - Historical'!$C$328:$GH$328,1,COLUMN(I8)*12+ROW(I8))","v":187900},{"$f":"INDEX('Framework - Historical'!$C$328:$GH$328,1,COLUMN(H8)*16-3+ROW(A7))","v":207700},{"$f":"INDEX('Framework - Historical'!$C$328:$GH$328,1,COLUMN(I8)*16-3+ROW(A7))","v":144700},{"$f":"INDEX('Framework - Historical'!$C$328:$GH$328,1,COLUMN(J8)*16-3+ROW(A7))","v":181800},{"$f":"INDEX('Framework - Historical'!$C$328:$GH$328,1,COLUMN(K8)*16-3+ROW(C7))","v":190900},{"$f":"Framework!$J$299","v":195800}]
["Higher Apprenticeship","Under 19","All",{"$f":"INDEX('Framework - Historical'!$C$328:$GH$328,1,COLUMN(I9)*12+ROW(I9))","v":300},{"$f":"INDEX('Framework - Historical'!$C$328:$GH$328,1,COLUMN(H9)*16-3+ROW(A8))","v":600},{"$f":"INDEX('Framework - Historical'!$C$328:$GH$328,1,COLUMN(I9)*16-3+ROW(A8))","v":700},{"$f":"INDEX('Framework - Historical'!$C$328:$GH$328,1,COLUMN(J9)*16-3+ROW(A8))","v":1100},{"$f":"INDEX('Framework - Historical'!$C$328:$GH$328,1,COLUMN(K9)*16-3+ROW(C8))","v":1800},{"$f":"Framework!$K$299","v":2100}]
["Higher Apprenticeship","19-24","All",{"$f":"INDEX('Framework - Historical'!$C$328:$GH$328,1,COLUMN(I10)*12+ROW(I10))","v":1700},{"$f":"INDEX('Framework - Historical'!$C$328:$GH$328,1,COLUMN(H10)*16-3+ROW(A9))","v":2400},{"$f":"INDEX('Framework - Historical'!$C$328:$GH$328,1,COLUMN(I10)*16-3+ROW(A9))","v":2900},{"$f":"INDEX('Framework - Historical'!$C$328:$GH$328,1,COLUMN(J10)*16-3+ROW(A9))","v":4200},{"$f":"INDEX('Framework - Historical'!$C$328:$GH$328,1,COLUMN(K10)*16-3+ROW(C9))","v":5800},{"$f":"Framework!$L$299","v":7500}]
["Higher Apprenticeship","25+","All",{"$f":"INDEX('Framework - Historical'!$C$328:$GH$328,1,COLUMN(I11)*12+ROW(I11))","v":1700},{"$f":"INDEX('Framework - Historical'!$C$328:$GH$328,1,COLUMN(H11)*16-3+ROW(A10))","v":6800},{"$f":"INDEX('Framework - Historical'!$C$328:$GH$328,1,COLUMN(I11)*16-3+ROW(A10))","v":5600},{"$f":"INDEX('Framework - Historical'!$C$328:$GH$328,1,COLUMN(J11)*16-3+ROW(A10))","v":14400},{"$f":"INDEX('Framework - Historical'!$C$328:$GH$328,1,COLUMN(K11)*16-3+ROW(C10))","v":19600},{"$f":"Framework!$M$299","v":26600}]
["Higher Apprenticeship","All","All",{"$f":"INDEX('Framework - Historical'!$C$328:$GH$328,1,COLUMN(I12)*12+ROW(I12))","v":3700},{"$f":"INDEX('Framework - Historical'!$C$328:$GH$328,1,COLUMN(H12)*16-3+ROW(A11))","v":9800},{"$f":"INDEX('Framework - Historical'!$C$328:$GH$328,1,COLUMN(I12)*16-3+ROW(A11))","v":9200},{"$f":"INDEX('Framework - Historical'!$C$328:$GH$328,1,COLUMN(J12)*16-3+ROW(A11))","v":19800},{"$f":"INDEX('Framework - Historical'!$C$328:$GH$328,1,COLUMN(K12)*16-3+ROW(C11))","v":27200},{"$f":"Framework!$N$299","v":36100}]
["All Apprenticeships","Under 19","All",{"$f":"INDEX('Framework - Historical'!$C$328:$GH$328,1,COLUMN(I13)*12+ROW(I13))","v":129900},{"$f":"INDEX('Framework - Historical'!$C$328:$GH$328,1,COLUMN(H13)*16-3+ROW(A12))","v":114500},{"$f":"INDEX('Framework - Historical'!$C$328:$GH$328,1,COLUMN(I13)*16-3+ROW(A12))","v":119800},{"$f":"INDEX('Framework - Historical'!$C$328:$GH$328,1,COLUMN(J13)*16-3+ROW(A12))","v":125900},{"$f":"INDEX('Framework - Historical'!$C$328:$GH$328,1,COLUMN(K13)*16-3+ROW(C12))","v":131400},{"$f":"Framework!$O$299","v":121300}]
["All Apprenticeships","19-24","All",{"$f":"INDEX('Framework - Historical'!$C$328:$GH$328,1,COLUMN(I14)*12+ROW(I14))","v":161400},{"$f":"INDEX('Framework - Historical'!$C$328:$GH$328,1,COLUMN(H14)*16-3+ROW(A13))","v":165400},{"$f":"INDEX('Framework - Historical'!$C$328:$GH$328,1,COLUMN(I14)*16-3+ROW(A13))","v":159100},{"$f":"INDEX('Framework - Historical'!$C$328:$GH$328,1,COLUMN(J14)*16-3+ROW(A13))","v":160200},{"$f":"INDEX('Framework - Historical'!$C$328:$GH$328,1,COLUMN(K14)*16-3+ROW(C13))","v":153900},{"$f":"Framework!$P$299","v":141100}]
["All Apprenticeships","25+","All",{"$f":"INDEX('Framework - Historical'!$C$328:$GH$328,1,COLUMN(I15)*12+ROW(I15))","v":229300},{"$f":"INDEX('Framework - Historical'!$C$328:$GH$328,1,COLUMN(H15)*16-3+ROW(A14))","v":230300},{"$f":"INDEX('Framework - Historical'!$C$328:$GH$328,1,COLUMN(I15)*16-3+ROW(A14))","v":161600},{"$f":"INDEX('Framework - Historical'!$C$328:$GH$328,1,COLUMN(J15)*16-3+ROW(A14))","v":213900},{"$f":"INDEX('Framework - Historical'!$C$328:$GH$328,1,COLUMN(K15)*16-3+ROW(C14))","v":224100},{"$f":"Framework!$Q$299","v":229000}]
["All Apprenticeships","All","All",{"$f":"INDEX('Framework - Historical'!$C$328:$GH$328,1,COLUMN(I16)*12+ROW(I16))","v":520600},{"$f":"INDEX('Framework - Historical'!$C$328:$GH$328,1,COLUMN(H16)*16-3+ROW(A15))","v":510200},{"$f":"INDEX('Framework - Historical'!$C$328:$GH$328,1,COLUMN(I16)*16-3+ROW(A15))","v":440400},{"$f":"INDEX('Framework - Historical'!$C$328:$GH$328,1,COLUMN(J16)*16-3+ROW(A15))","v":499900},{"$f":"INDEX('Framework - Historical'!$C$328:$GH$328,1,COLUMN(K16)*16-3+ROW(C15))","v":509400},{"$f":"Framework!$R$299","v":491300}]

{"sheet":"List","index":5,"n_rows":381,"n_cols":12,"rows_kept":381,"hidden":true}
["Historic Framework List",null,null,"Historic Standards lIst",null,null,"Aggregated Framework / Standard List - for removing duplicates","Lookup list",{"$nulls":3},"Operational Procedures"]
["Accountancy",null,null,"Able Seafarer (Deck)",null,null,"Accountancy",{"$f":"\"Framework - \"&G2","v":"Framework - Accountancy"},{"$nulls":3},"1. Copy separely the new SSRS Framework / standards list to the bottom of the list in columns A & D respectively where it says SSRS1617"]
["Active Leisure and Learning",null,null,"Actuarial Technician",null,null,"Active Leisure and Learning",{"$f":"\"Framework - \"&G3","v":"Framework - Active Leisure and Learning"},{"$nulls":3},"2. Highlight the whole of  column A 0r D and Select conditioning formating| Highlight cell rules | Duplicate Values."]
["Advanced Diagnostics and Management Principles",null,null,"Aerospace Engineer",null,null,"Advanced Diagnostics and Management Principles","Framework - Advanced Diagnostics and Management Principles",{"$nulls":3},"3. Highlight Column A - Framework. Copy all the entries into Column G. Select Data | Remove duplicates. "]
["Advertising and Marketing Communications",null,null,"Aerospace Manufacturing Fitter",null,null,"Advertising and Marketing Communications","Framework - Advertising and Marketing Communications",{"$nulls":3},"4. Check that any new Framework row entry is added to the bottom of the list. Then sort the items in alphabetical order. Copy down the associated formula from the row above in Column H. - Note No new Framework entries"]
["Advice and Guidance",null,null,"Aerospace Manufacturing Electrical, Mechanical and Systems Fitter",null,null,"Advice and Guidance","Framework - Advice and Guidance",{"$nulls":3},"5. For standards list in Column D carry out Opertations 3 & 4  below the last Framework entry. Drag down the fomula in Column H if there are any new row entries discovered by removing duplicates."]
["Advising on Financial Products",null,null,"Aerospace Software Development Engineer",null,null,"Advising on Financial Products","Framework - Advising on Financial Products",{"$nulls":3},"6. Update the Historic list of framework and Standard entries in Columns A & D with the relevant Framework / Standard entries in Column H."]
["Agriculture",null,null,"Aircraft Maintenance Fitter / Technician (fixed and rotary wing)",null,null,"Agriculture","Framework - Agriculture",{"$nulls":3},"7. Change SSRS 1617 to 1718"]
["Amenity Horticulture",null,null,"Assistant Accountant",null,null,"Amenity Horticulture","Framework - Amenity Horticulture"]
["Animal Care",null,null,"Associate Project Manager",null,null,"Animal Care","Framework - Animal Care",{"$nulls":3},"Note: It is good practice to keep Column A and Column D data highlighted so that you can easily see how to test for historic removed or new entries - i.e where there is no pink shading."]
["Animal Technology",null,null,"Boatbuilder",null,null,"Animal Technology","Framework - Animal Technology",{"$nulls":3},"Improvements - use VBA  to aggregate and create the lookup list or pull the list from sql."]
["Apparel",null,null,"Broadcast Production Assistant",null,null,"Apparel","Framework - Apparel"]
["Arboriculture",null,null,"Butcher",null,null,"Arboriculture","Framework - Arboriculture"]
["Arts and Entertainment, Cultural Heritage, Information and Library Services",null,null,"Chartered Manager Degree Apprenticeship",null,null,"Arts and Entertainment, Cultural Heritage, Information and Library Services","Framework - Arts and Entertainment, Cultural Heritage, Information and Library Services"]
["Automotive Clay Modelling",null,null,"Chartered Surveyor",null,null,"Automotive Clay Modelling","Framework - Automotive Clay Modelling"]
["Automotive Industry",null,null,"Commis Chef",null,null,"Automotive Industry","Framework - Automotive Industry"]
["Aviation Operations on the Ground",null,null,"Control/Technical Support Engineer",null,null,"Aviation Operations on the Ground","Framework - Aviation Operations on the Ground"]
["Bakery",null,null,"Conveyancing Technician",null,null,"Bakery","Framework - Bakery"]
["Barbering",null,null,"Credit Controller/Collector",null,null,"Barbering","Framework - Barbering"]
["Beauty Therapy",null,null,"Customer Service Practitioner",null,null,"Beauty Therapy","Framework - Beauty Therapy"]
["Bookkeeping",null,null,"Cyber Intrusion Analyst",null,null,"Bookkeeping","Framework - Bookkeeping"]
["Broadcast Production",null,null,"Cyber Security Technologist",null,null,"Broadcast Production","Framework - Broadcast Production"]
["Broadcast Technology",null,null,"Data Analyst",null,null,"Broadcast Technology","Framework - Broadcast Technology"]
["Broadcast, Film, Video and Interactive Media Industry",null,null,"Dental Nurse",null,null,"Broadcast, Film, Video and Interactive Media Industry","Framework - Broadcast, Film, Video and Interactive Media Industry"]
["Building Energy Management Systems",null,null,"Digital and Technology Solutions Professional",null,null,"Building Energy Management Systems","Framework - Building Energy Management Systems"]
["Building Products Occupations",null,null,"Digital Marketer",null,null,"Building Products Occupations","Framework - Building Products Occupations"]
["Building Services Engineering Technicians",null,null,"Dual Fuel Smart Meter Installer",null,null,"Building Services Engineering Technicians","Framework - Building Services Engineering Technicians"]
["Business Administration",null,null,"Electrical/Electronic Technical Support Engineer",null,null,"Business Administration","Framework - Business Administration"]
["Business Innovation and Growth",null,null,"Financial Services Administrator",null,null,"Business Innovation and Growth","Framework - Business Innovation and Growth"]
["Cabin Crew",null,null,"Financial Services Customer Adviser",null,null,"Cabin Crew","Framework - Cabin Crew"]
["Care Leadership and Management",null,null,"Food and Drink Advanced Process Operator",null,null,"Care Leadership and Management","Framework - Care Leadership and Management"]
["Carry and Deliver Goods",null,null,"Food and Drink Maintenance Engineer",null,null,"Carry and Deliver Goods","Framework - Carry and Deliver Goods"]
["Ceramics Manufacturing",null,null,"Furniture Manufacturer",null,null,"Ceramics Manufacturing","Framework - Ceramics Manufacturing"]
["Children's Care Learning and Development",null,null,"Gas Network Craftsperson",null,null,"Children's Care Learning and Development","Framework - Children's Care Learning and Development"]
["Cleaning and Support Service Industry",null,null,"Golf Greenkeeper",null,null,"Cleaning and Support Service Industry","Framework - Cleaning and Support Service Industry"]
["Coatings Development Plan",null,null,"Healthcare Assistant Practitioner",null,null,"Coatings Development Plan","Framework - Coatings Development Plan"]
["Coca Cola",null,null,"Hospitality Team Member",null,null,"Coca Cola","Framework - Coca Cola"]
["Commercial Moving",null,null,"Housing/Property Management",null,null,"Commercial Moving","Framework - Commercial Moving"]
["Communications Technologies (Telecoms)",null,null,"Housing/Property Management Assistant",null,null,"Communications Technologies (Telecoms)","Framework - Communications Technologies (Telecoms)"]
["Community Development",null,null,"Infrastructure Technician",null,null,"Community Development","Framework - Community Development"]
["Community Justice",null,null,"Installation Electrician/Maintenance Electrician",null,null,"Community Justice","Framework - Community Justice"]
["Community Safety",null,null,"Insurance Practitioner",null,null,"Community Safety","Framework - Community Safety"]
["Composite Engineering",null,null,"Insurance Professional",null,null,"Composite Engineering","Framework - Composite Engineering"]
["Construction Management",null,null,"Investment Operations Specialist",null,null,"Construction Management","Framework - Construction Management"]
["Construction Skills",null,null,"Investment Operations Technician",null,null,"Construction Skills","Framework - Construction Skills"]
["Contact Centres",null,null,"IT Technical Salesperson",null,null,"Contact Centres","Framework - Contact Centres"]
["Court, Tribunal and Prosecution Operations",null,null,"Junior Energy Manager",null,null,"Court, Tribunal and Prosecution Operations","Framework - Court, Tribunal and Prosecution Operations"]
["Creative",null,null,"Junior Journalist",null,null,"Creative","Framework - Creative"]
["Creative and Digital Media",null,null,"Junior Management Consultant",null,null,"Creative and Digital Media","Framework - Creative and Digital Media"]
["Creative Craft Practitioner",null,null,"Laboratory Scientist",null,null,"Creative Craft Practitioner","Framework - Creative Craft Practitioner"]
["Cultural Heritage",null,null,"Laboratory Technician",null,null,"Cultural Heritage","Framework - Cultural Heritage"]
["Custodial Care",null,null,"Large Goods Vehicle (LGV) Driver",null,null,"Custodial Care","Framework - Custodial Care"]
["Customer Service",null,null,"Licensed Conveyancer",null,null,"Customer Service","Framework - Customer Service"]
["Dental Nursing",null,null,"Machinist (Advanced Manufacturing Engineering)",null,null,"Dental Nursing","Framework - Dental Nursing"]
["Design",null,null,"Manufacturing Engineer",null,null,"Design","Framework - Design"]
["Digital Learning Design",null,null,"Mechatronics Maintenance Technician",null,null,"Digital Learning Design","Framework - Digital Learning Design"]
["Driving Goods Vehicles",null,null,"Mortgage Adviser",null,null,"Driving Goods Vehicles","Framework - Driving Goods Vehicles"]
["Electrical and Electronic Servicing",null,null,"Motor Vehicle Service and Maintenance Technician (light vehicle)",null,null,"Electrical and Electronic Servicing","Framework - Electrical and Electronic Servicing"]
["Electrotechnical",null,null,"Network Engineer",null,null,"Electrotechnical","Framework - Electrotechnical"]
["Emergency Fire Service Operations",null,null,"Nuclear Health Physics Monitor",null,null,"Emergency Fire Service Operations","Framework - Emergency Fire Service Operations"]
["Employment Related Services",null,null,"Nuclear Scientist and Nuclear Engineer",null,null,"Employment Related Services","Framework - Employment Related Services"]
["Energy Assessment and Advice",null,null,"Nuclear Welding Inspection Technician",null,null,"Energy Assessment and Advice","Framework - Energy Assessment and Advice"]
["Engineering",null,null,"Operations/Departmental Manager",null,null,"Engineering","Framework - Engineering"]
["Engineering Construction",null,null,"Paralegal",null,null,"Engineering Construction","Framework - Engineering Construction"]
["Engineering Environmental Technologies",null,null,"Paraplanner",null,null,"Engineering Environmental Technologies","Framework - Engineering Environmental Technologies"]
["Engineering Technology",null,null,"Power Network Craftsperson",null,null,"Engineering Technology","Framework - Engineering Technology"]
["Enterprise",null,null,"Product Design and Development Engineer",null,null,"Enterprise",{"$f":"\"Framework - \"&G67","v":"Framework - Enterprise"}]
["Environmental Conservation",null,null,"Product Design and Development Technician",null,null,"Environmental Conservation","Framework - Environmental Conservation"]
["Equine Industry",null,null,"Professional Accounting Taxation Technician",null,null,"Equine Industry","Framework - Equine Industry"]
["Events",null,null,"Property Maintenance Operative",null,null,"Events","Framework - Events"]
["Explosives Storage and Maintenance",null,null,"Public Sector Commercial Professional",null,null,"Explosives Storage and Maintenance","Framework - Explosives Storage and Maintenance"]
["Extractive and Mineral Processing Occupations",null,null,"Public Service Operational Delivery Officer",null,null,"Extractive and Mineral Processing Occupations","Framework - Extractive and Mineral Processing Occupations"]
["Facilities Management",null,null,"Rail Engineering Technician",null,null,"Facilities Management","Framework - Facilities Management"]
["Farriery",null,null,"Railway Engineering Design Technician",null,null,"Farriery","Framework - Farriery"]
["Fashion and Textiles",null,null,"Relationship Manager (Banking)",null,null,"Fashion and Textiles","Framework - Fashion and Textiles"]
["Fashion and Textiles:Technical",null,null,"Retailer",null,null,"Fashion and Textiles:Technical","Framework - Fashion and Textiles:Technical"]
["Fencing",null,null,"Science Industry Maintenance Technician",null,null,"Fencing","Framework - Fencing"]
["Fish Husbandry and Fish Management",null,null,"Science Manufacturing Technician",null,null,"Fish Husbandry and Fish Management","Framework - Fish Husbandry and Fish Management"]
["Fitted Interiors",null,null,"Senior Financial Services Customer Adviser",null,null,"Fitted Interiors","Framework - Fitted Interiors"]
["Floristry",null,null,"Senior Housing/Property Management",null,null,"Floristry","Framework - Floristry"]
["Food and Drink Manufacturing Operations",null,null,"Software Developer",null,null,"Food and Drink Manufacturing Operations","Framework - Food and Drink Manufacturing Operations"]
["Food Manufacture",null,null,"Software Tester",null,null,"Food Manufacture","Framework - Food Manufacture"]
["Football Sporting Excellence",null,null,"Supply Chain Warehouse Operative",null,null,"Football Sporting Excellence","Framework - Football Sporting Excellence"]
["Footwear and Leather",null,null,"Surveying Technician",null,null,"Footwear and Leather","Framework - Footwear and Leather"]
["Fundraising",null,null,"Systems Engineering Masters Level",null,null,"Fundraising","Framework - Fundraising"]
["Funeral Operations and Services",null,null,"Team Leader/Supervisor",null,null,"Funeral Operations and Services","Framework - Funeral Operations and Services"]
["Furniture Furnishings and Interiors Industry",null,null,"Transport Planning Technician",null,null,"Furniture Furnishings and Interiors Industry","Framework - Furniture Furnishings and Interiors Industry"]
["Game and Wildlife Management",null,null,"Travel Consultant",null,null,"Game and Wildlife Management","Framework - Game and Wildlife Management"]
["Gas Industry",null,null,"Utilities Engineering Technician",null,null,"Gas Industry","Framework - Gas Industry"]
["Gas Network Operations",null,null,"Water Process Technician",null,null,"Gas Network Operations","Framework - Gas Network Operations"]
["Glass Industry Occupations",null,null,"Workplace Pensions (Administrator or Consultant)",null,null,"Glass Industry Occupations","Framework - Glass Industry Occupations"]
["Hairdressing",null,null,"SSRS 1617 July - Standard List",null,null,"Hairdressing","Framework - Hairdressing"]
["Health Assistant Practitioner",null,null,"Able Seafarer (Deck)",null,null,"Health Assistant Practitioner","Framework - Health Assistant Practitioner"]
["Health Informatics",null,null,"Actuarial Technician",null,null,"Health Informatics","Framework - Health Informatics"]
["Health and Social Care",null,null,"Adult Care Worker",null,null,"Health and Social Care","Framework - Health and Social Care"]
["Heating, Ventilation, Air Conditioning and Refrigeration",null,null,"Advanced Butcher",null,null,"Heating, Ventilation, Air Conditioning and Refrigeration","Framework - Heating, Ventilation, Air Conditioning and Refrigeration"]
["Highways Maintenance",null,null,"Advanced Credit Controller / Debt Collection Specialist",null,null,"Highways Maintenance","Framework - Highways Maintenance"]
["Horticulture",null,null,"Advanced Dairy Technologist",null,null,"Horticulture","Framework - Horticulture"]
["Hospitality and Catering",null,null,"Aerospace Engineer",null,null,"Hospitality and Catering","Framework - Hospitality and Catering"]
["Hospitality Management",null,null,"Aerospace Manufacturing Electrical, Mechanical and Systems Fitter",null,null,"Hospitality Management","Framework - Hospitality Management"]
["Housing",null,null,"Aerospace Manufacturing Fitter",null,null,"Housing","Framework - Housing"]
["Human Resource Management",null,null,"Aerospace Software Development Engineer",null,null,"Human Resource Management","Framework - Human Resource Management"]
["Industrial Applications",null,null,"Assistant Accountant",null,null,"Industrial Applications","Framework - Industrial Applications"]
["Industrial Building Systems",null,null,"Assistant Technical Director (visual effects)",null,null,"Industrial Building Systems","Framework - Industrial Building Systems"]
["Information and Library Services",null,null,"Associate Ambulance Practitioner",null,null,"Information and Library Services","Framework - Information and Library Services"]
["Information Security",null,null,"Associate Project Manager",null,null,"Information Security","Framework - Information Security"]
["Installing Cabling Systems",null,null,"Boatbuilder",null,null,"Installing Cabling Systems","Framework - Installing Cabling Systems"]
["Insurance",null,null,"Broadcast Production Assistant",null,null,"Insurance","Framework - Insurance"]
["Intelligence Analysis",null,null,"Bus and Coach Engineering Technician",null,null,"Intelligence Analysis","Framework - Intelligence Analysis"]
["Intelligence Operations",null,null,"Butcher",null,null,"Intelligence Operations","Framework - Intelligence Operations"]
["International Trade and Logistics Operations",null,null,"Chartered Legal Executive",null,null,"International Trade and Logistics Operations","Framework - International Trade and Logistics Operations"]
["International Trade and Services",null,null,"Chartered Manager Degree Apprenticeship",null,null,"International Trade and Services","Framework - International Trade and Services"]
["IT and Telecoms Professionals",null,null,"Chartered Surveyor",null,null,"IT and Telecoms Professionals","Framework - IT and Telecoms Professionals"]
["IT Services and Development",null,null,"Chef De Partie",null,null,"IT Services and Development","Framework - IT Services and Development"]
["IT User",null,null,"Commis Chef",null,null,"IT User","Framework - IT User"]
["Jewellery, Silversmithing and Allied Trades",null,null,"Control /Technical Support Engineer",null,null,"Jewellery, Silversmithing and Allied Trades","Framework - Jewellery, Silversmithing and Allied Trades"]
["Journalism",null,null,"Conveyancing Technician",null,null,"Journalism","Framework - Journalism"]
["Laboratory Technicians",null,null,"Credit Controller/Collector",null,null,"Laboratory Technicians","Framework - Laboratory Technicians"]
["Land-based Service Engineering",null,null,"Customer Service Practitioner",null,null,"Land-based Service Engineering","Framework - Land-based Service Engineering"]
["Learning and Development (Direct Training and Support)",null,null,"Cyber Intrusion Analyst",null,null,"Learning and Development (Direct Training and Support)","Framework - Learning and Development (Direct Training and Support)"]
["Learning Support",null,null,"Cyber Security Technologist",null,null,"Learning Support","Framework - Learning Support"]
["Legal Advice",null,null,"Data Analyst",null,null,"Legal Advice","Framework - Legal Advice"]
["Legal Services",null,null,"Dental Nurse",null,null,"Legal Services","Framework - Legal Services"]
["Licensed Hospitality",null,null,"Dental Practice Manager",null,null,"Licensed Hospitality","Framework - Licensed Hospitality"]
["Life Science and Chemical Science Professionals",null,null,"Digital and Technology Solutions Professional",null,null,"Life Science and Chemical Science Professionals","Framework - Life Science and Chemical Science Professionals"]
["Local Taxation and Benefits",null,null,"Digital Marketer",null,null,"Local Taxation and Benefits","Framework - Local Taxation and Benefits"]
["Locksmithing",null,null,"Dual Fuel Smart Meter Installer",null,null,"Locksmithing","Framework - Locksmithing"]
["Logistics Operations Management",null,null,"Electrical /Electronic Technical Support Engineer",null,null,"Logistics Operations Management","Framework - Logistics Operations Management"]
["Mail Services",null,null,"Engineering Design and Draughtsperson",null,null,"Mail Services","Framework - Mail Services"]
["Management",null,null,"Engineering Technician",null,null,"Management","Framework - Management"]
["Man-Made Fibres",null,null,"Event Assistant",null,null,"Man-Made Fibres",{"$f":"\"Framework - \"&G131","v":"Framework - Man-Made Fibres"}]
["Marine Industry",null,null,"Facilities Management Supervisor",null,null,"Marine Industry","Framework - Marine Industry"]
["Marketing and Communications",null,null,"Financial Adviser",null,null,"Marketing and Communications","Framework - Marketing and Communications"]
["Meat and Poultry Processing",null,null,"Financial Services Administrator",null,null,"Meat and Poultry Processing","Framework - Meat and Poultry Processing"]
["MES Plumbing",null,null,"Financial Services Customer Adviser",null,null,"MES Plumbing","Framework - MES Plumbing"]
["Metal Processing and Allied Operations",null,null,"Fire Emergency and Security Systems Technician",null,null,"Metal Processing and Allied Operations","Framework - Metal Processing and Allied Operations"]
["Metals Processing",null,null,"Food and Drink Advanced Process Operator",null,null,"Metals Processing","Framework - Metals Processing"]
["Mineral Products Technology",null,null,"Food and Drink Maintenance Engineer",null,null,"Mineral Products Technology","Framework - Mineral Products Technology"]
["Multi-skilled Vehicle Collision Repair",null,null,"Food and Drink Process Operator",null,null,"Multi-skilled Vehicle Collision Repair","Framework - Multi-skilled Vehicle Collision Repair"]
["Music Practitioner",null,null,"Furniture Manufacturer",null,null,"Music Practitioner","Framework - Music Practitioner"]
["Nail Services",null,null,"Gas Engineering",null,null,"Nail Services","Framework - Nail Services"]
["Newspaper Industry",null,null,"Gas Network Craftsperson",null,null,"Newspaper Industry","Framework - Newspaper Industry"]
["Nursing Assistants in a Veterinary Environment",null,null,"Gas Network Team Leader",null,null,"Nursing Assistants in a Veterinary Environment","Framework - Nursing Assistants in a Veterinary Environment"]
["Occupational Health and Safety Practice",null,null,"Golf Greenkeeper",null,null,"Occupational Health and Safety Practice","Framework - Occupational Health and Safety Practice"]
["Oil and Gas Extraction",null,null,"Hair Professional",null,null,"Oil and Gas Extraction","Framework - Oil and Gas Extraction"]
["Operating Department Practice",null,null,"Healthcare Assistant Practitioner",null,null,"Operating Department Practice","Framework - Operating Department Practice"]
["Operations and Quality Improvement",null,null,"Healthcare Science Assistant",null,null,"Operations and Quality Improvement","Framework - Operations and Quality Improvement"]
["Optical",null,null,"Healthcare Support Worker",null,null,"Optical","Framework - Optical"]
["Optical Advisor",null,null,"Heavy Vehicle Service and Maintenance Technician",null,null,"Optical Advisor","Framework - Optical Advisor"]
["Paper Manufacture",null,null,"Horticulture and Landscape Operative",null,null,"Paper Manufacture","Framework - Paper Manufacture"]
["Payroll",null,null,"Hospitality Supervisor",null,null,"Payroll","Framework - Payroll"]
["Personnel",null,null,"Hospitality Team Member",null,null,"Personnel","Framework - Personnel"]
["Pharmacy Technicians",null,null,"Housing/Property Management",null,null,"Pharmacy Technicians","Framework - Pharmacy Technicians"]
["Photo Imaging",null,null,"Housing/Property Management Assistant",null,null,"Photo Imaging","Framework - Photo Imaging"]
["Photo Imaging for Staff Photographers",null,null,"Infrastructure Technician",null,null,"Photo Imaging for Staff Photographers","Framework - Photo Imaging for Staff Photographers"]
["Physiological Measurement Technicians (AMA only)",null,null,"Installation Electrician/Maintenance Electrician",null,null,"Physiological Measurement Technicians (AMA only)","Framework - Physiological Measurement Technicians (AMA only)"]
["Policing",null,null,"Insurance Practitioner",null,null,"Policing","Framework - Policing"]
["Polymer Processing and Signmaking",null,null,"Insurance Professional",null,null,"Polymer Processing and Signmaking","Framework - Polymer Processing and Signmaking"]
["Ports Industry",null,null,"Investment Operations Administrator",null,null,"Ports Industry","Framework - Ports Industry"]
["Power Industry",null,null,"Investment Operations Specialist",null,null,"Power Industry","Framework - Power Industry"]
["Print and Printed Packaging",null,null,"Investment Operations Technician",null,null,"Print and Printed Packaging","Framework - Print and Printed Packaging"]
["Process Technology",null,null,"IS Business Analyst",null,null,"Process Technology","Framework - Process Technology"]
["Procurement",null,null,"IT Technical Salesperson",null,null,"Procurement","Framework - Procurement"]
["Production Horticulture",null,null,"Junior 2D Artist (visual effects)",null,null,"Production Horticulture","Framework - Production Horticulture"]
["Professional Services",null,null,"Junior Content Producer",null,null,"Professional Services","Framework - Professional Services"]
["Project Management",null,null,"Junior Energy Manager",null,null,"Project Management","Framework - Project Management"]
["Property Services",null,null,"Junior Journalist",null,null,"Property Services","Framework - Property Services"]
["Providing Financial Advice",null,null,"Junior Management Consultant",null,null,"Providing Financial Advice","Framework - Providing Financial Advice"]
["Providing Financial Services",null,null,"Laboratory Scientist",null,null,"Providing Financial Services","Framework - Providing Financial Services"]
["Providing Financial Services (Banks and Building Societies)",null,null,"Laboratory Technician",null,null,"Providing Financial Services (Banks and Building Societies)","Framework - Providing Financial Services (Banks and Building Societies)"]
["Providing Mortgage Advice",null,null,"Land-Based Service Engineering Technician",null,null,"Providing Mortgage Advice","Framework - Providing Mortgage Advice"]
["Providing Security Services",null,null,"Large Goods Vehicle (LGV) Driver",null,null,"Providing Security Services","Framework - Providing Security Services"]
["Public Relations",null,null,"Lead Adult Care Worker",null,null,"Public Relations","Framework - Public Relations"]
["Public Services",null,null,"Licensed Conveyancer",null,null,"Public Services","Framework - Public Services"]
["Purchasing and Supply Management",null,null,"Live Event Rigger",null,null,"Purchasing and Supply Management","Framework - Purchasing and Supply Management"]
["QA Games Testing",null,null,"Machinist (Advanced Manufacturing Engineering)",null,null,"QA Games Testing","Framework - QA Games Testing"]
["Rail Engineering Overhead Line Construction",null,null,"Maintenance and Operations Engineering Technician",null,null,"Rail Engineering Overhead Line Construction","Framework - Rail Engineering Overhead Line Construction"]
["Rail Infrastructure Engineering",null,null,"Manufacturing Engineer",null,null,"Rail Infrastructure Engineering","Framework - Rail Infrastructure Engineering"]
["Rail Services",null,null,"Mechatronics Maintenance Technician",null,null,"Rail Services","Framework - Rail Services"]
["Rail Traction and Rolling Stock Engineering",null,null,"Mortgage Adviser",null,null,"Rail Traction and Rolling Stock Engineering","Framework - Rail Traction and Rolling Stock Engineering"]
["Rail Transport Engineering",null,null,"Motor Vehicle Service and Maintenance Technician (light vehicle)",null,null,"Rail Transport Engineering","Framework - Rail Transport Engineering"]
["Recruitment",null,null,"Network Engineer",null,null,"Recruitment","Framework - Recruitment"]
["Retail",null,null,"Non-destructive Testing (NDT) Operator",null,null,"Retail","Framework - Retail"]
["Retail Management",null,null,"Non-destructive Testing Engineering Technician",null,null,"Retail Management","Framework - Retail Management"]
["Road Passenger Transport - Bus and Coach",null,null,"Nuclear Health Physics Monitor",null,null,"Road Passenger Transport - Bus and Coach","Framework - Road Passenger Transport - Bus and Coach"]
["Roadside Assistance and Recovery",null,null,"Nuclear Scientist and Nuclear Engineer",null,null,"Roadside Assistance and Recovery","Framework - Roadside Assistance and Recovery"]
["Saddlery",null,null,"Nuclear Welding Inspection Technician",null,null,"Saddlery","Framework - Saddlery"]
["Sales and Telesales",null,null,"Operations/Departmental Manager",null,null,"Sales and Telesales","Framework - Sales and Telesales"]
["Sea Fishing",null,null,"Paralegal",null,null,"Sea Fishing","Framework - Sea Fishing"]
["Security Industry",null,null,"Paraplanner",null,null,"Security Industry","Framework - Security Industry"]
["Security Systems",null,null,"Power Network Craftsperson",null,null,"Security Systems","Framework - Security Systems"]
["Set Crafts",null,null,"Product Design and Development Engineer",null,null,"Set Crafts","Framework - Set Crafts"]
["Signmaking",null,null,"Product Design and Development Technician",null,null,"Signmaking","Framework - Signmaking"]
["Smart Meter Installations (Dual Fuel)",null,null,"Professional Accounting Taxation Technician",null,null,"Smart Meter Installations (Dual Fuel)","Framework - Smart Meter Installations (Dual Fuel)"]
["Social Media and Digital Marketing",null,null,"Property Maintenance Operative",null,null,"Social Media and Digital Marketing",{"$f":"\"Framework - \"&G195","v":"Framework - Social Media and Digital Marketing"}]
["Sound Recording, Engineering and Studio Facilities",null,null,"Public Sector Commercial Professional",null,null,"Sound Recording, Engineering and Studio Facilities","Framework - Sound Recording, Engineering and Studio Facilities"]
["Spa Therapy",null,null,"Public Service Operational Delivery Officer",null,null,"Spa Therapy","Framework - Spa Therapy"]
["Specialized Process Operations (Nuclear)",null,null,"Rail Engineering Operative",null,null,"Specialized Process Operations (Nuclear)","Framework - Specialized Process Operations (Nuclear)"]
["Sporting Excellence",null,null,"Rail Engineering Technician",null,null,"Sporting Excellence","Framework - Sporting Excellence"]
["Supply Chain Management",null,null,"Railway Engineering Design Technician",null,null,"Supply Chain Management","Framework - Supply Chain Management"]
["Support Services in Healthcare",null,null,"Refrigeration Air Conditioning and Heat Pump Engineering Technician",null,null,"Support Services in Healthcare","Framework - Support Services in Healthcare"]
["Supporting Teaching and Learning in Physical Education and School Sport",null,null,"Relationship Manager (Banking)",null,null,"Supporting Teaching and Learning in Physical Education and School Sport","Framework - Supporting Teaching and Learning in Physical Education and School Sport"]
["Supporting Teaching and Learning in Schools",null,null,"Retail Manager",null,null,"Supporting Teaching and Learning in Schools","Framework - Supporting Teaching and Learning in Schools"]
["Surveying",null,null,"Retail Team Leader",null,null,"Surveying","Framework - Surveying"]
["Sustainable Resource Management",null,null,"Retailer",null,null,"Sustainable Resource Management","Framework - Sustainable Resource Management"]
["Textiles",null,null,"Science Industry Maintenance Technician",null,null,"Textiles","Framework - Textiles"]
["Trade Business Services",null,null,"Science Manufacturing Technician",null,null,"Trade Business Services","Framework - Trade Business Services"]
["Traffic Office",null,null,"Senior Chef Production Cooking",null,null,"Traffic Office","Framework - Traffic Office"]
["Transport Engineering and Maintenance",null,null,"Senior Financial Services Customer Adviser",null,null,"Transport Engineering and Maintenance","Framework - Transport Engineering and Maintenance"]
["Travel Services",null,null,"Senior Healthcare Support Worker",null,null,"Travel Services","Framework - Travel Services"]
["Trees and Timber",null,null,"Senior Housing/Property Management",null,null,"Trees and Timber","Framework - Trees and Timber"]
["TV Production",null,null,"Software Developer",null,null,"TV Production","Framework - TV Production"]
["Vehicle Body and Paint Operations",null,null,"Software Development Technician",null,null,"Vehicle Body and Paint Operations","Framework - Vehicle Body and Paint Operations"]
["Vehicle Fitting",null,null,"Software Tester",null,null,"Vehicle Fitting","Framework - Vehicle Fitting"]
["Vehicle Maintenance and Repair",null,null,"Solicitor",null,null,"Vehicle Maintenance and Repair","Framework - Vehicle Maintenance and Repair"]
["Vehicle Parts Operations",null,null,"Spectacle Maker",null,null,"Vehicle Parts Operations","Framework - Vehicle Parts Operations"]
["Vehicle Restoration",null,null,"Sports Turf Operative",null,null,"Vehicle Restoration","Framework - Vehicle Restoration"]
["Vehicle Sales",null,null,"Supply Chain Operator",null,null,"Vehicle Sales","Framework - Vehicle Sales"]
["Veterinary Nursing",null,null,"Supply Chain Warehouse Operative",null,null,"Veterinary Nursing","Framework - Veterinary Nursing"]
["Volunteer Management",null,null,"Surveying Technician",null,null,"Volunteer Management","Framework - Volunteer Management"]
["Warehousing and Storage",null,null,"Systems Engineering Masters Level",null,null,"Warehousing and Storage","Framework - Warehousing and Storage"]
["Water Industry",null,null,"Team Leader/Supervisor",null,null,"Water Industry","Framework - Water Industry"]
["Wholesale, Distribution, Warehousing and Storage",null,null,"Transport Planning Technician",null,null,"Wholesale, Distribution, Warehousing and Storage","Framework - Wholesale, Distribution, Warehousing and Storage"]
["Wood and Timber Processing and Merchants Industry",null,null,"Travel Consultant",null,null,"Wood and Timber Processing and Merchants Industry","Framework - Wood and Timber Processing and Merchants Industry"]
["Youth Work",null,null,"Unified Communications Technician",null,null,"Youth Work","Framework - Youth Work"]
["Other",null,null,"Utilities Engineering Technician",null,null,"Other","Framework - Other"]
["Non-SASE Compliant",null,null,"Water Process Technician",null,null,"Non-SASE Compliant","Framework - Non-SASE Compliant"]
["SSRS 1617 - July - Framework List",null,null,"Welding",null,null,"Able Seafarer (Deck)",{"$f":"\"Standard - \"&G228","v":"Standard - Able Seafarer (Deck)"},null,null,"Standards start Here"]
["Accountancy",null,null,"Workplace Pensions (Administrator or Consultant)",null,null,"Actuarial Technician",{"$f":"\"Standard - \"&G229","v":"Standard - Actuarial Technician"}]
["Active Leisure and Learning",{"$nulls":5},"Adult Care Worker","Standard - Adult Care Worker"]
["Advanced Diagnostics and Management Principles",{"$nulls":5},"Advanced Butcher","Standard - Advanced Butcher"]
["Advertising and Marketing Communications",{"$nulls":5},"Advanced Credit Controller / Debt Collection Specialist","Standard - Advanced Credit Controller / Debt Collection Specialist"]
["Agriculture",{"$nulls":5},"Advanced Dairy Technologist","Standard - Advanced Dairy Technologist"]
["Animal Care",{"$nulls":5},"Aerospace Engineer","Standard - Aerospace Engineer"]
["Animal Technology",{"$nulls":5},"Aerospace Manufacturing Electrical, Mechanical and Systems Fitter","Standard - Aerospace Manufacturing Electrical, Mechanical and Systems Fitter"]
["Automotive Clay Modelling",{"$nulls":5},"Aerospace Manufacturing Fitter","Standard - Aerospace Manufacturing Fitter"]
["Aviation Operations on the Ground",{"$nulls":5},"Aerospace Software Development Engineer","Standard - Aerospace Software Development Engineer"]
["Barbering",{"$nulls":5},"Assistant Accountant","Standard - Assistant Accountant"]
["Beauty Therapy",{"$nulls":5},"Assistant Technical Director (visual effects)","Standard - Assistant Technical Director (visual effects)"]
["Bookkeeping",{"$nulls":5},"Associate Ambulance Practitioner","Standard - Associate Ambulance Practitioner"]
["Building Energy Management Systems",{"$nulls":5},"Associate Project Manager","Standard - Associate Project Manager"]
["Building Services Engineering Technicians",{"$nulls":5},"Boatbuilder","Standard - Boatbuilder"]
["Business Administration",{"$nulls":5},"Broadcast Production Assistant","Standard - Broadcast Production Assistant"]
["Business Innovation and Growth",{"$nulls":5},"Bus and Coach Engineering Technician","Standard - Bus and Coach Engineering Technician"]
["Care Leadership and Management",{"$nulls":5},"Butcher","Standard - Butcher"]
["Children's Care Learning and Development",{"$nulls":5},"Chartered Legal Executive","Standard - Chartered Legal Executive"]
["Cleaning and Support Service Industry",{"$nulls":5},"Chartered Manager Degree Apprenticeship","Standard - Chartered Manager Degree Apprenticeship"]
["Community Safety",{"$nulls":5},"Chartered Surveyor","Standard - Chartered Surveyor"]
["Composite Engineering",{"$nulls":5},"Chef De Partie","Standard - Chef De Partie"]
["Construction Management",{"$nulls":5},"Commis Chef","Standard - Commis Chef"]
["Construction Skills",{"$nulls":5},"Control /Technical Support Engineer","Standard - Control /Technical Support Engineer"]
["Contact Centres",{"$nulls":5},"Conveyancing Technician","Standard - Conveyancing Technician"]
["Court, Tribunal and Prosecution Operations",{"$nulls":5},"Credit Controller/Collector","Standard - Credit Controller/Collector"]
["Creative",{"$nulls":5},"Customer Service Practitioner","Standard - Customer Service Practitioner"]
["Creative and Digital Media",{"$nulls":5},"Cyber Intrusion Analyst","Standard - Cyber Intrusion Analyst"]
["Creative Craft Practitioner",{"$nulls":5},"Cyber Security Technologist","Standard - Cyber Security Technologist"]
["Custodial Care",{"$nulls":5},"Data Analyst","Standard - Data Analyst"]
["Customer Service",{"$nulls":5},"Dental Nurse","Standard - Dental Nurse"]
["Dental Nursing",{"$nulls":5},"Dental Practice Manager","Standard - Dental Practice Manager"]
["Design",{"$nulls":5},"Digital and Technology Solutions Professional","Standard - Digital and Technology Solutions Professional"]
["Digital Learning Design",{"$nulls":5},"Digital Marketer","Standard - Digital Marketer"]
["Driving Goods Vehicles",{"$nulls":5},"Dual Fuel Smart Meter Installer","Standard - Dual Fuel Smart Meter Installer"]
["Electrical and Electronic Servicing",{"$nulls":5},"Electrical /Electronic Technical Support Engineer","Standard - Electrical /Electronic Technical Support Engineer"]
["Electrotechnical",{"$nulls":5},"Engineering Design and Draughtsperson","Standard - Engineering Design and Draughtsperson"]
["Emergency Fire Service Operations",{"$nulls":5},"Engineering Technician","Standard - Engineering Technician"]
["Employment Related Services",{"$nulls":5},"Event Assistant","Standard - Event Assistant"]
["Engineering",{"$nulls":5},"Facilities Management Supervisor","Standard - Facilities Management Supervisor"]
["Engineering Construction",{"$nulls":5},"Financial Adviser","Standard - Financial Adviser"]
["Engineering Environmental Technologies",{"$nulls":5},"Financial Services Administrator","Standard - Financial Services Administrator"]
["Engineering Technology",{"$nulls":5},"Financial Services Customer Adviser","Standard - Financial Services Customer Adviser"]
["Enterprise",{"$nulls":5},"Fire Emergency and Security Systems Technician","Standard - Fire Emergency and Security Systems Technician"]
["Environmental Conservation",{"$nulls":5},"Food and Drink Advanced Process Operator","Standard - Food and Drink Advanced Process Operator"]
["Equine Industry",{"$nulls":5},"Food and Drink Maintenance Engineer","Standard - Food and Drink Maintenance Engineer"]
["Explosives Storage and Maintenance",{"$nulls":5},"Food and Drink Process Operator","Standard - Food and Drink Process Operator"]
["Facilities Management",{"$nulls":5},"Furniture Manufacturer","Standard - Furniture Manufacturer"]
["Farriery",{"$nulls":5},"Gas Engineering","Standard - Gas Engineering"]
["Fashion and Textiles",{"$nulls":5},"Gas Network Craftsperson","Standard - Gas Network Craftsperson"]
["Fashion and Textiles:Technical",{"$nulls":5},"Gas Network Team Leader","Standard - Gas Network Team Leader"]
["Fencing",{"$nulls":5},"Golf Greenkeeper","Standard - Golf Greenkeeper"]
["Floristry",{"$nulls":5},"Hair Professional","Standard - Hair Professional"]
["Food Manufacture",{"$nulls":5},"Healthcare Assistant Practitioner","Standard - Healthcare Assistant Practitioner"]
["Funeral Operations and Services",{"$nulls":5},"Healthcare Science Assistant","Standard - Healthcare Science Assistant"]
["Furniture Furnishings and Interiors Industry",{"$nulls":5},"Healthcare Support Worker","Standard - Healthcare Support Worker"]
["Game and Wildlife Management",{"$nulls":5},"Heavy Vehicle Service and Maintenance Technician","Standard - Heavy Vehicle Service and Maintenance Technician"]
["Gas Industry",{"$nulls":5},"Horticulture and Landscape Operative","Standard - Horticulture and Landscape Operative"]
["Glass Industry Occupations",{"$nulls":5},"Hospitality Supervisor","Standard - Hospitality Supervisor"]
["Hairdressing",{"$nulls":5},"Hospitality Team Member","Standard - Hospitality Team Member"]
["Health and Social Care",{"$nulls":5},"Housing/Property Management","Standard - Housing/Property Management"]
["Health Assistant Practitioner",{"$nulls":5},"Housing/Property Management Assistant","Standard - Housing/Property Management Assistant"]
["Health Informatics",{"$nulls":5},"Infrastructure Technician","Standard - Infrastructure Technician"]
["Heating, Ventilation, Air Conditioning and Refrigeration",{"$nulls":5},"Installation Electrician/Maintenance Electrician","Standard - Installation Electrician/Maintenance Electrician"]
["Horticulture",{"$nulls":5},"Insurance Practitioner","Standard - Insurance Practitioner"]
["Hospitality and Catering",{"$nulls":5},"Insurance Professional",{"$f":"\"Standard - \"&G293","v":"Standard - Insurance Professional"}]
["Hospitality Management",{"$nulls":5},"Investment Operations Administrator","Standard - Investment Operations Administrator"]
["Housing",{"$nulls":5},"Investment Operations Specialist","Standard - Investment Operations Specialist"]
["Human Resource Management",{"$nulls":5},"Investment Operations Technician","Standard - Investment Operations Technician"]
["Industrial Applications",{"$nulls":5},"IS Business Analyst","Standard - IS Business Analyst"]
["Information and Library Services",{"$nulls":5},"IT Technical Salesperson","Standard - IT Technical Salesperson"]
["Information Security",{"$nulls":5},"Junior 2D Artist (visual effects)","Standard - Junior 2D Artist (visual effects)"]
["Insurance",{"$nulls":5},"Junior Content Producer","Standard - Junior Content Producer"]
["Intelligence Analysis",{"$nulls":5},"Junior Energy Manager","Standard - Junior Energy Manager"]
["Intelligence Operations",{"$nulls":5},"Junior Journalist","Standard - Junior Journalist"]
["International Trade and Logistics Operations",{"$nulls":5},"Junior Management Consultant","Standard - Junior Management Consultant"]
["IT and Telecoms Professionals",{"$nulls":5},"Laboratory Scientist","Standard - Laboratory Scientist"]
["IT User",{"$nulls":5},"Laboratory Technician","Standard - Laboratory Technician"]
["Jewellery, Silversmithing and Allied Trades",{"$nulls":5},"Land-Based Service Engineering Technician","Standard - Land-Based Service Engineering Technician"]
["Laboratory Technicians",{"$nulls":5},"Large Goods Vehicle (LGV) Driver","Standard - Large Goods Vehicle (LGV) Driver"]
["Land-based Service Engineering",{"$nulls":5},"Lead Adult Care Worker","Standard - Lead Adult Care Worker"]
["Learning and Development (Direct Training and Support)",{"$nulls":5},"Licensed Conveyancer","Standard - Licensed Conveyancer"]
["Learning Support",{"$nulls":5},"Live Event Rigger","Standard - Live Event Rigger"]
["Legal Advice",{"$nulls":5},"Machinist (Advanced Manufacturing Engineering)","Standard - Machinist (Advanced Manufacturing Engineering)"]
["Legal Services",{"$nulls":5},"Maintenance and Operations Engineering Technician","Standard - Maintenance and Operations Engineering Technician"]
["Licensed Hospitality",{"$nulls":5},"Manufacturing Engineer","Standard - Manufacturing Engineer"]
["Life Science and Chemical Science Professionals",{"$nulls":5},"Mechatronics Maintenance Technician","Standard - Mechatronics Maintenance Technician"]
["Locksmithing",{"$nulls":5},"Mortgage Adviser","Standard - Mortgage Adviser"]
["Logistics Operations Management",{"$nulls":5},"Motor Vehicle Service and Maintenance Technician (light vehicle)","Standard - Motor Vehicle Service and Maintenance Technician (light vehicle)"]
["Mail Services",{"$nulls":5},"Network Engineer","Standard - Network Engineer"]
["Management",{"$nulls":5},"Non-destructive Testing (NDT) Operator",{"$f":"\"Standard - \"&G318","v":"Standard - Non-destructive Testing (NDT) Operator"}]
["Marine Industry",{"$nulls":5},"Non-destructive Testing Engineering Technician",{"$f":"\"Standard - \"&G319","v":"Standard - Non-destructive Testing Engineering Technician"}]
["Marketing and Communications",{"$nulls":5},"Nuclear Health Physics Monitor","Standard - Nuclear Health Physics Monitor"]
["MES Plumbing",{"$nulls":5},"Nuclear Scientist and Nuclear Engineer","Standard - Nuclear Scientist and Nuclear Engineer"]
["Metal Processing and Allied Operations",{"$nulls":5},"Nuclear Welding Inspection Technician","Standard - Nuclear Welding Inspection Technician"]
["Mineral Products Technology",{"$nulls":5},"Operations/Departmental Manager","Standard - Operations/Departmental Manager"]
["Multi-skilled Vehicle Collision Repair",{"$nulls":5},"Paralegal","Standard - Paralegal"]
["Nail Services",{"$nulls":5},"Paraplanner","Standard - Paraplanner"]
["Nursing Assistants in a Veterinary Environment",{"$nulls":5},"Power Network Craftsperson","Standard - Power Network Craftsperson"]
["Operations and Quality Improvement",{"$nulls":5},"Product Design and Development Engineer","Standard - Product Design and Development Engineer"]
["Payroll",{"$nulls":5},"Product Design and Development Technician","Standard - Product Design and Development Technician"]
["Photo Imaging for Staff Photographers",{"$nulls":5},"Professional Accounting Taxation Technician","Standard - Professional Accounting Taxation Technician"]
["Policing",{"$nulls":5},"Property Maintenance Operative","Standard - Property Maintenance Operative"]
["Polymer Processing and Signmaking",{"$nulls":5},"Public Sector Commercial Professional","Standard - Public Sector Commercial Professional"]
["Power Industry",{"$nulls":5},"Public Service Operational Delivery Officer","Standard - Public Service Operational Delivery Officer"]
["Print and Printed Packaging",{"$nulls":5},"Rail Engineering Operative","Standard - Rail Engineering Operative"]
["Process Technology",{"$nulls":5},"Rail Engineering Technician","Standard - Rail Engineering Technician"]
["Procurement",{"$nulls":5},"Railway Engineering Design Technician","Standard - Railway Engineering Design Technician"]
["Professional Services",{"$nulls":5},"Refrigeration Air Conditioning and Heat Pump Engineering Technician","Standard - Refrigeration Air Conditioning and Heat Pump Engineering Technician"]
["Project Management",{"$nulls":5},"Relationship Manager (Banking)","Standard - Relationship Manager (Banking)"]
["Property Services",{"$nulls":5},"Retail Manager","Standard - Retail Manager"]
["Providing Financial Services",{"$nulls":5},"Retail Team Leader","Standard - Retail Team Leader"]
["Providing Security Services",{"$nulls":5},"Retailer","Standard - Retailer"]
["Public Relations",{"$nulls":5},"Science Industry Maintenance Technician","Standard - Science Industry Maintenance Technician"]
["Public Services",{"$nulls":5},"Science Manufacturing Technician","Standard - Science Manufacturing Technician"]
["Rail Engineering Overhead Line Construction",{"$nulls":5},"Senior Chef Production Cooking","Standard - Senior Chef Production Cooking"]
["Rail Infrastructure Engineering",{"$nulls":5},"Senior Financial Services Customer Adviser","Standard - Senior Financial Services Customer Adviser"]
["Rail Services",{"$nulls":5},"Senior Healthcare Support Worker","Standard - Senior Healthcare Support Worker"]
["Rail Traction and Rolling Stock Engineering",{"$nulls":5},"Senior Housing/Property Management","Standard - Senior Housing/Property Management"]
["Rail Transport Engineering",{"$nulls":5},"Software Developer","Standard - Software Developer"]
["Recruitment",{"$nulls":5},"Software Development Technician","Standard - Software Development Technician"]
["Retail",{"$nulls":5},"Software Tester","Standard - Software Tester"]
["Retail Management",{"$nulls":5},"Solicitor","Standard - Solicitor"]
["Road Passenger Transport - Bus and Coach",{"$nulls":5},"Spectacle Maker","Standard - Spectacle Maker"]
["Sales and Telesales",{"$nulls":5},"Sports Turf Operative","Standard - Sports Turf Operative"]
["Signmaking",{"$nulls":5},"Supply Chain Operator","Standard - Supply Chain Operator"]
["Smart Meter Installations (Dual Fuel)",{"$nulls":5},"Supply Chain Warehouse Operative","Standard - Supply Chain Warehouse Operative"]
["Social Media and Digital Marketing",{"$nulls":5},"Surveying Technician","Standard - Surveying Technician"]
["Sound Recording, Engineering and Studio Facilities",{"$nulls":5},"Systems Engineering Masters Level","Standard - Systems Engineering Masters Level"]
["Spa Therapy",{"$nulls":5},"Team Leader/Supervisor","Standard - Team Leader/Supervisor"]
["Specialized Process Operations (Nuclear)",{"$nulls":5},"Transport Planning Technician","Standard - Transport Planning Technician"]
["Sporting Excellence",{"$nulls":5},"Travel Consultant","Standard - Travel Consultant"]
["Supply Chain Management",{"$nulls":5},"Unified Communications Technician","Standard - Unified Communications Technician"]
["Supporting Teaching and Learning in Physical Education and School Sport",{"$nulls":5},"Utilities Engineering Technician","Standard - Utilities Engineering Technician"]
["Supporting teaching and learning in schools",{"$nulls":5},"Water Process Technician","Standard - Water Process Technician"]
["Surveying",{"$nulls":5},"Welding","Standard - Welding"]
["Sustainable Resource Management",{"$nulls":5},"Workplace Pensions (Administrator or Consultant)","Standard - Workplace Pensions (Administrator or Consultant)"]
["Trade Business Services"]
["Traffic Office"]
["Transport Engineering and Maintenance"]
["Travel Services"]
["Trees and Timber"]
["Vehicle Body and Paint Operations"]
["Vehicle Fitting"]
["Vehicle Maintenance and Repair"]
["Vehicle Parts Operations"]
["Vehicle Restoration"]
["Vehicle Sales"]
["Veterinary Nursing"]
["Warehousing and Storage"]
["Water Industry"]
["Wood and Timber Processing and Merchants Industry"]
["Youth Work"]
[""]

{"sheet":"SSA","index":6,"n_rows":18,"n_cols":18,"rows_kept":18,"hidden":true,"merged":[[0,0,0,5],[2,2,2,17],[18,0,18,5]]}
["Apprenticeship Programme Starts by Sector Subject Area, Level and Age"]
[]
["Sector Subject Area","Year","2016/17  Full Year (Provisional)"]
["","Level","Intermediate Apprenticeship","Intermediate Apprenticeship","Intermediate Apprenticeship","Intermediate Apprenticeship","Advanced Apprenticeship","Advanced Apprenticeship","Advanced Apprenticeship","Advanced Apprenticeship","Higher Apprenticeship","Higher Apprenticeship","Higher Apprenticeship","Higher Apprenticeship","All Apprenticeships","All Apprenticeships","All Apprenticeships","All Apprenticeships"]
["","Age","Under 19","19-24","25+","All","Under 19","19-24","25+","All","Under 19","19-24","25+","All","Under 19","19-24","25+","All"]
["Agriculture, Horticulture and Animal Care","",2810,1390,690,4890,770,1000,570,2350,30,30,10,60,3610,2410,1260,7290]
["Arts, Media and Publishing","",80,90,10,180,290,330,40,660,10,10,"-",20,380,430,50,860]
["Business, Administration and Law","",19120,20180,28600,67900,8720,15820,27180,51720,950,4060,12850,17860,28790,40060,68630,137480]
["Construction, Planning and the Built Environment","",9040,4100,2540,15680,1750,2260,820,4830,100,260,150,500,10880,6620,3510,21010]
["Education and Training","",950,730,980,2660,660,1420,4040,6120,"-","-","-","-",1610,2160,5010,8780]
["Engineering and Manufacturing Technologies","",14130,10260,17830,42220,12430,12380,6090,30900,300,470,120,900,26860,23110,24040,74010]
["Health, Public Services and Care","",11490,15680,34610,61770,5850,16560,40230,62640,30,1130,12840,14010,17370,33370,87680,138410]
["Information and Communication Technology","",730,1050,1760,3550,3920,3700,1620,9240,640,1360,240,2230,5290,6110,3620,15010]
["Leisure, Travel and Tourism","",2410,2180,1730,6320,3650,1930,1760,7350,"-","-","-","-",6060,4110,3500,13670]
["Retail and Commercial Enterprise","",16940,15450,21840,54230,3320,7000,9460,19770,20,110,390,520,20270,22560,31690,74520]
["Science and Mathematics","",20,20,"-",40,120,80,10,210,10,30,10,40,140,130,30,290]
["All","",77700,71100,110600,259400,41500,62500,91800,195800,2100,7500,26600,36100,121300,141100,229000,491300]
[{"$nulls":6},"","","","","","","","","","","",""]

{"sheet":"Level","index":7,"n_rows":40,"n_cols":2,"rows_kept":40,"hidden":true,"merged":[[1,0,1,1],[15,0,15,1],[28,0,28,1]]}
[]
["All Apprenticeship Starts by Level"]
[]
["Level","2016/17"]
["","August to July"]
["Level -1","-"]
["Level 2",259430]
["Level 3",195770]
["Level 4",11610]
["Level 5",22860]
["Level 6",1620]
["Level 7",50]
["Total Higher Apprenticeships",36130]
["Total Apprenticeship",491300]
[]
["Apprenticeship Framework Starts by Level"]
[]
["Level","2016/17"]
["","August to July"]
["Level -1","-"]
["Level 2",251390]
["Level 3",185000]
["Level 4",9470]
["Level 5",21780]
["Level 6","-"]
["Total Higher Apprenticeships",31250]
["Total Apprenticeship Frameworks",467600]
[]
["Apprenticeship Standard Starts by Level"]
[]
["Level","2016/17"]
["","August to July"]
["Level 2",8040]
["Level 3",10780]
["Level 4",2140]
["Level 5",1080]
["Level 6",1620]
["Level 7",50]
["Total Higher Apprenticeships",4880]
["Total Apprenticeship Standards",23700]

{"sheet":"Framework","index":8,"n_rows":299,"n_cols":20,"rows_kept":299,"hidden":true,"merged":[[0,0,0,8],[2,2,2,17],[4,25,4,26]]}
["Apprenticeship Programme Starts by Sector Framework and Apprenticeship Standard, Level and Age"]
[]
["Sector Framework/ Standard","Year","2016/17  Full Year (Provisional)"]
["","Level","Intermediate Apprenticeship","Intermediate Apprenticeship","Intermediate Apprenticeship","Intermediate Apprenticeship","Advanced Apprenticeship","Advanced Apprenticeship","Advanced Apprenticeship","Advanced Apprenticeship","Higher Apprenticeship","Higher Apprenticeship","Higher Apprenticeship","Higher Apprenticeship","All Apprenticeships","All Apprenticeships","All Apprenticeships","All Apprenticeships"]
["","Age","Under 19","19-24","25+","All","Under 19","19-24","25+","All","Under 19","19-24","25+","All","Under 19","19-24","25+","All"]
["","","","","","","","","","","","","","","","","",""]
["Original Framework/Standard name","","","","","","","","","","","","","","","","",""]
["Accountancy","",1580,1050,460,3090,1150,1680,410,3250,130,940,150,1230,2860,3680,1020,7560,null,{"$f":"\"Framework - \"&A8","v":"Framework - Accountancy"}]
["Active Leisure and Learning","",2150,2110,1730,5980,400,1290,1620,3300,"-","-","-","-",2540,3400,3340,9280,null,"Framework - Active Leisure and Learning"]
["Advanced Diagnostics and Management Principles","","-","-","-","-","-","-","-","-","-",10,10,10,"-",10,10,10,null,"Framework - Advanced Diagnostics and Management Principles"]
["Advertising and Marketing Communications","","-","-","-","-","-","-","-","-","-",10,"-",10,"-",10,"-",10,null,"Framework - Advertising and Marketing Communications"]
["Agriculture","",500,60,40,590,230,70,70,370,30,30,10,60,750,150,120,1020,null,"Framework - Agriculture"]
["Animal Care","",330,200,40,570,70,90,40,200,"-","-","-","-",400,280,80,770,null,"Framework - Animal Care"]
["Animal Technology","","-","-","-","-","-","-","-","-","-","-","-","-","-","-","-","-",null,"Framework - Animal Technology"]
["Automotive Clay Modelling","","-","-","-","-","-","-","-","-","-","-","-","-","-","-","-","-",null,"Framework - Automotive Clay Modelling"]
["Aviation Operations on the Ground","",30,280,480,790,40,120,160,310,"-","-","-","-",70,400,640,1100,null,"Framework - Aviation Operations on the Ground"]
["Barbering","",580,810,400,1790,80,340,360,780,"-","-","-","-",650,1150,770,2570,null,"Framework - Barbering"]
["Beauty Therapy","",510,210,160,870,360,220,110,690,"-","-","-","-",860,430,270,1560,null,"Framework - Beauty Therapy"]
["Bookkeeping","","-","-","-","-","-","-","-","-","-","-","-","-","-","-","-","-",null,"Framework - Bookkeeping"]
["Building Energy Management Systems","","-","-","-","-",10,"-","-",10,"-","-","-","-",10,"-","-",10,null,"Framework - Building Energy Management Systems"]
["Building Services Engineering Technicians","","-","-","-","-",100,60,10,170,"-","-","-","-",100,60,10,170,null,"Framework - Building Services Engineering Technicians"]
["Business Administration","",12380,8160,5070,25610,4440,6720,6530,17680,270,1090,1440,2800,17090,15960,13040,46090,null,"Framework - Business Administration"]
["Business Innovation and Growth","","-","-","-","-","-","-","-","-",10,10,10,20,10,10,10,20,null,"Framework - Business Innovation and Growth"]
["Care Leadership and Management","","-","-","-","-","-","-","-","-","-",790,11480,12280,"-",790,11480,12280,null,"Framework - Care Leadership and Management"]
["Children's Care Learning and Development","",5420,2200,2020,9640,3820,6360,6850,17040,"-","-","-","-",9240,8560,8880,26670,null,"Framework - Children's Care Learning and Development"]
["Cleaning and Support Service Industry","",80,320,2160,2560,"-","-",90,90,"-","-","-","-",80,330,2250,2650,null,"Framework - Cleaning and Support Service Industry"]
["Community Safety","",10,20,"-",30,"-","-","-","-","-","-","-","-",10,20,"-",30,null,"Framework - Community Safety"]
["Composite Engineering","",10,"-","-",10,10,10,"-",20,"-","-","-","-",20,10,"-",30,null,"Framework - Composite Engineering"]
["Construction Management","","-","-","-","-","-","-","-","-",30,130,120,280,30,130,120,280,null,"Framework - Construction Management"]
["Construction Skills","",9040,4070,2290,15410,1590,2150,790,4530,"-","-","-","-",10630,6230,3080,19940,null,"Framework - Construction Skills"]
["Contact Centres","",100,120,150,380,10,40,20,70,"-","-","-","-",110,160,170,450,null,"Framework - Contact Centres"]
["Court, Tribunal and Prosecution Operations","","-","-","-","-","-","-","-","-","-","-","-","-","-","-","-","-",null,"Framework - Court, Tribunal and Prosecution Operations"]
["Creative","",40,50,"-",90,40,60,"-",90,"-","-","-","-",80,100,10,190,null,"Framework - Creative"]
["Creative and Digital Media","","-","-","-","-",170,150,20,340,"-","-","-","-",170,160,20,340,null,"Framework - Creative and Digital Media"]
["Creative Craft Practitioner","","-","-","-","-","-","-","-",10,"-","-","-","-","-","-","-",10,null,"Framework - Creative Craft Practitioner"]
["Custodial Care","","-","-","-","-","-","-",20,20,"-","-","-","-","-","-",20,20,null,"Framework - Custodial Care"]
["Customer Service","",3430,4530,6190,14140,570,1950,3360,5880,"-","-","-","-",4000,6480,9550,20030,null,"Framework - Customer Service"]
["Dental Nursing","","-","-","-","-",1010,1140,500,2650,"-","-","-","-",1010,1140,500,2650,null,"Framework - Dental Nursing"]
["Design","",30,20,"-",60,50,50,"-",100,"-","-","-","-",80,70,10,150,null,"Framework - Design"]
["Digital Learning Design","","-","-","-","-","-","-","-",10,"-","-","-","-",10,10,"-",10,null,{"$f":"\"Framework - \"&A40","v":"Framework - Digital Learning Design"}]
["Driving Goods Vehicles","",390,1570,2880,4850,"-",50,70,120,"-","-","-","-",400,1620,2950,4970,null,"Framework - Driving Goods Vehicles"]
["Electrical and Electronic Servicing","","-",30,10,40,"-","-","-","-","-","-","-","-","-",30,10,40,null,"Framework - Electrical and Electronic Servicing"]
["Electrotechnical","","-","-","-","-",2450,1570,560,4580,"-","-","-","-",2450,1570,560,4580,null,"Framework - Electrotechnical"]
["Emergency Fire Service Operations","","-","-","-","-",10,20,10,40,"-","-","-","-",10,20,10,40,null,"Framework - Emergency Fire Service Operations"]
["Employment Related Services","","-","-","-","-","-",20,80,100,"-","-","-","-","-",20,80,100,null,"Framework - Employment Related Services"]
["Engineering","",820,1280,860,2950,5730,4660,1720,12120,"-","-","-","-",6550,5940,2580,15070,null,"Framework - Engineering"]
["Engineering Construction","","-","-","-","-",160,70,"-",240,"-","-","-","-",160,70,"-",240,null,"Framework - Engineering Construction"]
["Engineering Environmental Technologies","","-","-","-","-","-","-","-","-","-","-","-","-","-","-","-","-",null,"Framework - Engineering Environmental Technologies"]
["Engineering Technology","","-","-","-","-","-","-","-","-",90,240,60,380,90,240,60,380,null,"Framework - Engineering Technology"]
["Enterprise","","-","-","-","-",10,10,"-",20,"-","-","-","-",10,10,"-",20,null,"Framework - Enterprise"]
["Environmental Conservation","",30,40,10,80,"-","-","-",10,"-","-","-","-",30,40,10,90,null,"Framework - Environmental Conservation"]
["Equine Industry","",770,250,50,1060,270,180,30,480,"-","-","-","-",1030,430,80,1540,null,"Framework - Equine Industry"]
["Explosives Storage and Maintenance","","-","-","-","-","-","-","-","-","-","-","-","-","-","-","-","-",null,"Framework - Explosives Storage and Maintenance"]
["Facilities Management","",110,120,690,910,"-",40,250,280,"-","-","-","-",110,150,940,1200,null,"Framework - Facilities Management"]
["Farriery","","-","-","-","-",30,30,10,70,"-","-","-","-",30,30,10,70,null,"Framework - Farriery"]
["Fashion and Textiles","",40,30,30,90,30,30,10,70,"-","-","-","-",60,60,30,160,null,"Framework - Fashion and Textiles"]
["Fashion and Textiles:Technical","","-","-","-","-","-","-","-","-","-","-","-","-","-","-","-","-",null,"Framework - Fashion and Textiles:Technical"]
["Fencing","",20,40,60,120,"-","-","-","-","-","-","-","-",20,40,60,120,null,"Framework - Fencing"]
["Floristry","",50,20,20,80,10,10,10,30,"-","-","-","-",60,30,30,120,null,"Framework - Floristry"]
["Food Manufacture","",220,390,960,1570,30,110,490,630,"-","-","-","-",250,500,1450,2200,null,"Framework - Food Manufacture"]
["Funeral Operations and Services","","-",20,250,270,"-","-",30,30,"-","-","-","-","-",20,280,300,null,"Framework - Funeral Operations and Services"]
["Furniture Furnishings and Interiors Industry","",180,120,80,380,20,60,20,100,"-","-","-","-",200,180,100,480,null,"Framework - Furniture Furnishings and Interiors Industry"]
["Game and Wildlife Management","",40,10,"-",50,"-","-","-","-","-","-","-","-",40,10,"-",50,null,"Framework - Game and Wildlife Management"]
["Gas Industry","","-",20,20,30,150,150,60,360,"-","-","-","-",150,170,70,390,null,"Framework - Gas Industry"]
["Glass Industry Occupations","",200,530,1700,2430,30,170,1040,1240,"-","-","-","-",230,700,2750,3680,null,"Framework - Glass Industry Occupations"]
["Hairdressing","",6450,1220,450,8120,1750,1680,580,4010,"-","-","-","-",8200,2900,1040,12140,null,"Framework - Hairdressing"]
["Health and Social Care","",3250,10740,30920,44910,890,8640,32060,41590,"-","-","-","-",4140,19380,62980,86500,null,"Framework - Health and Social Care"]
["Health Assistant Practitioner","","-","-","-","-","-","-","-","-",10,160,810,990,10,160,810,990,null,"Framework - Health Assistant Practitioner"]
["Health Informatics","","-","-",10,10,"-","-","-","-","-","-","-","-","-","-",10,10,null,"Framework - Health Informatics"]
["Heating, Ventilation, Air Conditioning and Refrigeration","",410,280,70,770,40,230,30,300,"-","-","-","-",450,510,110,1070,null,"Framework - Heating, Ventilation, Air Conditioning and Refrigeration"]
["Horticulture","",780,590,380,1760,30,150,200,380,"-","-","-","-",820,740,580,2140,null,"Framework - Horticulture"]
["Hospitality and Catering","",4100,5620,7560,17280,620,2780,4760,8160,"-","-","-","-",4720,8410,12320,25450,null,{"$f":"\"Framework - \"&A72","v":"Framework - Hospitality and Catering"}]
["Hospitality Management","","-","-","-","-","-","-","-","-","-",70,340,410,"-",70,340,410,null,"Framework - Hospitality Management"]
["Housing","",30,50,70,140,10,40,150,200,"-","-","-","-",30,90,220,340,null,"Framework - Housing"]
["Human Resource Management","","-","-","-","-","-","-","-","-",10,50,170,230,10,50,170,230,null,"Framework - Human Resource Management"]
["Industrial Applications","",3160,3250,10460,16870,"-","-","-","-","-","-","-","-",3160,3250,10460,16870,null,"Framework - Industrial Applications"]
["Information and Library Services","","-","-","-",10,"-","-","-","-","-","-","-","-","-",10,"-",10,null,"Framework - Information and Library Services"]
["Information Security","","-","-","-","-","-","-","-","-","-","-","-","-","-","-","-","-",null,"Framework - Information Security"]
["Insurance","","-","-","-","-","-","-","-","-","-","-","-","-","-","-","-","-",null,"Framework - Insurance"]
["Intelligence Analysis","","-","-","-","-","-","-",40,40,"-","-","-","-","-","-",40,40,null,"Framework - Intelligence Analysis"]
["Intelligence Operations","","-","-","-","-","-","-","-","-",10,70,70,150,10,70,70,150,null,"Framework - Intelligence Operations"]
["International Trade and Logistics Operations","",40,50,20,110,"-","-","-","-","-","-","-","-",40,50,20,110,null,"Framework - International Trade and Logistics Operations"]
["IT and Telecoms Professionals","",460,800,770,2030,2700,2520,1030,6250,290,590,60,940,3450,3920,1860,9220,null,"Framework - IT and Telecoms Professionals"]
["IT User","",270,250,1000,1520,170,290,480,940,"-","-","-","-",440,540,1470,2460,null,"Framework - IT User"]
["Jewellery, Silversmithing and Allied Trades","",10,10,"-",20,"-",10,"-",20,"-","-","-","-",10,20,"-",40,null,"Framework - Jewellery, Silversmithing and Allied Trades"]
["Laboratory Technicians","",20,20,"-",40,120,80,10,210,"-","-","-","-",130,100,20,250,null,"Framework - Laboratory Technicians"]
["Land-based Service Engineering","",150,20,"-",170,20,60,"-",80,"-","-","-","-",170,80,10,260,null,"Framework - Land-based Service Engineering"]
["Learning and Development (Direct Training and Support)","","-","-","-","-",10,90,540,640,"-","-","-","-",10,90,540,640,null,"Framework - Learning and Development (Direct Training and Support)"]
["Learning Support","","-","-","-","-","-","-",10,10,"-","-","-","-","-","-",10,10,null,"Framework - Learning Support"]
["Legal Advice","","-","-","-",10,"-","-","-",10,"-","-","-","-","-",10,"-",10,null,"Framework - Legal Advice"]
["Legal Services","","-","-","-","-",80,140,10,230,10,"-","-",20,90,150,20,250,null,"Framework - Legal Services"]
["Licensed Hospitality","",90,300,280,670,"-",30,60,90,"-","-","-","-",90,330,340,760,null,"Framework - Licensed Hospitality"]
["Life Science and Chemical Science Professionals","","-","-","-","-","-","-","-","-",10,30,10,40,10,30,10,40,null,"Framework - Life Science and Chemical Science Professionals"]
["Locksmithing","","-","-","-","-","-","-","-","-","-","-","-","-","-","-","-","-",null,"Framework - Locksmithing"]
["Logistics Operations Management","",50,60,150,270,40,140,410,590,"-","-","-","-",90,210,560,860,null,"Framework - Logistics Operations Management"]
["Mail Services","","-",10,10,30,"-","-","-","-","-","-","-","-","-",10,10,30,null,"Framework - Mail Services"]
["Management","",250,4850,15090,20190,110,2430,13500,16040,10,780,9610,10400,380,8060,38200,46640,null,"Framework - Management"]
["Marine Industry","",30,60,60,150,"-","-","-","-","-","-","-","-",30,60,60,150,null,"Framework - Marine Industry"]
["Marketing and Communications","",90,60,10,160,100,150,30,280,"-","-","-","-",190,210,50,440,null,"Framework - Marketing and Communications"]
["MES Plumbing","",2520,1160,420,4100,340,930,200,1470,"-","-","-","-",2860,2090,630,5580,null,"Framework - MES Plumbing"]
["Metal Processing and Allied Operations","","-","-","-","-","-","-","-",10,"-","-","-","-","-","-","-",10,null,"Framework - Metal Processing and Allied Operations"]
["Mineral Products Technology","","-","-","-","-","-","-","-","-",10,40,"-",40,10,40,"-",40,null,"Framework - Mineral Products Technology"]
["Multi-skilled Vehicle Collision Repair","",20,10,"-",30,"-","-","-","-","-","-","-","-",20,10,"-",30,null,"Framework - Multi-skilled Vehicle Collision Repair"]
["Nail Services","",30,40,40,120,60,70,40,170,"-","-","-","-",90,110,80,280,null,{"$f":"\"Framework - \"&A104","v":"Framework - Nail Services"}]
["Nursing Assistants in a Veterinary Environment","",20,60,50,130,"-","-","-","-","-","-","-","-",20,60,50,130,null,"Framework - Nursing Assistants in a Veterinary Environment"]
["Operations and Quality Improvement","","-","-","-","-",20,60,810,890,"-","-","-","-",20,60,810,890,null,"Framework - Operations and Quality Improvement"]
["Payroll","",10,10,"-",30,10,10,"-",20,"-","-","-","-",20,20,"-",40,null,"Framework - Payroll"]
["Photo Imaging for Staff Photographers","","-","-","-","-","-","-",10,20,"-","-","-","-","-","-",10,20,null,"Framework - Photo Imaging for Staff Photographers"]
["Policing","","-","-","-","-",10,120,70,190,"-","-","-","-",10,120,70,190,null,"Framework - Policing"]
["Polymer Processing and Signmaking","","-","-","-",10,10,10,10,20,"-","-","-","-",10,10,10,30,null,"Framework - Polymer Processing and Signmaking"]
["Power Industry","","-","-","-","-",10,10,"-",20,"-","-","-","-",10,10,"-",20,null,"Framework - Power Industry"]
["Print and Printed Packaging","",70,70,70,210,80,90,90,250,"-","-","-","-",150,160,160,460,null,"Framework - Print and Printed Packaging"]
["Process Technology","",20,20,"-",40,70,70,"-",150,"-","-","-","-",100,90,"-",190,null,"Framework - Process Technology"]
["Procurement","","-","-","-","-",20,20,"-",40,"-","-","-","-",20,20,"-",40,null,"Framework - Procurement"]
["Professional Services","","-","-","-","-","-","-","-","-",100,90,20,220,100,90,20,220,null,"Framework - Professional Services"]
["Project Management","","-","-","-","-","-","-","-","-",70,100,50,210,70,100,50,210,null,"Framework - Project Management"]
["Property Services","",340,310,90,740,50,270,380,690,"-","-","-","-",390,580,470,1440,null,"Framework - Property Services"]
["Providing Financial Services","",280,310,140,730,290,570,540,1400,"-","-","-","-",570,880,680,2130,null,"Framework - Providing Financial Services"]
["Providing Security Services","",120,210,350,680,"-",30,"-",30,"-","-","-","-",120,240,350,710,null,"Framework - Providing Security Services"]
["Public Relations","","-","-","-","-","-","-","-","-",10,20,"-",30,10,20,"-",30,null,"Framework - Public Relations"]
["Public Services","",2560,2210,520,5290,"-","-","-","-","-","-","-","-",2560,2210,520,5290,null,"Framework - Public Services"]
["Rail Engineering Overhead Line Construction","","-",20,"-",20,"-","-","-","-","-","-","-","-","-",20,"-",20,null,"Framework - Rail Engineering Overhead Line Construction"]
["Rail Infrastructure Engineering","",510,360,90,960,10,20,20,50,"-","-","-","-",520,380,110,1010,null,"Framework - Rail Infrastructure Engineering"]
["Rail Services","","-",10,130,140,"-","-","-","-","-","-","-","-","-",10,130,140,null,"Framework - Rail Services"]
["Rail Traction and Rolling Stock Engineering","","-","-","-",10,10,10,"-",20,"-","-","-","-",10,10,"-",30,null,"Framework - Rail Traction and Rolling Stock Engineering"]
["Rail Transport Engineering","",10,10,"-",10,"-","-","-","-","-","-","-","-",10,10,"-",10,null,"Framework - Rail Transport Engineering"]
["Recruitment","",150,150,50,360,40,170,290,500,"-","-","-",10,190,330,340,860,null,"Framework - Recruitment"]
["Retail","",1340,1470,1540,4360,190,860,1280,2330,"-","-","-","-",1530,2340,2820,6690,null,"Framework - Retail"]
["Retail Management","","-","-","-","-","-","-","-","-","-","-","-","-","-","-","-","-",null,"Framework - Retail Management"]
["Road Passenger Transport - Bus and Coach","","-",70,1220,1300,"-","-","-","-","-","-","-","-","-",70,1220,1300,null,"Framework - Road Passenger Transport - Bus and Coach"]
["Sales and Telesales","",410,510,530,1440,80,190,200,470,"-","-","-","-",480,700,730,1910,null,"Framework - Sales and Telesales"]
["Signmaking","",70,40,30,130,"-",10,10,20,"-","-","-","-",70,40,40,150,null,"Framework - Signmaking"]
["Smart Meter Installations (Dual Fuel)","","-",10,"-",10,"-","-","-","-","-","-","-","-","-",10,"-",10,null,"Framework - Smart Meter Installations (Dual Fuel)"]
["Social Media and Digital Marketing","","-","-","-","-",1450,1050,400,2890,60,210,70,340,1500,1250,470,3230,null,"Framework - Social Media and Digital Marketing"]
["Sound Recording, Engineering and Studio Facilities","","-","-","-","-","-","-","-","-","-","-","-","-","-","-","-","-",null,"Framework - Sound Recording, Engineering and Studio Facilities"]
["Spa Therapy","","-","-","-","-","-",10,"-",10,"-","-","-","-","-",10,"-",10,null,{"$f":"\"Framework - \"&A136","v":"Framework - Spa Therapy"}]
["Specialized Process Operations (Nuclear)","","-","-","-",10,"-","-","-","-","-","-","-","-","-","-","-",10,null,"Framework - Specialized Process Operations (Nuclear)"]
["Sporting Excellence","","-","-","-","-",2600,"-","-",2610,"-","-","-","-",2600,"-","-",2610,null,"Framework - Sporting Excellence"]
["Supply Chain Management","",20,10,20,50,"-",10,10,20,"-","-","-",10,30,30,20,80,null,"Framework - Supply Chain Management"]
["Supporting Teaching and Learning in Physical Education and School Sport","","-","-","-","-",530,500,110,1140,"-","-","-","-",530,500,110,1140,null,"Framework - Supporting Teaching and Learning in Physical Education and School Sport"]
["Supporting teaching and learning in schools","",930,690,960,2580,630,1290,3450,5370,"-","-","-","-",1560,1980,4410,7950,null,"Framework - Supporting teaching and learning in schools"]
["Surveying","","-","-","-","-",30,10,"-",50,"-","-","-","-",30,10,"-",50,null,"Framework - Surveying"]
["Sustainable Resource Management","",20,50,280,350,"-","-",60,60,"-",10,130,140,20,60,470,550,null,"Framework - Sustainable Resource Management"]
["Trade Business Services","",210,160,60,440,"-","-","-","-","-","-","-","-",210,160,60,440,null,"Framework - Trade Business Services"]
["Traffic Office","",10,10,20,40,"-",30,40,70,"-","-","-","-",10,40,60,100,null,"Framework - Traffic Office"]
["Transport Engineering and Maintenance","",80,80,20,180,10,80,10,110,"-","-","-","-",90,160,30,290,null,"Framework - Transport Engineering and Maintenance"]
["Travel Services","",260,70,10,330,100,120,10,220,"-","-","-","-",360,180,10,550,null,"Framework - Travel Services"]
["Trees and Timber","",110,80,20,220,10,20,20,50,"-","-","-","-",130,100,40,270,null,"Framework - Trees and Timber"]
["Vehicle Body and Paint Operations","",720,330,150,1200,80,230,50,360,"-","-","-","-",800,560,210,1560,null,"Framework - Vehicle Body and Paint Operations"]
["Vehicle Fitting","",210,20,20,240,"-","-","-","-","-","-","-","-",210,20,20,250,null,"Framework - Vehicle Fitting"]
["Vehicle Maintenance and Repair","",4310,1290,200,5800,1040,2170,300,3510,"-","-","-","-",5350,3470,500,9310,null,"Framework - Vehicle Maintenance and Repair"]
["Vehicle Parts Operations","",360,130,20,510,60,130,"-",200,"-","-","-","-",420,260,30,710,null,"Framework - Vehicle Parts Operations"]
["Vehicle Restoration","",20,"-","-",20,"-",10,"-",10,"-","-","-","-",20,10,"-",30,null,"Framework - Vehicle Restoration"]
["Vehicle Sales","",20,40,20,80,"-",10,"-",10,"-","-","-","-",20,50,20,90,null,"Framework - Vehicle Sales"]
["Veterinary Nursing","","-","-","-","-",100,390,180,660,"-","-","-","-",100,390,180,660,null,"Framework - Veterinary Nursing"]
["Warehousing and Storage","",1410,1870,3290,6560,30,130,430,590,"-","-","-","-",1430,2000,3720,7150,null,"Framework - Warehousing and Storage"]
["Water Industry","",20,40,30,80,"-",10,30,40,"-",10,"-",10,20,50,60,130,null,"Framework - Water Industry"]
["Wood and Timber Processing and Merchants Industry","",10,10,10,20,"-","-","-","-","-","-","-","-",10,10,10,20,null,"Framework - Wood and Timber Processing and Merchants Industry"]
["Youth Work","",20,40,20,80,20,30,40,90,"-","-","-","-",40,80,60,170,null,"Framework - Youth Work"]
["","","","","","","","","","","","","","","","","",""]
["of which apprenticeship standard","","","","","","","","","","","","","","","","",""]
["Able Seafarer (Deck)","",10,20,"-",30,"-","-","-","-","-","-","-","-",10,20,"-",30,null,{"$f":"\"Standard - \"&A162","v":"Standard - Able Seafarer (Deck)"}]
["Actuarial Technician","","-","-","-","-","-","-","-","-","-",10,"-",10,"-",10,"-",10,null,"Standard - Actuarial Technician"]
["Adult Care Worker","",50,100,310,460,"-","-","-","-","-","-","-","-",50,100,310,460,null,"Standard - Adult Care Worker"]
["Advanced Butcher","","-","-","-","-","-",10,10,20,"-","-","-","-","-",10,10,20,null,"Standard - Advanced Butcher"]
["Advanced Credit Controller / Debt Collection Specialist","","-","-","-","-","-","-",10,10,"-","-","-","-","-","-",10,10,null,"Standard - Advanced Credit Controller / Debt Collection Specialist"]
["Advanced Dairy Technologist","","-","-","-","-","-","-","-","-","-",10,10,20,"-",10,10,20,null,"Standard - Advanced Dairy Technologist"]
["Aerospace Engineer","","-","-","-","-","-","-","-","-",30,10,"-",40,30,10,"-",40,null,"Standard - Aerospace Engineer"]
["Aerospace Manufacturing Electrical, Mechanical and Systems Fitter","","-","-","-","-","-","-","-","-","-","-","-","-","-","-","-","-",null,"Standard - Aerospace Manufacturing Electrical, Mechanical and Systems Fitter"]
["Aerospace Manufacturing Fitter","","-","-","-","-",10,"-","-",10,"-","-","-","-",10,"-","-",10,null,"Standard - Aerospace Manufacturing Fitter"]
["Aerospace Software Development Engineer","","-","-","-","-","-","-","-","-",10,10,"-",20,10,10,"-",20,null,"Standard - Aerospace Software Development Engineer"]
["Assistant Accountant","","-","-","-","-",160,150,50,360,"-","-","-","-",160,150,50,360,null,"Standard - Assistant Accountant"]
["Assistant Technical Director (visual effects)","","-","-","-","-","-","-","-","-","-","-","-",10,"-","-","-",10,null,"Standard - Assistant Technical Director (visual effects)"]
["Associate Ambulance Practitioner","","-","-","-","-","-","-","-","-","-",70,140,210,"-",70,140,210,null,"Standard - Associate Ambulance Practitioner"]
["Associate Project Manager","","-","-","-","-","-","-","-","-",10,40,100,150,10,40,100,150,null,"Standard - Associate Project Manager"]
["Boatbuilder","","-","-","-","-",10,"-","-",10,"-","-","-","-",10,"-","-",10,null,"Standard - Boatbuilder"]
["Broadcast Production Assistant","","-","-","-","-",10,20,"-",30,"-","-","-","-",10,20,"-",30,null,"Standard - Broadcast Production Assistant"]
["Bus and Coach Engineering Technician","","-","-","-","-",10,10,"-",20,"-","-","-","-",10,10,"-",20,null,"Standard - Bus and Coach Engineering Technician"]
["Butcher","",40,40,30,110,"-","-","-","-","-","-","-","-",40,40,30,110,null,"Standard - Butcher"]
["Chartered Legal Executive","","-","-","-","-","-","-","-","-","-","-","-","-","-","-","-","-",null,"Standard - Chartered Legal Executive"]
["Chartered Manager Degree Apprenticeship","","-","-","-","-","-","-","-","-",50,150,370,560,50,150,370,560,null,"Standard - Chartered Manager Degree Apprenticeship"]
["Chartered Surveyor","","-","-","-","-","-","-","-","-",60,130,30,220,60,130,30,220,null,"Standard - Chartered Surveyor"]
["Chef De Partie","","-","-","-","-","-","-",10,10,"-","-","-","-","-","-",10,10,null,"Standard - Chef De Partie"]
["Commis Chef","",100,90,110,300,"-","-","-","-","-","-","-","-",100,90,110,300,null,"Standard - Commis Chef"]
["Control /Technical Support Engineer","","-","-","-","-","-","-","-","-","-",10,"-",10,"-",10,"-",10,null,"Standard - Control /Technical Support Engineer"]
["Conveyancing Technician","","-","-","-","-","-","-","-","-","-",10,20,40,"-",10,20,40,null,"Standard - Conveyancing Technician"]
["Credit Controller/Collector","",10,10,"-",10,"-","-","-","-","-","-","-","-",10,10,"-",10,null,"Standard - Credit Controller/Collector"]
["Customer Service Practitioner","",350,300,860,1500,"-","-","-","-","-","-","-","-",350,300,860,1500,null,"Standard - Customer Service Practitioner"]
["Cyber Intrusion Analyst","","-","-","-","-","-","-","-","-","-",10,"-",10,"-",10,"-",10,null,"Standard - Cyber Intrusion Analyst"]
["Cyber Security Technologist","","-","-","-","-","-","-","-","-",20,50,20,90,20,50,20,90,null,"Standard - Cyber Security Technologist"]
["Data Analyst","","-","-","-","-","-","-","-","-",10,20,20,50,10,20,20,50,null,{"$f":"\"Standard - \"&A191","v":"Standard - Data Analyst"}]
["Dental Nurse","","-","-","-","-",50,50,20,120,"-","-","-","-",50,50,20,120,null,"Standard - Dental Nurse"]
["Dental Practice Manager","","-","-","-","-","-","-","-","-","-","-",10,10,"-","-",10,10,null,"Standard - Dental Practice Manager"]
["Digital and Technology Solutions Professional","","-","-","-","-","-","-","-","-",150,290,50,490,150,290,50,490,null,"Standard - Digital and Technology Solutions Professional"]
["Digital Marketer","","-","-","-","-",170,140,30,340,"-","-","-","-",170,140,30,340,null,"Standard - Digital Marketer"]
["Dual Fuel Smart Meter Installer","",10,160,440,610,"-","-","-","-","-","-","-","-",10,160,440,610,null,"Standard - Dual Fuel Smart Meter Installer"]
["Electrical /Electronic Technical Support Engineer","","-","-","-","-","-","-","-","-",40,20,20,80,40,20,20,80,null,"Standard - Electrical /Electronic Technical Support Engineer"]
["Engineering Design and Draughtsperson","","-","-","-","-","-","-","-","-","-","-","-","-","-","-","-","-",null,"Standard - Engineering Design and Draughtsperson"]
["Engineering Technician","","-","-","-","-",180,300,80,560,"-","-","-","-",180,300,80,560,null,"Standard - Engineering Technician"]
["Event Assistant","","-","-","-","-","-","-","-","-","-","-","-","-","-","-","-","-",null,"Standard - Event Assistant"]
["Facilities Management Supervisor","","-","-","-","-","-","-",10,10,"-","-","-","-","-","-",10,10,null,"Standard - Facilities Management Supervisor"]
["Financial Adviser","","-","-","-","-","-","-","-","-","-",30,20,60,"-",30,20,60,null,"Standard - Financial Adviser"]
["Financial Services Administrator","","-","-","-","-",10,20,"-",30,"-","-","-","-",10,20,"-",30,null,"Standard - Financial Services Administrator"]
["Financial Services Customer Adviser","",80,130,60,270,"-","-","-","-","-","-","-","-",80,130,60,270,null,"Standard - Financial Services Customer Adviser"]
["Fire Emergency and Security Systems Technician","","-","-","-","-",20,40,30,90,"-","-","-","-",20,40,30,90,null,"Standard - Fire Emergency and Security Systems Technician"]
["Food and Drink Advanced Process Operator","","-","-","-","-",10,20,20,40,"-","-","-","-",10,20,20,40,null,"Standard - Food and Drink Advanced Process Operator"]
["Food and Drink Maintenance Engineer","","-","-","-","-",20,20,10,60,"-","-","-","-",20,20,10,60,null,"Standard - Food and Drink Maintenance Engineer"]
["Food and Drink Process Operator","","-",10,100,110,"-","-","-","-","-","-","-","-","-",10,100,110,null,"Standard - Food and Drink Process Operator"]
["Furniture Manufacturer","",40,20,10,60,"-","-","-","-","-","-","-","-",40,20,10,60,null,"Standard - Furniture Manufacturer"]
["Gas Engineering","","-","-","-","-","-","-","-","-","-","-","-","-","-","-","-","-",null,"Standard - Gas Engineering"]
["Gas Network Craftsperson","","-","-","-","-",60,60,10,120,"-","-","-","-",60,60,10,120,null,"Standard - Gas Network Craftsperson"]
["Gas Network Team Leader","","-",10,"-",10,"-","-","-","-","-","-","-","-","-",10,"-",10,null,"Standard - Gas Network Team Leader"]
["Golf Greenkeeper","",10,10,10,40,"-","-","-","-","-","-","-","-",10,10,10,40,null,"Standard - Golf Greenkeeper"]
["Hair Professional","",500,40,10,540,"-","-","-","-","-","-","-","-",500,40,10,540,null,"Standard - Hair Professional"]
["Healthcare Assistant Practitioner","","-","-","-","-","-","-","-","-","-",20,180,200,"-",20,180,200,null,"Standard - Healthcare Assistant Practitioner"]
["Healthcare Science Assistant","","-","-","-",10,"-","-","-","-","-","-","-","-","-","-","-",10,null,"Standard - Healthcare Science Assistant"]
["Healthcare Support Worker","",30,80,120,230,"-","-","-","-","-","-","-","-",30,80,120,230,null,"Standard - Healthcare Support Worker"]
["Heavy Vehicle Service and Maintenance Technician","","-","-","-","-",10,"-","-",10,"-","-","-","-",10,"-","-",10,null,"Standard - Heavy Vehicle Service and Maintenance Technician"]
["Horticulture and Landscape Operative","","-","-","-",10,"-","-","-","-","-","-","-","-","-","-","-",10,null,"Standard - Horticulture and Landscape Operative"]
["Hospitality Supervisor","","-","-","-","-",20,100,140,250,"-","-","-","-",20,100,140,250,null,"Standard - Hospitality Supervisor"]
["Hospitality Team Member","",260,280,250,790,"-","-","-","-","-","-","-","-",260,280,250,790,null,"Standard - Hospitality Team Member"]
["Housing/Property Management","","-","-","-","-","-",10,20,40,"-","-","-","-","-",10,20,40,null,"Standard - Housing/Property Management"]
["Housing/Property Management Assistant","","-",10,10,20,"-","-","-","-","-","-","-","-","-",10,10,20,null,{"$f":"\"Standard - \"&A223","v":"Standard - Housing/Property Management Assistant"}]
["Infrastructure Technician","","-","-","-","-",800,600,50,1440,"-","-","-","-",800,600,50,1440,null,"Standard - Infrastructure Technician"]
["Installation Electrician/Maintenance Electrician","","-","-","-","-",1210,470,190,1870,"-","-","-","-",1210,470,190,1870,null,"Standard - Installation Electrician/Maintenance Electrician"]
["Insurance Practitioner","","-","-","-","-",80,110,50,240,"-","-","-","-",80,110,50,240,null,"Standard - Insurance Practitioner"]
["Insurance Professional","","-","-","-","-","-","-","-","-","-",20,30,50,"-",20,30,50,null,"Standard - Insurance Professional"]
["Investment Operations Administrator","","-","-","-","-","-","-","-","-","-","-","-","-","-","-","-","-",null,"Standard - Investment Operations Administrator"]
["Investment Operations Specialist","","-","-","-","-","-","-","-","-",20,20,"-",50,20,20,"-",50,null,"Standard - Investment Operations Specialist"]
["Investment Operations Technician","","-","-","-","-",10,10,20,40,"-","-","-","-",10,10,20,40,null,"Standard - Investment Operations Technician"]
["IS Business Analyst","","-","-","-","-","-","-","-","-","-","-",10,10,"-","-",10,10,null,"Standard - IS Business Analyst"]
["IT Technical Salesperson","","-","-","-","-",10,10,10,30,"-","-","-","-",10,10,10,30,null,"Standard - IT Technical Salesperson"]
["Junior 2D Artist (visual effects)","","-","-","-","-","-","-","-","-","-","-","-",10,"-","-","-",10,null,"Standard - Junior 2D Artist (visual effects)"]
["Junior Content Producer","","-","-","-","-","-","-","-",10,"-","-","-","-","-","-","-",10,null,"Standard - Junior Content Producer"]
["Junior Energy Manager","","-","-","-","-","-","-","-","-","-","-","-","-","-","-","-","-",null,"Standard - Junior Energy Manager"]
["Junior Journalist","","-","-","-","-",10,20,10,40,"-","-","-","-",10,20,10,40,null,"Standard - Junior Journalist"]
["Junior Management Consultant","","-","-","-","-","-","-","-","-",10,20,"-",30,10,20,"-",30,null,"Standard - Junior Management Consultant"]
["Laboratory Scientist","","-","-","-","-","-","-","-","-",40,40,10,80,40,40,10,80,null,"Standard - Laboratory Scientist"]
["Laboratory Technician","","-","-","-","-",20,30,"-",50,"-","-","-","-",20,30,"-",50,null,"Standard - Laboratory Technician"]
["Land-Based Service Engineering Technician","","-","-","-","-","-","-","-","-","-","-","-","-","-","-","-","-",null,"Standard - Land-Based Service Engineering Technician"]
["Large Goods Vehicle (LGV) Driver","",10,50,140,200,"-","-","-","-","-","-","-","-",10,50,140,200,null,"Standard - Large Goods Vehicle (LGV) Driver"]
["Lead Adult Care Worker","","-","-","-","-",10,60,210,280,"-","-","-","-",10,60,210,280,null,"Standard - Lead Adult Care Worker"]
["Licensed Conveyancer","","-","-","-","-","-","-","-","-","-","-",10,10,"-","-",10,10,null,"Standard - Licensed Conveyancer"]
["Live Event Rigger","","-","-","-","-","-",10,"-",10,"-","-","-","-","-",10,"-",10,null,"Standard - Live Event Rigger"]
["Machinist (Advanced Manufacturing Engineering)","","-","-","-","-","-","-","-",10,"-","-","-","-","-","-","-",10,null,"Standard - Machinist (Advanced Manufacturing Engineering)"]
["Maintenance and Operations Engineering Technician","","-","-","-","-",10,10,10,30,"-","-","-","-",10,10,10,30,null,"Standard - Maintenance and Operations Engineering Technician"]
["Manufacturing Engineer","","-","-","-","-","-","-","-","-",30,40,"-",80,30,40,"-",80,null,"Standard - Manufacturing Engineer"]
["Mechatronics Maintenance Technician","","-","-","-","-",60,50,10,120,"-","-","-","-",60,50,10,120,null,"Standard - Mechatronics Maintenance Technician"]
["Mortgage Adviser","","-","-","-","-","-",10,10,20,"-","-","-","-","-",10,10,20,null,"Standard - Mortgage Adviser"]
["Motor Vehicle Service and Maintenance Technician (light vehicle)","","-","-","-","-",90,20,20,140,"-","-","-","-",90,20,20,140,null,"Standard - Motor Vehicle Service and Maintenance Technician (light vehicle)"]
["Network Engineer","","-","-","-","-","-","-","-","-",100,220,30,350,100,220,30,350,null,"Standard - Network Engineer"]
["Non-destructive Testing (NDT) Operator","","-","-",10,10,"-","-","-","-","-","-","-","-","-","-",10,10,null,"Standard - Non-destructive Testing (NDT) Operator"]
["Non-destructive Testing Engineering Technician","","-","-","-","-","-","-","-","-","-","-","-","-","-","-","-","-",null,"Standard - Non-destructive Testing Engineering Technician"]
["Nuclear Health Physics Monitor","",10,10,"-",10,"-","-","-","-","-","-","-","-",10,10,"-",10,null,"Standard - Nuclear Health Physics Monitor"]
["Nuclear Scientist and Nuclear Engineer","","-","-","-","-","-","-","-","-",30,30,10,70,30,30,10,70,null,"Standard - Nuclear Scientist and Nuclear Engineer"]
["Nuclear Welding Inspection Technician","","-","-","-","-","-","-","-","-",10,"-","-",10,10,"-","-",10,null,"Standard - Nuclear Welding Inspection Technician"]
["Operations/Departmental Manager","","-","-","-","-","-","-","-","-","-",30,740,770,"-",30,740,770,null,"Standard - Operations/Departmental Manager"]
["Paralegal","","-","-","-","-",90,40,10,130,"-","-","-","-",90,40,10,130,null,"Standard - Paralegal"]
["Paraplanner","","-","-","-","-","-","-","-","-","-",20,10,40,"-",20,10,40,null,"Standard - Paraplanner"]
["Power Network Craftsperson","","-","-","-","-",40,90,70,200,"-","-","-","-",40,90,70,200,null,"Standard - Power Network Craftsperson"]
["Product Design and Development Engineer","","-","-","-","-","-","-","-","-",10,10,"-",30,10,10,"-",30,null,"Standard - Product Design and Development Engineer"]
["Product Design and Development Technician","","-","-","-","-",30,30,"-",70,"-","-","-","-",30,30,"-",70,null,"Standard - Product Design and Development Technician"]
["Professional Accounting Taxation Technician","","-","-","-","-","-","-","-","-",140,380,30,550,140,380,30,550,null,"Standard - Professional Accounting Taxation Technician"]
["Property Maintenance Operative","","-",30,240,270,"-","-","-","-","-","-","-","-","-",30,240,270,null,"Standard - Property Maintenance Operative"]
["Public Sector Commercial Professional","","-","-","-","-","-","-","-","-","-",10,10,20,"-",10,10,20,null,"Standard - Public Sector Commercial Professional"]
["Public Service Operational Delivery Officer","","-","-","-","-",10,10,30,60,"-","-","-","-",10,10,30,60,null,"Standard - Public Service Operational Delivery Officer"]
["Rail Engineering Operative","","-",20,60,80,"-","-","-","-","-","-","-","-","-",20,60,80,null,"Standard - Rail Engineering Operative"]
["Rail Engineering Technician","","-","-","-","-",100,130,30,260,"-","-","-","-",100,130,30,260,null,"Standard - Rail Engineering Technician"]
["Railway Engineering Design Technician","","-","-","-","-",30,10,"-",40,"-","-","-","-",30,10,"-",40,null,"Standard - Railway Engineering Design Technician"]
["Refrigeration Air Conditioning and Heat Pump Engineering Technician","","-","-","-","-","-","-","-","-","-","-","-","-","-","-","-","-",null,"Standard - Refrigeration Air Conditioning and Heat Pump Engineering Technician"]
["Relationship Manager (Banking)","","-","-","-","-","-","-","-","-","-",20,"-",20,"-",20,"-",20,null,"Standard - Relationship Manager (Banking)"]
["Retail Manager","","-","-","-","-","-","-","-","-",10,30,50,100,10,30,50,100,null,"Standard - Retail Manager"]
["Retail Team Leader","","-","-","-","-","-",170,350,520,"-","-","-","-","-",170,350,520,null,"Standard - Retail Team Leader"]
["Retailer","",170,750,1240,2160,"-","-","-","-","-","-","-","-",170,750,1240,2160,null,"Standard - Retailer"]
["Science Industry Maintenance Technician","","-","-","-","-",40,20,"-",60,"-","-","-","-",40,20,"-",60,null,"Standard - Science Industry Maintenance Technician"]
["Science Manufacturing Technician","","-","-","-","-",10,"-","-",10,"-","-","-","-",10,"-","-",10,null,"Standard - Science Manufacturing Technician"]
["Senior Chef Production Cooking","","-","-","-","-","-","-",10,10,"-","-","-","-","-","-",10,10,null,"Standard - Senior Chef Production Cooking"]
["Senior Financial Services Customer Adviser","","-","-","-","-",30,150,80,260,"-","-","-","-",30,150,80,260,null,"Standard - Senior Financial Services Customer Adviser"]
["Senior Healthcare Support Worker","","-","-","-","-",10,50,120,170,"-","-","-","-",10,50,120,170,null,"Standard - Senior Healthcare Support Worker"]
["Senior Housing/Property Management","","-","-","-","-","-","-","-","-","-","-",20,20,"-","-",20,20,null,"Standard - Senior Housing/Property Management"]
["Software Developer","","-","-","-","-","-","-","-","-",60,150,40,250,60,150,40,250,null,"Standard - Software Developer"]
["Software Development Technician","","-","-","-","-",70,60,10,140,"-","-","-","-",70,60,10,140,null,"Standard - Software Development Technician"]
["Software Tester","","-","-","-","-","-","-","-","-",10,20,"-",40,10,20,"-",40,null,"Standard - Software Tester"]
["Solicitor","","-","-","-","-","-","-","-","-",10,10,"-",30,10,10,"-",30,null,"Standard - Solicitor"]
["Spectacle Maker","","-","-","-","-",10,"-","-",20,"-","-","-","-",10,"-","-",20,null,"Standard - Spectacle Maker"]
["Sports Turf Operative","","-","-","-","-","-","-","-","-","-","-","-","-","-","-","-","-",null,"Standard - Sports Turf Operative"]
["Supply Chain Operator","",10,"-","-",10,"-","-","-","-","-","-","-","-",10,"-","-",10,null,{"$f":"\"Standard - \"&A287","v":"Standard - Supply Chain Operator"}]
["Supply Chain Warehouse Operative","",110,50,40,190,"-","-","-","-","-","-","-","-",110,50,40,190,null,"Standard - Supply Chain Warehouse Operative"]
["Surveying Technician","","-","-","-","-",50,50,20,130,"-","-","-","-",50,50,20,130,null,"Standard - Surveying Technician"]
["Systems Engineering Masters Level","","-","-","-","-","-","-","-","-","-","-",20,20,"-","-",20,20,null,"Standard - Systems Engineering Masters Level"]
["Team Leader/Supervisor","","-","-","-","-",10,230,1640,1870,"-","-","-","-",10,230,1640,1870,null,"Standard - Team Leader/Supervisor"]
["Transport Planning Technician","","-","-","-","-",30,10,"-",40,"-","-","-","-",30,10,"-",40,null,"Standard - Transport Planning Technician"]
["Travel Consultant","","-","-","-","-",30,30,30,90,"-","-","-","-",30,30,30,90,null,"Standard - Travel Consultant"]
["Unified Communications Technician","","-","-","-","-",10,70,20,90,"-","-","-","-",10,70,20,90,null,"Standard - Unified Communications Technician"]
["Utilities Engineering Technician","","-","-","-","-",40,20,"-",60,"-","-","-","-",40,20,"-",60,null,"Standard - Utilities Engineering Technician"]
["Water Process Technician","","-","-","-","-",30,20,20,70,"-","-","-","-",30,20,20,70,null,"Standard - Water Process Technician"]
["Welding","","-","-","-","-","-","-","-","-","-","-","-","-","-","-","-","-",null,"Standard - Welding"]
["Workplace Pensions (Administrator or Consultant)","","-","-","-","-","-",10,10,10,"-","-","-","-","-",10,10,10,null,"Standard - Workplace Pensions (Administrator or Consultant)"]
["Grand Total","",77700,71100,110600,259400,41500,62500,91800,195800,2100,7500,26600,36100,121300,141100,229000,491300]

{"sheet":"SSA - Historical","index":9,"n_rows":20,"n_cols":210,"rows_kept":20,"hidden":true,"merged":[[2,2,2,13],[2,14,2,25],[2,26,2,37],[2,38,2,49],[2,50,2,65],[2,66,2,81],[2,82,2,97],[2,98,2,113],[2,114,2,129],[2,130,2,145],[2,146,2,161],[2,162,2,177],[2,178,2,193],[2,194,2,209],[3,2,3,5],[3,6,3,9],[3,10,3,13],[3,14,3,17],[3,18,3,21],[3,22,3,25],[3,26,3,29],[3,30,3,33],[3,34,3,37],[3,38,3,41],[3,42,3,45],[3,46,3,49],[3,50,3,53],[3,54,3,57],[3,58,3,61],[3,62,3,65],[3,66,3,69],[3,70,3,73],[3,74,3,77],[3,78,3,81],[3,82,3,85],[3,86,3,89],[3,90,3,93],[3,94,3,97],[3,98,3,101],[3,102,3,105],[3,106,3,109],[3,110,3,113],[3,114,3,117],[3,118,3,121],[3,122,3,125],[3,126,3,129],[3,130,3,133],[3,134,3,137],[3,138,3,141],[3,142,3,145],[3,146,3,149],[3,150,3,153],[3,154,3,157],[3,158,3,161],[3,162,3,165],[3,166,3,169],[3,170,3,173],[3,174,3,177],[3,178,3,181],[3,182,3,185],[3,186,3,189],[3,190,3,193],[3,194,3,197],[3,198,3,201],[3,202,3,205],[3,206,3,209]]}
["Apprenticeship Programme Starts by Sector Subject Area, Level and Age (2002/03 to 2015/16)"]
[{"$nulls":66},{"$f":"COLUMN(BO6)","v":67}]
["Sector Subject Area","Year","2002/03\nFull Year",{"$nulls":11},"2003/04\nFull Year",{"$nulls":11},"2004/05\nFull Year",{"$nulls":11},"2005/06\nFull Year",{"$nulls":11},"2006/07\nFull Year",{"$nulls":15},"2007/08\nFull Year",{"$nulls":15},"2008/09\nFull Year",{"$nulls":15},"2009/10\nFull Year",{"$nulls":15},"2010/11\nFull Year",{"$nulls":15},"2011/12\nFull Year",{"$nulls":15},"2012/13\nFull Year",{"$nulls":15},"2013/14\nFull Year",{"$nulls":15},"2014/15\nFull Year",{"$nulls":15},"2015/16\nFull Year"]
[null,"Level","Intermediate Level Apprenticeship",{"$nulls":3},"Advanced Level Apprenticeship",{"$nulls":3},"All Apprenticeships",{"$nulls":3},"Intermediate Level Apprenticeship",{"$nulls":3},"Advanced Level Apprenticeship",{"$nulls":3},"All Apprenticeships",{"$nulls":3},"Intermediate Level Apprenticeship",{"$nulls":3},"Advanced Level Apprenticeship",{"$nulls":3},"All Apprenticeships",{"$nulls":3},"Intermediate Level Apprenticeship",{"$nulls":3},"Advanced Level Apprenticeship",{"$nulls":3},"All Apprenticeships",{"$nulls":3},"Intermediate Level Apprenticeship",{"$nulls":3},"Advanced Level Apprenticeship",{"$nulls":3},"Higher Apprenticeship",{"$nulls":3},"All Apprenticeships",{"$nulls":3},"Intermediate Level Apprenticeship",{"$nulls":3},"Advanced Level Apprenticeship",{"$nulls":3},"Higher Apprenticeship",{"$nulls":3},"All Apprenticeships",{"$nulls":3},"Intermediate Level Apprenticeship",{"$nulls":3},"Advanced Level Apprenticeship",{"$nulls":3},"Higher Apprenticeship",{"$nulls":3},"All Apprenticeships",{"$nulls":3},"Intermediate Level Apprenticeship",{"$nulls":3},"Advanced Level Apprenticeship",{"$nulls":3},"Higher Apprenticeship",{"$nulls":3},"All Apprenticeships",{"$nulls":3},"Intermediate Level Apprenticeship",{"$nulls":3},"Advanced Level Apprenticeship",{"$nulls":3},"Higher Apprenticeship",{"$nulls":3},"All Apprenticeships",{"$nulls":3},"Intermediate Level Apprenticeship",{"$nulls":3},"Advanced Level Apprenticeship",{"$nulls":3},"Higher Apprenticeship",{"$nulls":3},"All Apprenticeships",{"$nulls":3},"Intermediate Level Apprenticeship",{"$nulls":3},"Advanced Level Apprenticeship",{"$nulls":3},"Higher Apprenticeship",{"$nulls":3},"All Apprenticeships",{"$nulls":3},"Intermediate Level Apprenticeship",{"$nulls":3},"Advanced Level Apprenticeship",{"$nulls":3},"Higher Apprenticeship",{"$nulls":3},"All Apprenticeships",{"$nulls":3},"Intermediate Level Apprenticeship",{"$nulls":3},"Advanced Level Apprenticeship",{"$nulls":3},"Higher Apprenticeship",{"$nulls":3},"All Apprenticeships",{"$nulls":3},"Intermediate Level Apprenticeship",{"$nulls":3},"Advanced Level Apprenticeship",{"$nulls":3},"Higher Apprenticeship",{"$nulls":3},"All Apprenticeships"]
[null,"Age","Under 19","19-24","25+","All Ages","Under 19","19-24","25+","All Ages","Under 19","19-24","25+","All Ages","Under 19","19-24","25+","All Ages","Under 19","19-24","25+","All Ages","Under 19","19-24","25+","All Ages","Under 19","19-24","25+","All Ages","Under 19","19-24","25+","All Ages","Under 19","19-24","25+","All Ages","Under 19","19-24","25+","All Ages","Under 19","19-24","25+","All Ages","Under 19","19-24","25+","All Ages","Under 19","19-24","25+","All Ages","Under 19","19-24","25+","All Ages","Under 19","19-24","25+","All Ages","Under 19","19-24","25+","All Ages","Under 19","19-24","25+","All Ages","Under 19","19-24","25+","All Ages","Under 19","19-24","25+","All Ages","Under 19","19-24","25+","All Ages","Under 19","19-24","25+","All Ages","Under 19","19-24","25+","All Ages","Under 19","19-24","25+","All Ages","Under 19","19-24","25+","All Ages","Under 19","19-24","25+","All Ages","Under 19","19-24","25+","All Ages","Under 19","19-24","25+","All Ages","Under 19","19-24","25+","All Ages","Under 19","19-24","25+","All Ages","Under 19","19-24","25+","All Ages","Under 19","19-24","25+","All Ages","Under 19","19-24","25+","All Ages","Under 19","19-24","25+","All Ages","Under 19","19-24","25+","All Ages","Under 19","19-24","25+","All Ages","Under 19","19-24","25+","All Ages","Under 19","19-24","25+","All Ages","Under 19","19-24","25+","All Ages","Under 19","19-24","25+","All Ages","Under 19","19-24","25+","All Ages","Under 19","19-24","25+","All Ages","Under 19","19-24","25+","All Ages","Under 19","19-24","25+","All Ages","Under 19","19-24","25+","All Ages","Under 19","19-24","25+","All Ages","Under 19","19-24","25+","All Ages","Under 19","19-24","25+","All Ages","Under 19","19-24","25+","All Ages","Under 19","19-24","25+","All Ages","Under 19","19-24","25+","All Ages","Under 19","19-24","25+","All Ages","Under 19","19-24","25+","All Ages"]
["Agriculture, Horticulture and Animal Care",null,{"v":2220,"d":"2,220"},730,"-",{"v":2940,"d":"2,940"},230,280,"-",500,{"v":2440,"d":"2,440"},{"v":1000,"d":"1,000"},"-",{"v":3450,"d":"3,450"},{"v":2410,"d":"2,410"},850,"-",{"v":3260,"d":"3,260"},300,440,"-",740,{"v":2710,"d":"2,710"},{"v":1290,"d":"1,290"},"-",{"v":4000,"d":"4,000"},{"v":2690,"d":"2,690"},950,"-",{"v":3630,"d":"3,630"},340,520,"-",850,{"v":3020,"d":"3,020"},{"v":1460,"d":"1,460"},"-",{"v":4490,"d":"4,490"},{"v":2470,"d":"2,470"},960,10,{"v":3440,"d":"3,440"},350,680,"-",{"v":1040,"d":"1,040"},{"v":2820,"d":"2,820"},{"v":1640,"d":"1,640"},10,{"v":4470,"d":"4,470"},{"v":2310,"d":"2,310"},930,"-",{"v":3240,"d":"3,240"},350,680,"-",{"v":1040,"d":"1,040"},"-","-","-","-",{"v":2660,"d":"2,660"},{"v":1620,"d":"1,620"},10,{"v":4280,"d":"4,280"},{"v":2360,"d":"2,360"},{"v":1190,"d":"1,190"},130,{"v":3680,"d":"3,680"},330,670,130,{"v":1130,"d":"1,130"},"-","-","-","-",{"v":2690,"d":"2,690"},{"v":1860,"d":"1,860"},260,{"v":4810,"d":"4,810"},{"v":2320,"d":"2,320"},{"v":1210,"d":"1,210"},450,{"v":3980,"d":"3,980"},330,670,240,{"v":1230,"d":"1,230"},"-","-","-","-",{"v":2640,"d":"2,640"},{"v":1880,"d":"1,880"},690,{"v":5210,"d":"5,210"},{"v":2640,"d":"2,640"},{"v":1340,"d":"1,340"},330,{"v":4310,"d":"4,310"},380,770,230,{"v":1380,"d":"1,380"},"-","-","-","-",{"v":3020,"d":"3,020"},{"v":2110,"d":"2,110"},550,{"v":5690,"d":"5,690"},{"v":2640,"d":"2,640"},{"v":1460,"d":"1,460"},820,{"v":4920,"d":"4,920"},520,{"v":1250,"d":"1,250"},690,{"v":2460,"d":"2,460"},"-","-","-","-",{"v":3160,"d":"3,160"},{"v":2710,"d":"2,710"},{"v":1500,"d":"1,500"},{"v":7380,"d":"7,380"},{"v":2880,"d":"2,880"},{"v":1460,"d":"1,460"},{"v":1040,"d":"1,040"},{"v":5380,"d":"5,380"},520,920,760,{"v":2190,"d":"2,190"},"-","-","-","-",{"v":3400,"d":"3,400"},{"v":2380,"d":"2,380"},{"v":1800,"d":"1,800"},{"v":7570,"d":"7,570"},{"v":2540,"d":"2,540"},{"v":1550,"d":"1,550"},610,{"v":4690,"d":"4,690"},560,{"v":1010,"d":"1,010"},820,{"v":2390,"d":"2,390"},"-",10,"-",10,{"v":3100,"d":"3,100"},{"v":2560,"d":"2,560"},{"v":1440,"d":"1,440"},{"v":7090,"d":"7,090"},{"v":2720,"d":"2,720"},{"v":1640,"d":"1,640"},600,{"v":4960,"d":"4,960"},520,{"v":1170,"d":"1,170"},360,{"v":2050,"d":"2,050"},10,30,"-",40,{"v":3250,"d":"3,250"},{"v":2840,"d":"2,840"},970,{"v":7060,"d":"7,060"},{"v":2780,"d":"2,780"},{"v":1560,"d":"1,560"},500,{"v":4840,"d":"4,840"},580,{"v":1010,"d":"1,010"},550,{"v":2140,"d":"2,140"},10,10,"-",20,{"v":3370,"d":"3,370"},{"v":2580,"d":"2,580"},{"v":1050,"d":"1,050"},{"v":7010,"d":"7,010"},3260,1750,640,5650,690,1130,690,2500,10,20,"-",40,3950,2900,1340,8190]
["Arts, Media and Publishing",null,50,10,"-",60,30,40,"-",70,80,50,"-",120,10,"-","-",10,20,20,"-",50,30,30,"-",60,10,"-","-",10,50,20,"-",70,60,20,"-",80,10,"-","-",10,"-","-","-","-",10,"-","-",10,20,10,"-",30,10,10,"-",10,"-","-","-","-",30,10,"-",40,20,10,"-",20,10,10,"-",20,"-","-","-","-",30,10,"-",40,40,30,10,80,60,70,20,150,"-","-","-","-",100,100,30,230,90,80,10,180,110,110,40,260,"-","-","-","-",200,200,50,440,120,140,10,270,370,320,70,760,"-","-","-","-",490,460,80,{"v":1030,"d":"1,030"},120,130,"-",260,560,350,40,960,"-","-","-","-",680,490,40,{"v":1210,"d":"1,210"},100,130,10,240,500,320,60,880,"-",10,"-",10,600,450,70,{"v":1120,"d":"1,120"},150,190,10,340,580,450,20,{"v":1050,"d":"1,050"},10,20,"-",30,740,650,30,{"v":1410,"d":"1,410"},150,160,"-",310,570,500,40,{"v":1110,"d":"1,110"},20,20,"-",40,730,680,40,{"v":1460,"d":"1,460"},120,130,10,260,460,440,40,940,30,30,10,60,610,590,50,1250]
["Business, Administration and Law",null,{"v":15650,"d":"15,650"},{"v":11730,"d":"11,730"},"-",{"v":27380,"d":"27,380"},{"v":2290,"d":"2,290"},{"v":7230,"d":"7,230"},"-",{"v":9520,"d":"9,520"},{"v":17940,"d":"17,940"},{"v":18960,"d":"18,960"},"-",{"v":36900,"d":"36,900"},{"v":15750,"d":"15,750"},{"v":13440,"d":"13,440"},"-",{"v":29190,"d":"29,190"},{"v":2430,"d":"2,430"},{"v":8060,"d":"8,060"},"-",{"v":10490,"d":"10,490"},{"v":18180,"d":"18,180"},{"v":21500,"d":"21,500"},"-",{"v":39680,"d":"39,680"},{"v":14990,"d":"14,990"},{"v":13610,"d":"13,610"},30,{"v":28630,"d":"28,630"},{"v":2360,"d":"2,360"},{"v":7040,"d":"7,040"},10,{"v":9410,"d":"9,410"},{"v":17350,"d":"17,350"},{"v":20650,"d":"20,650"},40,{"v":38040,"d":"38,040"},{"v":14050,"d":"14,050"},{"v":14030,"d":"14,030"},"-",{"v":28080,"d":"28,080"},{"v":2500,"d":"2,500"},{"v":7280,"d":"7,280"},20,{"v":9790,"d":"9,790"},{"v":16540,"d":"16,540"},{"v":21310,"d":"21,310"},20,{"v":37870,"d":"37,870"},{"v":13430,"d":"13,430"},{"v":13730,"d":"13,730"},30,{"v":27190,"d":"27,190"},{"v":2770,"d":"2,770"},{"v":7740,"d":"7,740"},40,{"v":10550,"d":"10,550"},"-","-","-","-",{"v":16200,"d":"16,200"},{"v":21470,"d":"21,470"},70,{"v":37740,"d":"37,740"},{"v":13100,"d":"13,100"},{"v":17720,"d":"17,720"},{"v":7400,"d":"7,400"},{"v":38220,"d":"38,220"},{"v":2610,"d":"2,610"},{"v":7430,"d":"7,430"},{"v":4580,"d":"4,580"},{"v":14620,"d":"14,620"},"-","-","-","-",{"v":15700,"d":"15,700"},{"v":25140,"d":"25,140"},{"v":11990,"d":"11,990"},{"v":52830,"d":"52,830"},{"v":11720,"d":"11,720"},{"v":17300,"d":"17,300"},{"v":15520,"d":"15,520"},{"v":44530,"d":"44,530"},{"v":2370,"d":"2,370"},{"v":6970,"d":"6,970"},{"v":10110,"d":"10,110"},{"v":19450,"d":"19,450"},20,70,10,90,{"v":14100,"d":"14,100"},{"v":24340,"d":"24,340"},{"v":25630,"d":"25,630"},{"v":64060,"d":"64,060"},{"v":17680,"d":"17,680"},{"v":22290,"d":"22,290"},{"v":13280,"d":"13,280"},{"v":53250,"d":"53,250"},{"v":2640,"d":"2,640"},{"v":9500,"d":"9,500"},{"v":9900,"d":"9,900"},{"v":22040,"d":"22,040"},100,{"v":1080,"d":"1,080"},120,{"v":1300,"d":"1,300"},{"v":20420,"d":"20,420"},{"v":32870,"d":"32,870"},{"v":23300,"d":"23,300"},{"v":76590,"d":"76,590"},{"v":24510,"d":"24,510"},{"v":27600,"d":"27,600"},{"v":36070,"d":"36,070"},{"v":88170,"d":"88,170"},{"v":4320,"d":"4,320"},{"v":12300,"d":"12,300"},{"v":26960,"d":"26,960"},{"v":43580,"d":"43,580"},140,{"v":1260,"d":"1,260"},670,{"v":2070,"d":"2,070"},{"v":28970,"d":"28,970"},{"v":41150,"d":"41,150"},{"v":63700,"d":"63,700"},{"v":133820,"d":"133,820"},{"v":24950,"d":"24,950"},{"v":33030,"d":"33,030"},{"v":45210,"d":"45,210"},{"v":103190,"d":"103,190"},{"v":4640,"d":"4,640"},{"v":16000,"d":"16,000"},{"v":37610,"d":"37,610"},{"v":58250,"d":"58,250"},210,{"v":1490,"d":"1,490"},{"v":1690,"d":"1,690"},{"v":3390,"d":"3,390"},{"v":29800,"d":"29,800"},{"v":50520,"d":"50,520"},{"v":84510,"d":"84,510"},{"v":164830,"d":"164,830"},{"v":21860,"d":"21,860"},{"v":33060,"d":"33,060"},{"v":36100,"d":"36,100"},{"v":91020,"d":"91,020"},{"v":4990,"d":"4,990"},{"v":18190,"d":"18,190"},{"v":40360,"d":"40,360"},{"v":63540,"d":"63,540"},330,{"v":1730,"d":"1,730"},{"v":3790,"d":"3,790"},{"v":5850,"d":"5,850"},{"v":27190,"d":"27,190"},{"v":52980,"d":"52,980"},{"v":80240,"d":"80,240"},{"v":160410,"d":"160,410"},{"v":22590,"d":"22,590"},{"v":31050,"d":"31,050"},{"v":31030,"d":"31,030"},{"v":84670,"d":"84,670"},{"v":5890,"d":"5,890"},{"v":15570,"d":"15,570"},{"v":15420,"d":"15,420"},{"v":36870,"d":"36,870"},390,{"v":1810,"d":"1,810"},{"v":2160,"d":"2,160"},{"v":4360,"d":"4,360"},{"v":28870,"d":"28,870"},{"v":48430,"d":"48,430"},{"v":48610,"d":"48,610"},{"v":125900,"d":"125,900"},{"v":22750,"d":"22,750"},{"v":28350,"d":"28,350"},{"v":34210,"d":"34,210"},{"v":85310,"d":"85,310"},{"v":7230,"d":"7,230"},{"v":16280,"d":"16,280"},{"v":25310,"d":"25,310"},{"v":48820,"d":"48,820"},530,{"v":2320,"d":"2,320"},{"v":6000,"d":"6,000"},{"v":8850,"d":"8,850"},{"v":30510,"d":"30,510"},{"v":46950,"d":"46,950"},{"v":65520,"d":"65,520"},{"v":142980,"d":"142,980"},22510,24760,32670,79930,8650,15890,25890,50440,860,3140,8820,12820,32010,43790,67390,143190]
["Construction, Planning and the Built Environment",null,{"v":10700,"d":"10,700"},{"v":2150,"d":"2,150"},"-",{"v":12850,"d":"12,850"},{"v":2130,"d":"2,130"},880,"-",{"v":3020,"d":"3,020"},{"v":12830,"d":"12,830"},{"v":3030,"d":"3,030"},"-",{"v":15860,"d":"15,860"},{"v":13110,"d":"13,110"},{"v":3340,"d":"3,340"},"-",{"v":16440,"d":"16,440"},{"v":2600,"d":"2,600"},{"v":1770,"d":"1,770"},"-",{"v":4360,"d":"4,360"},{"v":15700,"d":"15,700"},{"v":5100,"d":"5,100"},"-",{"v":20810,"d":"20,810"},{"v":15620,"d":"15,620"},{"v":4180,"d":"4,180"},"-",{"v":19810,"d":"19,810"},{"v":2650,"d":"2,650"},{"v":2520,"d":"2,520"},30,{"v":5190,"d":"5,190"},{"v":18270,"d":"18,270"},{"v":6700,"d":"6,700"},30,{"v":25000,"d":"25,000"},{"v":11860,"d":"11,860"},{"v":3330,"d":"3,330"},30,{"v":15220,"d":"15,220"},{"v":3000,"d":"3,000"},{"v":2870,"d":"2,870"},"-",{"v":5870,"d":"5,870"},{"v":14860,"d":"14,860"},{"v":6200,"d":"6,200"},30,{"v":21090,"d":"21,090"},{"v":16070,"d":"16,070"},{"v":4260,"d":"4,260"},"-",{"v":20330,"d":"20,330"},{"v":3360,"d":"3,360"},{"v":3600,"d":"3,600"},10,{"v":6970,"d":"6,970"},"-","-","-","-",{"v":19430,"d":"19,430"},{"v":7860,"d":"7,860"},10,{"v":27300,"d":"27,300"},{"v":16040,"d":"16,040"},{"v":4630,"d":"4,630"},350,{"v":21020,"d":"21,020"},{"v":2780,"d":"2,780"},{"v":3270,"d":"3,270"},130,{"v":6180,"d":"6,180"},"-","-","-","-",{"v":18820,"d":"18,820"},{"v":7910,"d":"7,910"},480,{"v":27200,"d":"27,200"},{"v":12080,"d":"12,080"},{"v":3850,"d":"3,850"},950,{"v":16890,"d":"16,890"},{"v":2730,"d":"2,730"},{"v":3430,"d":"3,430"},400,{"v":6560,"d":"6,560"},"-","-","-","-",{"v":14810,"d":"14,810"},{"v":7290,"d":"7,290"},{"v":1350,"d":"1,350"},{"v":23440,"d":"23,440"},{"v":10660,"d":"10,660"},{"v":3410,"d":"3,410"},690,{"v":14760,"d":"14,760"},{"v":2300,"d":"2,300"},{"v":3130,"d":"3,130"},350,{"v":5790,"d":"5,790"},"-","-","-","-",{"v":12960,"d":"12,960"},{"v":6550,"d":"6,550"},{"v":1040,"d":"1,040"},{"v":20550,"d":"20,550"},{"v":10290,"d":"10,290"},{"v":4080,"d":"4,080"},{"v":1640,"d":"1,640"},{"v":16020,"d":"16,020"},{"v":2420,"d":"2,420"},{"v":3340,"d":"3,340"},640,{"v":6400,"d":"6,400"},"-","-","-","-",{"v":12720,"d":"12,720"},{"v":7430,"d":"7,430"},{"v":2280,"d":"2,280"},{"v":22420,"d":"22,420"},{"v":7040,"d":"7,040"},{"v":2900,"d":"2,900"},900,{"v":10850,"d":"10,850"},{"v":1210,"d":"1,210"},{"v":1610,"d":"1,610"},260,{"v":3080,"d":"3,080"},"-","-","-","-",{"v":8250,"d":"8,250"},{"v":4520,"d":"4,520"},{"v":1160,"d":"1,160"},{"v":13920,"d":"13,920"},{"v":6530,"d":"6,530"},{"v":3000,"d":"3,000"},940,{"v":10470,"d":"10,470"},{"v":1280,"d":"1,280"},{"v":1480,"d":"1,480"},450,{"v":3210,"d":"3,210"},10,30,20,60,{"v":7820,"d":"7,820"},{"v":4510,"d":"4,510"},{"v":1410,"d":"1,410"},{"v":13730,"d":"13,730"},{"v":7890,"d":"7,890"},{"v":3680,"d":"3,680"},{"v":1030,"d":"1,030"},{"v":12600,"d":"12,600"},{"v":1320,"d":"1,320"},{"v":1680,"d":"1,680"},210,{"v":3210,"d":"3,210"},10,50,10,70,{"v":9220,"d":"9,220"},{"v":5410,"d":"5,410"},{"v":1260,"d":"1,260"},{"v":15890,"d":"15,890"},{"v":8690,"d":"8,690"},{"v":4330,"d":"4,330"},{"v":1380,"d":"1,380"},{"v":14390,"d":"14,390"},{"v":1530,"d":"1,530"},{"v":1860,"d":"1,860"},410,{"v":3800,"d":"3,800"},20,60,20,100,{"v":10240,"d":"10,240"},{"v":6240,"d":"6,240"},{"v":1820,"d":"1,820"},{"v":18290,"d":"18,290"},9550,4650,2470,16670,1710,2020,790,4510,40,130,110,270,11290,6800,3370,21460]
["Education and Training",null,"-","-","-","-","-","-","-","-","-","-","-","-","-","-","-","-","-",10,"-",10,"-",10,"-",10,10,"-","-",10,"-",10,"-",10,10,10,"-",20,20,20,"-",50,20,50,"-",60,40,70,"-",110,50,10,"-",60,10,30,"-",40,"-","-","-","-",50,40,"-",90,80,20,30,130,"-",30,170,210,"-","-","-","-",80,50,210,340,70,50,140,270,20,100,770,900,"-","-","-","-",100,150,920,{"v":1160,"d":"1,160"},200,90,100,390,50,110,300,460,"-","-","-","-",250,210,400,860,280,250,470,{"v":1000,"d":"1,000"},100,350,{"v":2690,"d":"2,690"},{"v":3140,"d":"3,140"},"-","-","-","-",380,600,{"v":3150,"d":"3,150"},{"v":4140,"d":"4,140"},430,360,840,{"v":1630,"d":"1,630"},230,720,{"v":4970,"d":"4,970"},{"v":5920,"d":"5,920"},"-","-","-","-",660,{"v":1080,"d":"1,080"},{"v":5810,"d":"5,810"},{"v":7550,"d":"7,550"},550,490,770,{"v":1810,"d":"1,810"},270,920,{"v":5050,"d":"5,050"},{"v":6240,"d":"6,240"},"-","-","-","-",810,{"v":1410,"d":"1,410"},{"v":5820,"d":"5,820"},{"v":8050,"d":"8,050"},720,640,560,{"v":1930,"d":"1,930"},400,790,{"v":1650,"d":"1,650"},{"v":2830,"d":"2,830"},"-","-","-","-",{"v":1110,"d":"1,110"},{"v":1430,"d":"1,430"},{"v":2210,"d":"2,210"},{"v":4750,"d":"4,750"},800,700,940,{"v":2430,"d":"2,430"},520,{"v":1110,"d":"1,110"},{"v":3390,"d":"3,390"},{"v":5010,"d":"5,010"},"-",10,"-",10,{"v":1320,"d":"1,320"},{"v":1810,"d":"1,810"},{"v":4320,"d":"4,320"},{"v":7450,"d":"7,450"},950,840,940,2730,520,1340,3710,5570,"-","-","-",10,1470,2180,4640,8300]
["Engineering and Manufacturing Technologies",null,{"v":9910,"d":"9,910"},{"v":4350,"d":"4,350"},"-",{"v":14260,"d":"14,260"},{"v":12110,"d":"12,110"},{"v":4150,"d":"4,150"},"-",{"v":16260,"d":"16,260"},{"v":22020,"d":"22,020"},{"v":8500,"d":"8,500"},"-",{"v":30520,"d":"30,520"},{"v":12340,"d":"12,340"},{"v":5990,"d":"5,990"},"-",{"v":18330,"d":"18,330"},{"v":13910,"d":"13,910"},{"v":6700,"d":"6,700"},"-",{"v":20610,"d":"20,610"},{"v":26240,"d":"26,240"},{"v":12690,"d":"12,690"},"-",{"v":38930,"d":"38,930"},{"v":14010,"d":"14,010"},{"v":5600,"d":"5,600"},20,{"v":19630,"d":"19,630"},{"v":13160,"d":"13,160"},{"v":5480,"d":"5,480"},10,{"v":18650,"d":"18,650"},{"v":27170,"d":"27,170"},{"v":11080,"d":"11,080"},30,{"v":38280,"d":"38,280"},{"v":14140,"d":"14,140"},{"v":5270,"d":"5,270"},"-",{"v":19420,"d":"19,420"},{"v":9960,"d":"9,960"},{"v":5700,"d":"5,700"},20,{"v":15670,"d":"15,670"},{"v":24110,"d":"24,110"},{"v":10960,"d":"10,960"},20,{"v":35090,"d":"35,090"},{"v":13730,"d":"13,730"},{"v":5410,"d":"5,410"},40,{"v":19180,"d":"19,180"},{"v":11290,"d":"11,290"},{"v":6690,"d":"6,690"},30,{"v":18000,"d":"18,000"},20,40,"-",60,{"v":25040,"d":"25,040"},{"v":12140,"d":"12,140"},60,{"v":37240,"d":"37,240"},{"v":16070,"d":"16,070"},{"v":7540,"d":"7,540"},{"v":1400,"d":"1,400"},{"v":25020,"d":"25,020"},{"v":12310,"d":"12,310"},{"v":9040,"d":"9,040"},860,{"v":22200,"d":"22,200"},"-","-","-","-",{"v":28380,"d":"28,380"},{"v":16590,"d":"16,590"},{"v":2260,"d":"2,260"},{"v":47220,"d":"47,220"},{"v":13100,"d":"13,100"},{"v":6690,"d":"6,690"},{"v":2440,"d":"2,440"},{"v":22220,"d":"22,220"},{"v":10410,"d":"10,410"},{"v":8110,"d":"8,110"},{"v":2020,"d":"2,020"},{"v":20540,"d":"20,540"},"-",10,"-",10,{"v":23510,"d":"23,510"},{"v":14800,"d":"14,800"},{"v":4460,"d":"4,460"},{"v":42770,"d":"42,770"},{"v":13460,"d":"13,460"},{"v":7230,"d":"7,230"},{"v":1940,"d":"1,940"},{"v":22620,"d":"22,620"},{"v":8970,"d":"8,970"},{"v":9270,"d":"9,270"},{"v":1610,"d":"1,610"},{"v":19850,"d":"19,850"},10,40,"-",50,{"v":22440,"d":"22,440"},{"v":16540,"d":"16,540"},{"v":3550,"d":"3,550"},{"v":42520,"d":"42,520"},{"v":14040,"d":"14,040"},{"v":7510,"d":"7,510"},{"v":10670,"d":"10,670"},{"v":32220,"d":"32,220"},{"v":9770,"d":"9,770"},{"v":9220,"d":"9,220"},{"v":3360,"d":"3,360"},{"v":22340,"d":"22,340"},20,50,10,80,{"v":23830,"d":"23,830"},{"v":16780,"d":"16,780"},{"v":14030,"d":"14,030"},{"v":54640,"d":"54,640"},{"v":15780,"d":"15,780"},{"v":11200,"d":"11,200"},{"v":18600,"d":"18,600"},{"v":45570,"d":"45,570"},{"v":10470,"d":"10,470"},{"v":9670,"d":"9,670"},{"v":3910,"d":"3,910"},{"v":24040,"d":"24,040"},40,70,"-",120,{"v":26290,"d":"26,290"},{"v":20940,"d":"20,940"},{"v":22510,"d":"22,510"},{"v":69730,"d":"69,730"},{"v":13580,"d":"13,580"},{"v":10410,"d":"10,410"},{"v":14730,"d":"14,730"},{"v":38720,"d":"38,720"},{"v":11160,"d":"11,160"},{"v":10420,"d":"10,420"},{"v":5900,"d":"5,900"},{"v":27470,"d":"27,470"},90,110,20,220,{"v":24820,"d":"24,820"},{"v":20950,"d":"20,950"},{"v":20640,"d":"20,640"},{"v":66410,"d":"66,410"},{"v":14480,"d":"14,480"},{"v":11180,"d":"11,180"},{"v":13450,"d":"13,450"},{"v":39110,"d":"39,110"},{"v":11600,"d":"11,600"},{"v":11200,"d":"11,200"},{"v":2660,"d":"2,660"},{"v":25450,"d":"25,450"},100,150,20,270,{"v":26180,"d":"26,180"},{"v":22530,"d":"22,530"},{"v":16120,"d":"16,120"},{"v":64830,"d":"64,830"},{"v":15160,"d":"15,160"},{"v":11990,"d":"11,990"},{"v":17200,"d":"17,200"},{"v":44350,"d":"44,350"},{"v":12380,"d":"12,380"},{"v":12430,"d":"12,430"},{"v":4480,"d":"4,480"},{"v":29290,"d":"29,290"},110,270,40,420,{"v":27640,"d":"27,640"},{"v":24700,"d":"24,700"},{"v":21720,"d":"21,720"},{"v":74060,"d":"74,060"},15340,11820,19750,46920,12760,12910,5230,30900,240,340,80,660,28350,25070,25060,78480]
["Health, Public Services and Care",null,{"v":6690,"d":"6,690"},{"v":5770,"d":"5,770"},"-",{"v":12460,"d":"12,460"},{"v":1790,"d":"1,790"},{"v":4400,"d":"4,400"},"-",{"v":6190,"d":"6,190"},{"v":8480,"d":"8,480"},{"v":10170,"d":"10,170"},"-",{"v":18640,"d":"18,640"},{"v":8470,"d":"8,470"},{"v":7210,"d":"7,210"},"-",{"v":15680,"d":"15,680"},{"v":2030,"d":"2,030"},{"v":5380,"d":"5,380"},"-",{"v":7410,"d":"7,410"},{"v":10490,"d":"10,490"},{"v":12600,"d":"12,600"},"-",{"v":23090,"d":"23,090"},{"v":10120,"d":"10,120"},{"v":6320,"d":"6,320"},10,{"v":16450,"d":"16,450"},{"v":2690,"d":"2,690"},{"v":5200,"d":"5,200"},300,{"v":8190,"d":"8,190"},{"v":12810,"d":"12,810"},{"v":11520,"d":"11,520"},310,{"v":24640,"d":"24,640"},{"v":9000,"d":"9,000"},{"v":6040,"d":"6,040"},20,{"v":15050,"d":"15,050"},{"v":2680,"d":"2,680"},{"v":5310,"d":"5,310"},100,{"v":8090,"d":"8,090"},{"v":11680,"d":"11,680"},{"v":11340,"d":"11,340"},120,{"v":23140,"d":"23,140"},{"v":9070,"d":"9,070"},{"v":6370,"d":"6,370"},30,{"v":15470,"d":"15,470"},{"v":2800,"d":"2,800"},{"v":5760,"d":"5,760"},20,{"v":8580,"d":"8,580"},"-","-","-","-",{"v":11860,"d":"11,860"},{"v":12140,"d":"12,140"},50,{"v":24050,"d":"24,050"},{"v":9360,"d":"9,360"},{"v":6710,"d":"6,710"},{"v":1870,"d":"1,870"},{"v":17940,"d":"17,940"},{"v":2750,"d":"2,750"},{"v":6540,"d":"6,540"},{"v":4530,"d":"4,530"},{"v":13820,"d":"13,820"},"-","-","-","-",{"v":12110,"d":"12,110"},{"v":13250,"d":"13,250"},{"v":6410,"d":"6,410"},{"v":31760,"d":"31,760"},{"v":10670,"d":"10,670"},{"v":6770,"d":"6,770"},{"v":2990,"d":"2,990"},{"v":20440,"d":"20,440"},{"v":3210,"d":"3,210"},{"v":5490,"d":"5,490"},{"v":5750,"d":"5,750"},{"v":14450,"d":"14,450"},"-","-","-","-",{"v":13880,"d":"13,880"},{"v":12260,"d":"12,260"},{"v":8750,"d":"8,750"},{"v":34890,"d":"34,890"},{"v":13670,"d":"13,670"},{"v":9840,"d":"9,840"},{"v":3880,"d":"3,880"},{"v":27390,"d":"27,390"},{"v":3870,"d":"3,870"},{"v":7990,"d":"7,990"},{"v":4900,"d":"4,900"},{"v":16760,"d":"16,760"},"-","-","-","-",{"v":17540,"d":"17,540"},{"v":17830,"d":"17,830"},{"v":8780,"d":"8,780"},{"v":44150,"d":"44,150"},{"v":12170,"d":"12,170"},{"v":14930,"d":"14,930"},{"v":20520,"d":"20,520"},{"v":47610,"d":"47,610"},{"v":4880,"d":"4,880"},{"v":13130,"d":"13,130"},{"v":24280,"d":"24,280"},{"v":42290,"d":"42,290"},"-","-","-","-",{"v":17050,"d":"17,050"},{"v":28060,"d":"28,060"},{"v":44790,"d":"44,790"},{"v":89900,"d":"89,900"},{"v":11090,"d":"11,090"},{"v":17980,"d":"17,980"},{"v":26270,"d":"26,270"},{"v":55350,"d":"55,350"},{"v":5150,"d":"5,150"},{"v":15230,"d":"15,230"},{"v":33080,"d":"33,080"},{"v":53460,"d":"53,460"},"-","-","-","-",{"v":16250,"d":"16,250"},{"v":33210,"d":"33,210"},{"v":59350,"d":"59,350"},{"v":108810,"d":"108,810"},{"v":10200,"d":"10,200"},{"v":19470,"d":"19,470"},{"v":28430,"d":"28,430"},{"v":58090,"d":"58,090"},{"v":5150,"d":"5,150"},{"v":16860,"d":"16,860"},{"v":40250,"d":"40,250"},{"v":62260,"d":"62,260"},"-",260,{"v":2750,"d":"2,750"},{"v":3010,"d":"3,010"},{"v":15350,"d":"15,350"},{"v":36580,"d":"36,580"},{"v":71430,"d":"71,430"},{"v":123370,"d":"123,370"},{"v":10250,"d":"10,250"},{"v":19670,"d":"19,670"},{"v":31560,"d":"31,560"},{"v":61480,"d":"61,480"},{"v":5630,"d":"5,630"},{"v":15660,"d":"15,660"},{"v":22250,"d":"22,250"},{"v":43540,"d":"43,540"},"-",320,{"v":3220,"d":"3,220"},{"v":3540,"d":"3,540"},{"v":15890,"d":"15,890"},{"v":35650,"d":"35,650"},{"v":57020,"d":"57,020"},{"v":108560,"d":"108,560"},{"v":11480,"d":"11,480"},{"v":20730,"d":"20,730"},{"v":35480,"d":"35,480"},{"v":67690,"d":"67,690"},{"v":5160,"d":"5,160"},{"v":15220,"d":"15,220"},{"v":33030,"d":"33,030"},{"v":53400,"d":"53,400"},"-",710,{"v":8090,"d":"8,090"},{"v":8800,"d":"8,800"},{"v":16640,"d":"16,640"},{"v":36650,"d":"36,650"},{"v":76600,"d":"76,600"},{"v":129890,"d":"129,890"},12170,18160,34760,65090,5540,15630,35210,56380,20,850,10100,10970,17730,34640,80070,132440]
["Information and Communication Technology",null,{"v":2440,"d":"2,440"},710,"-",{"v":3150,"d":"3,150"},730,940,"-",{"v":1670,"d":"1,670"},{"v":3170,"d":"3,170"},{"v":1650,"d":"1,650"},"-",{"v":4820,"d":"4,820"},{"v":2910,"d":"2,910"},{"v":1030,"d":"1,030"},"-",{"v":3940,"d":"3,940"},710,{"v":1100,"d":"1,100"},"-",{"v":1810,"d":"1,810"},{"v":3620,"d":"3,620"},{"v":2130,"d":"2,130"},"-",{"v":5750,"d":"5,750"},{"v":3560,"d":"3,560"},940,10,{"v":4500,"d":"4,500"},590,960,"-",{"v":1560,"d":"1,560"},{"v":4150,"d":"4,150"},{"v":1900,"d":"1,900"},10,{"v":6060,"d":"6,060"},{"v":2530,"d":"2,530"},780,"-",{"v":3310,"d":"3,310"},980,{"v":2130,"d":"2,130"},70,{"v":3180,"d":"3,180"},{"v":3510,"d":"3,510"},{"v":2910,"d":"2,910"},70,{"v":6490,"d":"6,490"},{"v":2520,"d":"2,520"},{"v":1290,"d":"1,290"},10,{"v":3810,"d":"3,810"},{"v":1020,"d":"1,020"},940,"-",{"v":1950,"d":"1,950"},10,10,"-",20,{"v":3540,"d":"3,540"},{"v":2240,"d":"2,240"},10,{"v":5790,"d":"5,790"},{"v":2510,"d":"2,510"},{"v":1160,"d":"1,160"},460,{"v":4130,"d":"4,130"},{"v":1360,"d":"1,360"},{"v":1070,"d":"1,070"},150,{"v":2570,"d":"2,570"},30,30,"-",60,{"v":3890,"d":"3,890"},{"v":2260,"d":"2,260"},610,{"v":6760,"d":"6,760"},{"v":2720,"d":"2,720"},{"v":1150,"d":"1,150"},{"v":1130,"d":"1,130"},{"v":5000,"d":"5,000"},{"v":1920,"d":"1,920"},{"v":1370,"d":"1,370"},480,{"v":3770,"d":"3,770"},20,40,"-",60,{"v":4650,"d":"4,650"},{"v":2560,"d":"2,560"},{"v":1610,"d":"1,610"},{"v":8820,"d":"8,820"},{"v":3070,"d":"3,070"},{"v":1540,"d":"1,540"},{"v":1100,"d":"1,100"},{"v":5720,"d":"5,720"},{"v":3910,"d":"3,910"},{"v":2260,"d":"2,260"},540,{"v":6710,"d":"6,710"},20,110,20,140,{"v":7000,"d":"7,000"},{"v":3910,"d":"3,910"},{"v":1660,"d":"1,660"},{"v":12570,"d":"12,570"},{"v":3480,"d":"3,480"},{"v":1740,"d":"1,740"},{"v":3420,"d":"3,420"},{"v":8640,"d":"8,640"},{"v":6360,"d":"6,360"},{"v":2710,"d":"2,710"},{"v":1760,"d":"1,760"},{"v":10830,"d":"10,830"},10,40,10,60,{"v":9850,"d":"9,850"},{"v":4490,"d":"4,490"},{"v":5180,"d":"5,180"},{"v":19520,"d":"19,520"},{"v":3250,"d":"3,250"},{"v":2090,"d":"2,090"},{"v":3090,"d":"3,090"},{"v":8430,"d":"8,430"},{"v":4600,"d":"4,600"},{"v":2940,"d":"2,940"},{"v":2370,"d":"2,370"},{"v":9910,"d":"9,910"},80,100,10,190,{"v":7930,"d":"7,930"},{"v":5130,"d":"5,130"},{"v":5460,"d":"5,460"},{"v":18520,"d":"18,520"},{"v":1790,"d":"1,790"},{"v":1560,"d":"1,560"},{"v":2090,"d":"2,090"},{"v":5440,"d":"5,440"},{"v":3020,"d":"3,020"},{"v":2990,"d":"2,990"},{"v":2260,"d":"2,260"},{"v":8270,"d":"8,270"},130,260,30,420,{"v":4940,"d":"4,940"},{"v":4810,"d":"4,810"},{"v":4380,"d":"4,380"},{"v":14120,"d":"14,120"},{"v":1050,"d":"1,050"},{"v":1730,"d":"1,730"},{"v":1800,"d":"1,800"},{"v":4590,"d":"4,590"},{"v":3770,"d":"3,770"},{"v":3190,"d":"3,190"},850,{"v":7820,"d":"7,820"},210,420,30,660,{"v":5040,"d":"5,040"},{"v":5340,"d":"5,340"},{"v":2680,"d":"2,680"},{"v":13060,"d":"13,060"},{"v":1030,"d":"1,030"},{"v":1510,"d":"1,510"},{"v":1970,"d":"1,970"},{"v":4510,"d":"4,510"},{"v":4520,"d":"4,520"},{"v":3830,"d":"3,830"},{"v":1550,"d":"1,550"},{"v":9900,"d":"9,900"},430,750,70,{"v":1250,"d":"1,250"},{"v":5980,"d":"5,980"},{"v":6100,"d":"6,100"},{"v":3590,"d":"3,590"},{"v":15660,"d":"15,660"},880,1300,1600,3780,5280,3690,1440,10410,500,1190,140,1840,6660,6180,3180,16020]
["Languages, Literature and Culture",null,"-","-","-","-","-","-","-","-","-","-","-","-","-","-","-","-","-","-","-","-","-","-","-","-","-","-","-","-","-","-","-","-","-","-","-","-","-","-","-","-","-","-","-","-","-","-","-","-","-","-","-","-","-","-","-","-","-","-","-","-","-","-","-","-","-","-","-","-","-","-","-","-","-","-","-","-","-","-","-","-","-","-","-","-","-","-","-","-","-","-","-","-","-","-","-","-","-","-","-","-","-","-","-","-","-","-","-","-","-","-","-","-","-","-","-","-","-","-","-","-","-","-","-","-","-","-","-","-","-","-","-","-","-","-","-","-","-","-","-","-","-","-","-","-","-","-","-","-","-","-","-","-","-","-","-","-","-","-","-","-","-","-","-","-","-","-","-","-","-","-","-","-","-","-","-","-","-","-","-","-","-","-","-","-","-","-","-","-","-","-","-","-","-","-","-","-","-","-","-","-","-","-","-","-","-","-","-","-"]
["Leisure, Travel and Tourism",null,{"v":1430,"d":"1,430"},{"v":2240,"d":"2,240"},"-",{"v":3670,"d":"3,670"},{"v":1790,"d":"1,790"},{"v":1710,"d":"1,710"},"-",{"v":3500,"d":"3,500"},{"v":3220,"d":"3,220"},{"v":3950,"d":"3,950"},"-",{"v":7170,"d":"7,170"},{"v":1730,"d":"1,730"},{"v":2670,"d":"2,670"},"-",{"v":4400,"d":"4,400"},{"v":1040,"d":"1,040"},{"v":1310,"d":"1,310"},"-",{"v":2350,"d":"2,350"},{"v":2770,"d":"2,770"},{"v":3980,"d":"3,980"},"-",{"v":6750,"d":"6,750"},{"v":2130,"d":"2,130"},{"v":2210,"d":"2,210"},"-",{"v":4350,"d":"4,350"},{"v":2310,"d":"2,310"},860,"-",{"v":3170,"d":"3,170"},{"v":4440,"d":"4,440"},{"v":3080,"d":"3,080"},"-",{"v":7510,"d":"7,510"},{"v":2230,"d":"2,230"},{"v":2170,"d":"2,170"},"-",{"v":4410,"d":"4,410"},{"v":1070,"d":"1,070"},810,"-",{"v":1890,"d":"1,890"},{"v":3300,"d":"3,300"},{"v":2990,"d":"2,990"},10,{"v":6300,"d":"6,300"},{"v":2250,"d":"2,250"},{"v":2010,"d":"2,010"},"-",{"v":4260,"d":"4,260"},{"v":1010,"d":"1,010"},990,"-",{"v":2000,"d":"2,000"},"-","-","-","-",{"v":3260,"d":"3,260"},{"v":3000,"d":"3,000"},"-",{"v":6260,"d":"6,260"},{"v":1900,"d":"1,900"},{"v":2020,"d":"2,020"},350,{"v":4270,"d":"4,270"},{"v":1200,"d":"1,200"},{"v":1090,"d":"1,090"},280,{"v":2570,"d":"2,570"},"-","-","-","-",{"v":3100,"d":"3,100"},{"v":3110,"d":"3,110"},640,{"v":6850,"d":"6,850"},{"v":2620,"d":"2,620"},{"v":2900,"d":"2,900"},{"v":1310,"d":"1,310"},{"v":6830,"d":"6,830"},{"v":2000,"d":"2,000"},{"v":1450,"d":"1,450"},{"v":1050,"d":"1,050"},{"v":4490,"d":"4,490"},"-","-","-","-",{"v":4620,"d":"4,620"},{"v":4350,"d":"4,350"},{"v":2360,"d":"2,360"},{"v":11330,"d":"11,330"},{"v":5450,"d":"5,450"},{"v":3730,"d":"3,730"},870,{"v":10050,"d":"10,050"},{"v":2190,"d":"2,190"},{"v":1740,"d":"1,740"},710,{"v":4640,"d":"4,640"},"-","-","-","-",{"v":7640,"d":"7,640"},{"v":5470,"d":"5,470"},{"v":1580,"d":"1,580"},{"v":14690,"d":"14,690"},{"v":7190,"d":"7,190"},{"v":5810,"d":"5,810"},{"v":2220,"d":"2,220"},{"v":15220,"d":"15,220"},{"v":2460,"d":"2,460"},{"v":2360,"d":"2,360"},{"v":1550,"d":"1,550"},{"v":6370,"d":"6,370"},"-","-","-","-",{"v":9650,"d":"9,650"},{"v":8170,"d":"8,170"},{"v":3770,"d":"3,770"},{"v":21590,"d":"21,590"},{"v":5940,"d":"5,940"},{"v":4060,"d":"4,060"},{"v":2100,"d":"2,100"},{"v":12090,"d":"12,090"},{"v":3460,"d":"3,460"},{"v":2400,"d":"2,400"},{"v":1820,"d":"1,820"},{"v":7680,"d":"7,680"},"-","-","-","-",{"v":9400,"d":"9,400"},{"v":6460,"d":"6,460"},{"v":3920,"d":"3,920"},{"v":19770,"d":"19,770"},{"v":3010,"d":"3,010"},{"v":3050,"d":"3,050"},{"v":1580,"d":"1,580"},{"v":7640,"d":"7,640"},{"v":2560,"d":"2,560"},{"v":2110,"d":"2,110"},{"v":2050,"d":"2,050"},{"v":6720,"d":"6,720"},"-","-","-","-",{"v":5570,"d":"5,570"},{"v":5150,"d":"5,150"},{"v":3640,"d":"3,640"},{"v":14360,"d":"14,360"},{"v":2580,"d":"2,580"},{"v":2600,"d":"2,600"},{"v":1330,"d":"1,330"},{"v":6510,"d":"6,510"},{"v":2260,"d":"2,260"},{"v":1800,"d":"1,800"},780,{"v":4840,"d":"4,840"},"-","-","-","-",{"v":4840,"d":"4,840"},{"v":4400,"d":"4,400"},{"v":2110,"d":"2,110"},{"v":11350,"d":"11,350"},{"v":2540,"d":"2,540"},{"v":2350,"d":"2,350"},{"v":1440,"d":"1,440"},{"v":6340,"d":"6,340"},{"v":3060,"d":"3,060"},{"v":2110,"d":"2,110"},{"v":1580,"d":"1,580"},{"v":6740,"d":"6,740"},"-","-","-","-",{"v":5600,"d":"5,600"},{"v":4460,"d":"4,460"},{"v":3020,"d":"3,020"},{"v":13070,"d":"13,070"},2750,2370,1810,6930,3610,2190,2140,7930,"-","-","-","-",6360,4560,3940,14860]
["Preparation for Life and Work",null,"-","-","-","-","-","-","-","-","-","-","-","-","-","-","-","-","-","-","-","-","-","-","-","-","-","-","-","-","-","-","-","-","-","-","-","-","-","-","-","-","-","-","-","-","-","-","-","-","-","-","-","-","-","-","-","-","-","-","-","-","-","-","-","-","-","-","-","-","-","-","-","-","-","-","-","-","-","-","-","-","-","-","-","-","-","-","-","-","-","-","-","-","-","-","-","-","-","-","-","-","-","-","-","-","-","-","-","-","-","-","-","-","-","-","-","-","-","-","-","-","-","-","-","-","-","-","-","-","-","-","-","-","-","-","-","-","-","-","-","-","-","-","-","-","-","-","-","-","-","-","-","-","-","-","-","-","-","-","-","-","-","-","-","-","-","-","-","-","-","-","-","-","-","-","-","-","-","-","-","-","-","-","-","-","-","-","-","-","-","-","-","-","-","-","-","-","-","-","-","-","-","-","-","-","-","-","-","-"]
["Retail and Commercial Enterprise",null,{"v":25040,"d":"25,040"},{"v":16960,"d":"16,960"},"-",{"v":42000,"d":"42,000"},{"v":1840,"d":"1,840"},{"v":5660,"d":"5,660"},"-",{"v":7500,"d":"7,500"},{"v":26880,"d":"26,880"},{"v":22620,"d":"22,620"},"-",{"v":49500,"d":"49,500"},{"v":26270,"d":"26,270"},{"v":18960,"d":"18,960"},"-",{"v":45230,"d":"45,230"},{"v":2190,"d":"2,190"},{"v":6860,"d":"6,860"},"-",{"v":9050,"d":"9,050"},{"v":28460,"d":"28,460"},{"v":25820,"d":"25,820"},"-",{"v":54280,"d":"54,280"},{"v":24430,"d":"24,430"},{"v":13540,"d":"13,540"},10,{"v":37980,"d":"37,980"},{"v":1770,"d":"1,770"},{"v":4950,"d":"4,950"},10,{"v":6730,"d":"6,730"},{"v":26200,"d":"26,200"},{"v":18500,"d":"18,500"},20,{"v":44710,"d":"44,710"},{"v":20770,"d":"20,770"},{"v":12940,"d":"12,940"},20,{"v":33730,"d":"33,730"},{"v":1850,"d":"1,850"},{"v":4650,"d":"4,650"},10,{"v":6500,"d":"6,500"},{"v":22620,"d":"22,620"},{"v":17580,"d":"17,580"},30,{"v":40230,"d":"40,230"},{"v":21300,"d":"21,300"},{"v":12390,"d":"12,390"},30,{"v":33720,"d":"33,720"},{"v":2200,"d":"2,200"},{"v":5530,"d":"5,530"},20,{"v":7750,"d":"7,750"},"-","-","-","-",{"v":23500,"d":"23,500"},{"v":17920,"d":"17,920"},50,{"v":41470,"d":"41,470"},{"v":20600,"d":"20,600"},{"v":14180,"d":"14,180"},{"v":2600,"d":"2,600"},{"v":37380,"d":"37,380"},{"v":2170,"d":"2,170"},{"v":5690,"d":"5,690"},{"v":1710,"d":"1,710"},{"v":9570,"d":"9,570"},"-","-","-","-",{"v":22770,"d":"22,770"},{"v":19860,"d":"19,860"},{"v":4310,"d":"4,310"},{"v":46940,"d":"46,940"},{"v":18840,"d":"18,840"},{"v":12690,"d":"12,690"},{"v":6770,"d":"6,770"},{"v":38300,"d":"38,300"},{"v":2110,"d":"2,110"},{"v":4320,"d":"4,320"},{"v":3310,"d":"3,310"},{"v":9740,"d":"9,740"},"-","-","-","-",{"v":20950,"d":"20,950"},{"v":17010,"d":"17,010"},{"v":10080,"d":"10,080"},{"v":48030,"d":"48,030"},{"v":22490,"d":"22,490"},{"v":23190,"d":"23,190"},{"v":6170,"d":"6,170"},{"v":51850,"d":"51,850"},{"v":2810,"d":"2,810"},{"v":4900,"d":"4,900"},{"v":2060,"d":"2,060"},{"v":9770,"d":"9,770"},"-","-","-","-",{"v":25300,"d":"25,300"},{"v":28090,"d":"28,090"},{"v":8230,"d":"8,230"},{"v":61620,"d":"61,620"},{"v":22600,"d":"22,600"},{"v":26920,"d":"26,920"},{"v":37560,"d":"37,560"},{"v":87080,"d":"87,080"},{"v":3000,"d":"3,000"},{"v":6660,"d":"6,660"},{"v":6030,"d":"6,030"},{"v":15700,"d":"15,700"},"-","-","-","-",{"v":25600,"d":"25,600"},{"v":33580,"d":"33,580"},{"v":43590,"d":"43,590"},{"v":102770,"d":"102,770"},{"v":23890,"d":"23,890"},{"v":28470,"d":"28,470"},{"v":33790,"d":"33,790"},{"v":86160,"d":"86,160"},{"v":3190,"d":"3,190"},{"v":8110,"d":"8,110"},{"v":10840,"d":"10,840"},{"v":22140,"d":"22,140"},"-","-","-","-",{"v":27090,"d":"27,090"},{"v":36580,"d":"36,580"},{"v":44630,"d":"44,630"},{"v":108300,"d":"108,300"},{"v":20700,"d":"20,700"},{"v":26280,"d":"26,280"},{"v":27590,"d":"27,590"},{"v":74570,"d":"74,570"},{"v":3500,"d":"3,500"},{"v":9580,"d":"9,580"},{"v":13380,"d":"13,380"},{"v":26450,"d":"26,450"},10,20,190,230,{"v":24210,"d":"24,210"},{"v":35870,"d":"35,870"},{"v":41160,"d":"41,160"},{"v":101240,"d":"101,240"},{"v":20930,"d":"20,930"},{"v":24570,"d":"24,570"},{"v":24730,"d":"24,730"},{"v":70220,"d":"70,220"},{"v":3510,"d":"3,510"},{"v":7680,"d":"7,680"},{"v":5610,"d":"5,610"},{"v":16800,"d":"16,800"},10,60,180,250,{"v":24440,"d":"24,440"},{"v":32310,"d":"32,310"},{"v":30520,"d":"30,520"},{"v":87270,"d":"87,270"},{"v":20220,"d":"20,220"},{"v":21860,"d":"21,860"},{"v":25970,"d":"25,970"},{"v":68040,"d":"68,040"},{"v":3420,"d":"3,420"},{"v":7940,"d":"7,940"},{"v":9910,"d":"9,910"},{"v":21270,"d":"21,270"},10,50,190,250,{"v":23650,"d":"23,650"},{"v":29850,"d":"29,850"},{"v":36070,"d":"36,070"},{"v":89570,"d":"89,570"},19400,19070,24850,63320,3350,7760,9860,20960,10,90,310,400,22760,26920,35010,84680]
["Science and Mathematics",null,"-","-","-","-","-","-","-","-","-","-","-","-","-","-","-","-","-","-","-","-","-","-","-","-","-","-","-","-","-","-","-","-","-","-","-","-","-","-","-","-","-","-","-","-","-","-","-","-","-","-","-","-","-","-","-","-","-","-","-","-","-","-","-","-","-","-","-","-","-","-","-","-","-","-","-","-","-","-","-","-","-","-","-","-","-","-","-","-","-","-","-","-","-","-","-","-","-","-","-","-","-","-","-","-","-","-","-","-","-","-","-","-","-","-","-","-","-",10,"-",10,"-","-","-","-","-",10,"-",10,40,30,20,90,120,100,60,280,"-","-","-","-",160,130,90,370,10,30,30,70,120,90,40,250,"-","-","-","-",130,120,70,320,40,30,20,80,150,100,30,280,"-","-","-","-",180,130,40,360,20,30,20,70,140,110,20,270,20,20,"-",50,180,160,40,380,10,30,20,60,170,150,20,340,40,40,10,100,230,230,50,500]
["Unknown",null,330,180,"-",510,70,130,"-",200,400,310,"-",710,40,100,"-",130,20,60,"-",80,50,160,"-",210,40,80,"-",120,10,90,"-",100,50,170,"-",210,40,100,"-",140,"-",50,"-",50,40,150,"-",190,30,90,"-",120,"-",50,"-",50,"-","-","-","-",40,140,"-",170,"-","-","-","-","-","-","-","-","-","-","-","-","-",10,"-",10,"-","-","-","-","-","-","-","-","-","-","-","-","-","-","-","-","-","-","-","-","-","-","-","-","-","-","-","-","-","-","-","-","-","-","-","-","-","-","-","-","-","-","-","-","-","-","-","-","-","-","-","-","-","-","-","-","-","-","-","-","-","-","-","-","-","-","-","-","-","-","-","-","-","-","-","-","-","-","-","-","-","-","-","-","-","-","-","-","-","-","-","-","-","-","-","-","-","-","-","-","-","-","-","-","-","-","-","-","-",10,70,80,"-","-","-","-","-","-","-","-","-","-","-","-","-","-","-","-"]
["Grand Total",null,{"v":74400,"d":"74,400"},{"v":44800,"d":"44,800"},"-",{"v":119300,"d":"119,300"},{"v":23000,"d":"23,000"},{"v":25400,"d":"25,400"},"-",{"v":48400,"d":"48,400"},{"v":97400,"d":"97,400"},{"v":70200,"d":"70,200"},"-",{"v":167700,"d":"167,700"},{"v":83000,"d":"83,000"},{"v":53600,"d":"53,600"},"-",{"v":136600,"d":"136,600"},{"v":25200,"d":"25,200"},{"v":31700,"d":"31,700"},"-",{"v":57000,"d":"57,000"},{"v":108300,"d":"108,300"},{"v":85300,"d":"85,300"},"-",{"v":193600,"d":"193,600"},{"v":87600,"d":"87,600"},{"v":47400,"d":"47,400"},100,{"v":135100,"d":"135,100"},{"v":25900,"d":"25,900"},{"v":27600,"d":"27,600"},400,{"v":53900,"d":"53,900"},{"v":113500,"d":"113,500"},{"v":75100,"d":"75,100"},400,{"v":189000,"d":"189,000"},{"v":77100,"d":"77,100"},{"v":45600,"d":"45,600"},100,{"v":122800,"d":"122,800"},{"v":22400,"d":"22,400"},{"v":29500,"d":"29,500"},200,{"v":52100,"d":"52,100"},{"v":99500,"d":"99,500"},{"v":75200,"d":"75,200"},300,{"v":175000,"d":"175,000"},{"v":80800,"d":"80,800"},{"v":46500,"d":"46,500"},100,{"v":127400,"d":"127,400"},{"v":24800,"d":"24,800"},{"v":32000,"d":"32,000"},100,{"v":56900,"d":"56,900"},"-",100,"-",100,{"v":105600,"d":"105,600"},{"v":78600,"d":"78,600"},300,{"v":184400,"d":"184,400"},{"v":82000,"d":"82,000"},{"v":55200,"d":"55,200"},{"v":14600,"d":"14,600"},{"v":151800,"d":"151,800"},{"v":25500,"d":"25,500"},{"v":34800,"d":"34,800"},{"v":12600,"d":"12,600"},{"v":72900,"d":"72,900"},"-","-","-",100,{"v":107600,"d":"107,600"},{"v":90100,"d":"90,100"},{"v":27200,"d":"27,200"},{"v":224800,"d":"224,800"},{"v":74200,"d":"74,200"},{"v":52600,"d":"52,600"},{"v":31700,"d":"31,700"},{"v":158500,"d":"158,500"},{"v":25100,"d":"25,100"},{"v":32000,"d":"32,000"},{"v":24200,"d":"24,200"},{"v":81300,"d":"81,300"},"-",100,"-",200,{"v":99400,"d":"99,400"},{"v":84700,"d":"84,700"},{"v":55900,"d":"55,900"},{"v":239900,"d":"239,900"},{"v":89400,"d":"89,400"},{"v":72800,"d":"72,800"},{"v":28400,"d":"28,400"},{"v":190500,"d":"190,500"},{"v":27200,"d":"27,200"},{"v":39800,"d":"39,800"},{"v":20600,"d":"20,600"},{"v":87700,"d":"87,700"},100,{"v":1200,"d":"1,200"},100,{"v":1500,"d":"1,500"},{"v":116800,"d":"116,800"},{"v":113800,"d":"113,800"},{"v":49100,"d":"49,100"},{"v":279700,"d":"279,700"},{"v":97300,"d":"97,300"},{"v":90400,"d":"90,400"},{"v":113400,"d":"113,400"},{"v":301100,"d":"301,100"},{"v":34200,"d":"34,200"},{"v":51600,"d":"51,600"},{"v":68000,"d":"68,000"},{"v":153900,"d":"153,900"},200,{"v":1300,"d":"1,300"},700,{"v":2200,"d":"2,200"},{"v":131700,"d":"131,700"},{"v":143400,"d":"143,400"},{"v":182100,"d":"182,100"},{"v":457200,"d":"457,200"},{"v":95400,"d":"95,400"},{"v":101700,"d":"101,700"},{"v":131900,"d":"131,900"},{"v":329000,"d":"329,000"},{"v":34100,"d":"34,100"},{"v":58000,"d":"58,000"},{"v":95700,"d":"95,700"},{"v":187900,"d":"187,900"},300,{"v":1700,"d":"1,700"},{"v":1700,"d":"1,700"},{"v":3700,"d":"3,700"},{"v":129900,"d":"129,900"},{"v":161400,"d":"161,400"},{"v":229300,"d":"229,300"},{"v":520600,"d":"520,600"},{"v":80900,"d":"80,900"},{"v":99000,"d":"99,000"},{"v":112900,"d":"112,900"},{"v":292800,"d":"292,800"},{"v":33100,"d":"33,100"},{"v":63900,"d":"63,900"},{"v":110600,"d":"110,600"},{"v":207700,"d":"207,700"},600,{"v":2400,"d":"2,400"},{"v":6800,"d":"6,800"},{"v":9800,"d":"9,800"},{"v":114500,"d":"114,500"},{"v":165400,"d":"165,400"},{"v":230300,"d":"230,300"},{"v":510200,"d":"510,200"},{"v":83400,"d":"83,400"},{"v":97000,"d":"97,000"},{"v":106100,"d":"106,100"},{"v":286500,"d":"286,500"},{"v":35600,"d":"35,600"},{"v":59300,"d":"59,300"},{"v":49800,"d":"49,800"},{"v":144700,"d":"144,700"},700,{"v":2900,"d":"2,900"},{"v":5600,"d":"5,600"},{"v":9200,"d":"9,200"},{"v":119800,"d":"119,800"},{"v":159100,"d":"159,100"},{"v":161600,"d":"161,600"},{"v":440400,"d":"440,400"},{"v":85600,"d":"85,600"},{"v":93600,"d":"93,600"},{"v":119100,"d":"119,100"},{"v":298300,"d":"298,300"},{"v":39100,"d":"39,100"},{"v":62400,"d":"62,400"},{"v":80300,"d":"80,300"},{"v":181800,"d":"181,800"},{"v":1100,"d":"1,100"},{"v":4200,"d":"4,200"},{"v":14400,"d":"14,400"},{"v":19800,"d":"19,800"},{"v":125900,"d":"125,900"},{"v":160200,"d":"160,200"},{"v":213900,"d":"213,900"},{"v":499900,"d":"499,900"},86900,84900,119500,291300,42700,63100,85000,190900,1800,5800,19600,27200,131400,153900,224100,509400]

{"sheet":"Level - Historical","index":10,"n_rows":38,"n_cols":8,"rows_kept":38,"hidden":true,"merged":[[1,0,1,2]]}
["All Apprenticeship Starts by Level (2009/10 to 2015/16)"]
[]
["Level","2009/10","2010/11","2011/12","2012/13","2013/14","2014/15","2015/16"]
[null,"Full year","Full year","Full year","Full year","Full year","Full year","Full year"]
["Level 2",190530,301140,329000,{"v":292750,"d":"292,750"},{"v":286490,"d":"286,490"},{"v":298280,"d":"298,280"},{"v":291330,"d":"291,330"}]
["Level 3",87660,153870,187880,{"v":207670,"d":"207,670"},{"v":144730,"d":"144,730"},{"v":181760,"d":"181,760"},{"v":190870,"d":"190,870"}]
["Level 4",1490,2200,2850,{"v":4180,"d":"4,180"},{"v":3810,"d":"3,810"},{"v":7090,"d":"7,090"},{"v":9510,"d":"9,510"}]
["Level 5","-","-",850,{"v":5610,"d":"5,610"},{"v":5410,"d":"5,410"},{"v":12590,"d":"12,590"},{"v":16870,"d":"16,870"}]
["Level 6","-","-","-","-","-",100,740]
["Level 7","-","-","-","-","-","-",30]
["Total Higher Apprenticeships",1490,2200,3700,{"v":9790,"d":"9,790"},{"v":9220,"d":"9,220"},{"v":19770,"d":"19,770"},{"v":27160,"d":"27,160"}]
["Total Apprenticeships",{"v":279700,"d":"279,700"},{"v":457200,"d":"457,200"},{"v":520600,"d":"520,600"},{"v":510200,"d":"510,200"},{"v":440400,"d":"440,400"},{"v":499900,"d":"499,900"},{"v":509400,"d":"509,400"}]
[]
["Apprenticeship Framework Starts by Level (2009/10 to 2015/16)"]
[]
["Level","2009/10","2010/11","2011/12","2012/13","2013/14","2014/15","2015/16"]
[null,"Full year","Full year","Full year","Full year","Full year","Full year","Full year"]
["Level 2",190530,301140,329000,{"v":292750,"d":"292,750"},{"v":286490,"d":"286,490"},{"v":298280,"d":"298,280"},289920]
["Level 3",87660,153870,187880,{"v":207670,"d":"207,670"},{"v":144730,"d":"144,730"},{"v":181590,"d":"181,590"},189220]
["Level 4",1490,2200,2850,{"v":4180,"d":"4,180"},{"v":3810,"d":"3,810"},{"v":6980,"d":"6,980"},9030]
["Level 5","n/a","n/a",850,{"v":5610,"d":"5,610"},{"v":5410,"d":"5,410"},{"v":12590,"d":"12,590"},16870]
["Level 6","n/a","n/a","n/a","n/a","-","-",20]
["Level 7","n/a","n/a","n/a","n/a","-","-","-"]
["Total Higher Apprenticeships",1490,2200,3700,{"v":9790,"d":"9,790"},{"v":9220,"d":"9,220"},{"v":19570,"d":"19,570"},25920]
["Total Apprenticeship Frameworks",{"v":279700,"d":"279,700"},{"v":457200,"d":"457,200"},{"v":520600,"d":"520,600"},{"v":510200,"d":"510,200"},{"v":440400,"d":"440,400"},{"v":499500,"d":"499,500"},505100]
[]
["Apprenticeship Standard Starts by Level (2009/10 to 2015/16)"]
[]
["Level","2009/10","2010/11","2011/12","2012/13","2013/14","2014/15","2015/16"]
[null,"Full year","Full year","Full year","Full year","Full year","Full year","Full year"]
["Level 2","n/a","n/a","n/a","n/a","n/a","-",1410]
["Level 3","n/a","n/a","n/a","n/a","n/a",170,1650]
["Level 4","n/a","n/a","n/a","n/a","n/a",110,490]
["Level 5","n/a","n/a","n/a","n/a","n/a","-","-"]
["Level 6","n/a","n/a","n/a","n/a","n/a",100,720]
["Level 7","n/a","n/a","n/a","n/a","n/a","-",30]
["Total Higher Apprenticeships","n/a","n/a","n/a","n/a","n/a",200,1240]
["Total Apprenticeship Standards","n/a","n/a","n/a","n/a","n/a",400,4300]

{"sheet":"Framework - Historical","index":11,"n_rows":328,"n_cols":191,"rows_kept":328,"hidden":true,"merged":[[1,0,1,3],[3,2,3,13],[3,14,3,25],[3,26,3,37],[3,38,3,49],[3,50,3,61],[3,62,3,73],[3,74,3,85],[3,86,3,97],[3,98,3,109],[3,110,3,121],[3,122,3,125],[3,126,3,141],[3,142,3,157],[3,158,3,173],[3,174,3,189],[4,2,4,13],[4,14,4,25],[4,26,4,37],[4,38,4,49],[4,50,4,61],[4,62,4,73],[4,74,4,85],[4,86,4,97],[4,98,4,109],[4,110,4,125],[4,126,4,141],[4,142,4,157],[4,158,4,173],[4,174,4,189],[5,2,5,5],[5,6,5,9],[5,10,5,13],[5,14,5,17],[5,18,5,21],[5,22,5,25],[5,26,5,29],[5,30,5,33],[5,34,5,37],[5,38,5,41],[5,42,5,45],[5,46,5,49],[5,50,5,53],[5,54,5,57],[5,58,5,61],[5,62,5,65],[5,66,5,69],[5,70,5,73],[5,74,5,77],[5,78,5,81],[5,82,5,85],[5,86,5,89],[5,90,5,93],[5,94,5,97],[5,98,5,101],[5,102,5,105],[5,106,5,109],[5,110,5,113],[5,114,5,117],[5,118,5,121],[5,122,5,125],[5,126,5,129],[5,130,5,133],[5,134,5,137],[5,138,5,141],[5,142,5,145],[5,146,5,149],[5,150,5,153],[5,154,5,157],[5,158,5,161],[5,162,5,165],[5,166,5,169],[5,170,5,173],[5,174,5,177],[5,178,5,181],[5,182,5,185],[5,186,5,189]]}
["Apprenticeship Programme Starts by Sector Framework and Apprenticeship Standard, Age and Type of Apprenticeship  (2002/03 to 2015/16)"]
[{"$nulls":126},{"$f":"COLUMN(DW10)","v":127}]
[]
["Sector Framework/ Standard"]
[null,"Year","2002/03\nFull Year",{"$nulls":11},"2003/04\nFull Year",{"$nulls":11},"2004/05\nFull Year",{"$nulls":11},"2005/06\nFull Year",{"$nulls":11},"2006/07\nFull Year",{"$nulls":11},"2007/08\nFull Year",{"$nulls":11},"2008/09\nFull Year",{"$nulls":11},"2009/10\nFull Year",{"$nulls":11},"2010/11\nFull Year",{"$nulls":11},"2011/12\nFull Year",{"$nulls":15},"2012/13\nFull Year",{"$nulls":15},"2013/14\nFull Year",{"$nulls":15},"2014/15\nFull Year",{"$nulls":15},"2015/16 \nFull Year"]
[null,"Level","Intermediate Level Apprenticeship",{"$nulls":3},"Advanced Level Apprenticeship including Higher Apprenticeship",{"$nulls":3},"All Apprenticeships",{"$nulls":3},"Intermediate Level Apprenticeship",{"$nulls":3},"Advanced Level Apprenticeship including Higher Apprenticeship",{"$nulls":3},"All Apprenticeships",{"$nulls":3},"Intermediate Level Apprenticeship",{"$nulls":3},"Advanced Level Apprenticeship including Higher Apprenticeship",{"$nulls":3},"All Apprenticeships",{"$nulls":3},"Intermediate Level Apprenticeship",{"$nulls":3},"Advanced Level Apprenticeship including Higher Apprenticeship",{"$nulls":3},"All Apprenticeships",{"$nulls":3},"Intermediate Level Apprenticeship",{"$nulls":3},"Advanced Level Apprenticeship including Higher Apprenticeship",{"$nulls":3},"All Apprenticeships",{"$nulls":3},"Intermediate Level Apprenticeship",{"$nulls":3},"Advanced Level Apprenticeship including Higher Apprenticeship",{"$nulls":3},"All Apprenticeships",{"$nulls":3},"Intermediate Level Apprenticeship",{"$nulls":3},"Advanced Level Apprenticeship including Higher Apprenticeship",{"$nulls":3},"All Apprenticeships",{"$nulls":3},"Intermediate Level Apprenticeship",{"$nulls":3},"Advanced Level Apprenticeship including Higher Apprenticeship",{"$nulls":3},"All Apprenticeships",{"$nulls":3},"Intermediate Level Apprenticeship",{"$nulls":3},"Advanced Level Apprenticeship including Higher Apprenticeship",{"$nulls":3},"All Apprenticeships",{"$nulls":3},"Intermediate Level Apprenticeship",{"$nulls":3},"Advanced Level Apprenticeship ",{"$nulls":3}," Higher Level Apprenticeship",{"$nulls":3},"All Apprenticeships",{"$nulls":3},"Intermediate Level Apprenticeship",{"$nulls":3},"Advanced Level Apprenticeship",{"$nulls":3}," Higher Level Apprenticeship",{"$nulls":3},"All Apprenticeships",{"$nulls":3},"Intermediate Level Apprenticeship",{"$nulls":3},"Advanced Level Apprenticeship ",{"$nulls":3}," Higher Level Apprenticeship",{"$nulls":3},"All Apprenticeships",{"$nulls":3},"Intermediate Level Apprenticeship",{"$nulls":3},"Advanced Level Apprenticeship ",{"$nulls":3}," Higher Level Apprenticeship",{"$nulls":3},"All Apprenticeships",{"$nulls":3},"Intermediate Level Apprenticeship",{"$nulls":3},"Advanced Level Apprenticeship ",{"$nulls":3}," Higher Level Apprenticeship",{"$nulls":3},"All Apprenticeships"]
[null,"Age","16-18","19-24","25+","All","16-18","19-24","25+","All","16-18","19-24","25+","All","16-18","19-24","25+","All","16-18","19-24","25+","All","16-18","19-24","25+","All","16-18","19-24","25+","All","16-18","19-24","25+","All","16-18","19-24","25+","All","16-18","19-24","25+","All","16-18","19-24","25+","All","16-18","19-24","25+","All","16-18","19-24","25+","All","16-18","19-24","25+","All","16-18","19-24","25+","All","16-18","19-24","25+","All","16-18","19-24","25+","All","16-18","19-24","25+","All","16-18","19-24","25+","All","16-18","19-24","25+","All","16-18","19-24","25+","All","16-18","19-24","25+","All","16-18","19-24","25+","All","16-18","19-24","25+","All","16-18","19-24","25+","All","16-18","19-24","25+","All","16-18","19-24","25+","All","16-18","19-24","25+","All","16-18","19-24","25+","All","16-18","19-24","25+","All","16-18","19-24","25+","All","16-18","19-24","25+","All","16-18","19-24","25+","All","16-18","19-24","25+","All","16-18","19-24","25+","All","16-18","19-24","25+","All","16-18","19-24","25+","All","16-18","19-24","25+","All","16-18","19-24","25+","All","16-18","19-24","25+","All","16-18","19-24","25+","All","16-18","19-24","25+","All","16-18","19-24","25+","All","16-18","19-24","25+","All","16-18","19-24","25+","All","16-18","19-24","25+","All","16-18","19-24","25+","All"]
[]
["of which sector framework",{"$nulls":189},"Copy the Framework / Standard descriptions here"]
[{"$f":"\"Framework - \"&GI10","v":"Framework - Accountancy"},null,770,610,"-",{"v":1370,"d":"1,370"},460,840,"-",{"v":1300,"d":"1,300"},{"v":1230,"d":"1,230"},{"v":1440,"d":"1,440"},"-",{"v":2670,"d":"2,670"},880,830,"-",{"v":1710,"d":"1,710"},700,{"v":1380,"d":"1,380"},"-",{"v":2080,"d":"2,080"},{"v":1580,"d":"1,580"},{"v":2210,"d":"2,210"},"-",{"v":3790,"d":"3,790"},950,830,"-",{"v":1780,"d":"1,780"},700,{"v":1440,"d":"1,440"},"-",{"v":2140,"d":"2,140"},{"v":1650,"d":"1,650"},{"v":2270,"d":"2,270"},"-",{"v":3920,"d":"3,920"},870,690,"-",{"v":1560,"d":"1,560"},700,{"v":1240,"d":"1,240"},"-",{"v":1940,"d":"1,940"},{"v":1570,"d":"1,570"},{"v":1930,"d":"1,930"},"-",{"v":3500,"d":"3,500"},970,820,"-",{"v":1800,"d":"1,800"},720,{"v":1190,"d":"1,190"},"-",{"v":1920,"d":"1,920"},{"v":1690,"d":"1,690"},{"v":2020,"d":"2,020"},"-",{"v":3710,"d":"3,710"},970,890,130,{"v":1980,"d":"1,980"},730,{"v":1310,"d":"1,310"},80,{"v":2120,"d":"2,120"},{"v":1700,"d":"1,700"},{"v":2190,"d":"2,190"},220,{"v":4110,"d":"4,110"},820,900,760,{"v":2480,"d":"2,480"},700,{"v":1350,"d":"1,350"},670,{"v":2720,"d":"2,720"},{"v":1520,"d":"1,520"},{"v":2250,"d":"2,250"},{"v":1430,"d":"1,430"},{"v":5200,"d":"5,200"},730,860,350,{"v":1940,"d":"1,940"},580,{"v":2290,"d":"2,290"},550,{"v":3410,"d":"3,410"},{"v":1310,"d":"1,310"},{"v":3150,"d":"3,150"},900,{"v":5360,"d":"5,360"},790,930,610,{"v":2330,"d":"2,330"},660,{"v":2470,"d":"2,470"},{"v":1320,"d":"1,320"},{"v":4450,"d":"4,450"},{"v":1450,"d":"1,450"},{"v":3400,"d":"3,400"},{"v":1930,"d":"1,930"},{"v":6780,"d":"6,780"},{"v":1180,"d":"1,180"},{"v":1110,"d":"1,110"},760,{"v":3050,"d":"3,050"},750,{"v":1440,"d":"1,440"},820,{"v":3010,"d":"3,010"},190,{"v":1400,"d":"1,400"},770,{"v":2350,"d":"2,350"},{"v":2120,"d":"2,120"},{"v":3940,"d":"3,940"},{"v":2350,"d":"2,350"},{"v":8410,"d":"8,410"},{"v":1180,"d":"1,180"},{"v":1000,"d":"1,000"},620,{"v":2790,"d":"2,790"},790,{"v":1270,"d":"1,270"},680,{"v":2740,"d":"2,740"},180,{"v":1260,"d":"1,260"},750,{"v":2190,"d":"2,190"},{"v":2160,"d":"2,160"},{"v":3520,"d":"3,520"},{"v":2040,"d":"2,040"},{"v":7720,"d":"7,720"},{"v":1330,"d":"1,330"},{"v":1040,"d":"1,040"},280,{"v":2660,"d":"2,660"},{"v":1010,"d":"1,010"},{"v":1510,"d":"1,510"},160,{"v":2680,"d":"2,680"},130,{"v":1060,"d":"1,060"},100,{"v":1280,"d":"1,280"},{"v":2470,"d":"2,470"},{"v":3600,"d":"3,600"},540,{"v":6620,"d":"6,620"},{"v":1500,"d":"1,500"},{"v":1100,"d":"1,100"},370,{"v":2970,"d":"2,970"},{"v":1170,"d":"1,170"},{"v":1790,"d":"1,790"},400,{"v":3350,"d":"3,350"},170,{"v":1060,"d":"1,060"},180,{"v":1410,"d":"1,410"},{"v":2830,"d":"2,830"},{"v":3950,"d":"3,950"},940,{"v":7730,"d":"7,730"},{"v":1660,"d":"1,660"},{"v":1140,"d":"1,140"},390,{"v":3190,"d":"3,190"},{"v":1270,"d":"1,270"},{"v":1730,"d":"1,730"},380,{"v":3380,"d":"3,380"},170,{"v":1090,"d":"1,090"},160,{"v":1420,"d":"1,420"},{"v":3100,"d":"3,100"},{"v":3960,"d":"3,960"},920,{"v":7990,"d":"7,990"},"Accountancy"]
["Framework - Active Leisure and Learning",null,{"v":1300,"d":"1,300"},{"v":2140,"d":"2,140"},"-",{"v":3440,"d":"3,440"},100,640,"-",740,{"v":1400,"d":"1,400"},{"v":2790,"d":"2,790"},"-",{"v":4180,"d":"4,180"},{"v":1530,"d":"1,530"},{"v":2440,"d":"2,440"},"-",{"v":3980,"d":"3,980"},100,940,"-",{"v":1050,"d":"1,050"},{"v":1640,"d":"1,640"},{"v":3390,"d":"3,390"},"-",{"v":5020,"d":"5,020"},{"v":1610,"d":"1,610"},{"v":1930,"d":"1,930"},"-",{"v":3540,"d":"3,540"},340,610,"-",950,{"v":1960,"d":"1,960"},{"v":2540,"d":"2,540"},"-",{"v":4490,"d":"4,490"},{"v":1470,"d":"1,470"},{"v":1930,"d":"1,930"},"-",{"v":3400,"d":"3,400"},180,700,"-",880,{"v":1640,"d":"1,640"},{"v":2630,"d":"2,630"},10,{"v":4280,"d":"4,280"},{"v":1400,"d":"1,400"},{"v":1490,"d":"1,490"},"-",{"v":2890,"d":"2,890"},110,800,"-",900,{"v":1500,"d":"1,500"},{"v":2280,"d":"2,280"},"-",{"v":3790,"d":"3,790"},{"v":1230,"d":"1,230"},{"v":1630,"d":"1,630"},210,{"v":3070,"d":"3,070"},120,880,250,{"v":1250,"d":"1,250"},{"v":1350,"d":"1,350"},{"v":2510,"d":"2,510"},470,{"v":4320,"d":"4,320"},{"v":1910,"d":"1,910"},{"v":2340,"d":"2,340"},{"v":1050,"d":"1,050"},{"v":5300,"d":"5,300"},160,{"v":1270,"d":"1,270"},{"v":1010,"d":"1,010"},{"v":2440,"d":"2,440"},{"v":2070,"d":"2,070"},{"v":3610,"d":"3,610"},{"v":2060,"d":"2,060"},{"v":7740,"d":"7,740"},{"v":5020,"d":"5,020"},{"v":3170,"d":"3,170"},600,{"v":8790,"d":"8,790"},360,{"v":1510,"d":"1,510"},680,{"v":2550,"d":"2,550"},{"v":5380,"d":"5,380"},{"v":4680,"d":"4,680"},{"v":1280,"d":"1,280"},{"v":11340,"d":"11,340"},{"v":6650,"d":"6,650"},{"v":5200,"d":"5,200"},{"v":1830,"d":"1,830"},{"v":13680,"d":"13,680"},510,{"v":2100,"d":"2,100"},{"v":1530,"d":"1,530"},{"v":4130,"d":"4,130"},{"v":7160,"d":"7,160"},{"v":7300,"d":"7,300"},{"v":3350,"d":"3,350"},{"v":17810,"d":"17,810"},{"v":5680,"d":"5,680"},{"v":3970,"d":"3,970"},{"v":2050,"d":"2,050"},{"v":11690,"d":"11,690"},690,{"v":2170,"d":"2,170"},{"v":1780,"d":"1,780"},{"v":4640,"d":"4,640"},"-","-","-","-",{"v":6370,"d":"6,370"},{"v":6130,"d":"6,130"},{"v":3830,"d":"3,830"},{"v":16330,"d":"16,330"},{"v":2810,"d":"2,810"},{"v":2920,"d":"2,920"},{"v":1560,"d":"1,560"},{"v":7280,"d":"7,280"},600,{"v":1960,"d":"1,960"},{"v":2030,"d":"2,030"},{"v":4580,"d":"4,580"},"-","-","-","-",{"v":3410,"d":"3,410"},{"v":4870,"d":"4,870"},{"v":3580,"d":"3,580"},{"v":11860,"d":"11,860"},{"v":2390,"d":"2,390"},{"v":2490,"d":"2,490"},{"v":1330,"d":"1,330"},{"v":6200,"d":"6,200"},600,{"v":1590,"d":"1,590"},750,{"v":2930,"d":"2,930"},"-","-","-","-",{"v":2990,"d":"2,990"},{"v":4070,"d":"4,070"},{"v":2080,"d":"2,080"},{"v":9130,"d":"9,130"},{"v":2270,"d":"2,270"},{"v":2230,"d":"2,230"},{"v":1430,"d":"1,430"},{"v":5940,"d":"5,940"},510,{"v":1580,"d":"1,580"},{"v":1460,"d":"1,460"},{"v":3540,"d":"3,540"},"-","-","-","-",{"v":2780,"d":"2,780"},{"v":3810,"d":"3,810"},{"v":2890,"d":"2,890"},{"v":9480,"d":"9,480"},{"v":2450,"d":"2,450"},{"v":2280,"d":"2,280"},{"v":1800,"d":"1,800"},{"v":6530,"d":"6,530"},420,{"v":1510,"d":"1,510"},{"v":2010,"d":"2,010"},{"v":3940,"d":"3,940"},"-","-","-","-",{"v":2870,"d":"2,870"},{"v":3790,"d":"3,790"},{"v":3810,"d":"3,810"},{"v":10470,"d":"10,470"},"Active Leisure and Learning"]
["Framework - Advanced Diagnostics and Management Principles",null,"-","-","-","-","-","-","-","-","-","-","-","-","-","-","-","-","-","-","-","-","-","-","-","-","-","-","-","-","-","-","-","-","-","-","-","-","-","-","-","-","-","-","-","-","-","-","-","-","-","-","-","-","-","-","-","-","-","-","-","-","-","-","-","-","-","-","-","-","-","-","-","-","-","-","-","-","-","-","-","-","-","-","-","-","-","-","-","-","-","-","-","-","-","-","-","-","-","-","-","-","-","-","-","-","-","-","-","-","-","-","-","-","-","-","-","-","-","-","-","-","-","-","-","-","-","-","-","-","-","-","-","-","-","-","-","-","-","-","-","-","-","-","-","-","-","-","-","-","-","-","-","-","-","-","-","-","-","-","-","-","-","-","-","-","-",10,10,30,"-",10,10,30,"-","-","-","-","-","-","-","-","-","-",10,10,"-","-",10,10,"Advanced Diagnostics and Management Principles"]
["Framework - Advertising and Marketing Communications",null,"-","-","-","-","-","-","-","-","-","-","-","-","-","-","-","-","-","-","-","-","-","-","-","-","-","-","-","-","-","-","-","-","-","-","-","-","-","-","-","-","-","-","-","-","-","-","-","-","-","-","-","-","-","-","-","-","-","-","-","-","-","-","-","-","-","-","-","-","-","-","-","-","-","-","-","-","-","-","-","-","-","-","-","-","-","-","-","-","-","-","-","-","-","-","-","-","-","-","-","-","-","-","-","-","-","-","-","-","-","-","-","-","-","-","-","-","-","-","-","-","-","-","-","-","-","-","-","-","-","-","-","-","-",10,"-",10,"-",10,"-",10,"-","-","-","-","-","-","-","-",10,10,"-",20,10,10,"-",20,"-","-","-","-","-","-","-","-",10,10,"-",20,10,10,"-",20,"-","-","-","-","-","-","-","-",10,10,"-",30,10,10,"-",30,"Advertising and Marketing Communications"]
["Framework - Advice and Guidance",null,"-","-","-","-","-","-","-","-","-","-","-","-",10,10,"-",20,"-","-","-","-",10,20,"-",30,"-","-","-","-",10,10,"-",20,10,20,"-",20,"-","-","-","-","-","-","-","-","-","-","-","-","-","-","-","-","-","-","-","-","-","-","-","-","-",10,"-",10,"-",20,30,60,"-",30,40,70,10,20,50,80,"-",40,240,270,10,50,290,350,10,40,30,70,10,50,170,230,10,90,200,300,"-","-",10,10,"-",10,20,30,"-",10,30,40,"-","-","-","-","-","-","-","-","-","-","-","-","-","-","-","-","-","-","-","-","-","-","-","-","-","-","-","-","-","-","-","-","-","-","-","-","-","-","-","-","-","-","-","-","-","-","-","-","-","-","-","-","-","-","-","-","-","-","-","-","-","-","-","-","-","-","-","-","-","-","-","-","-","-","-","-","-","-","-","-","Advice and Guidance"]
["Framework - Advising on Financial Products",null,"-","-","-","-","-","-","-","-","-","-","-","-","-","-","-","-","-","-","-","-","-","-","-","-","-","-","-","-","-","-","-","-","-","-","-","-","-","-","-","-","-","-","-","-","-","-","-","-","-","-","-","-","-","-","-","-","-","-","-","-","-","-","-","-","-",10,"-",10,"-",10,"-",10,"-","-","-","-",10,30,300,340,10,30,300,340,"-","-","-","-",10,10,10,40,10,10,10,40,"-","-","-","-","-","-",10,10,"-","-",10,10,"-","-","-","-","-","-","-","-","-","-","-","-","-","-","-","-","-","-","-","-","-","-","-","-","-","-","-","-","-","-","-","-","-","-","-","-","-","-","-","-","-","-","-","-","-","-","-","-","-","-","-","-","-","-","-","-","-","-","-","-","-","-","-","-","-","-","-","-","-","-","-","-","-","-","-","-","-","-","-","-","Advising on Financial Products"]
["Framework - Agriculture",null,370,40,"-",420,40,40,"-",80,410,80,"-",500,370,80,"-",450,80,70,"-",150,440,150,"-",590,370,40,"-",420,70,50,"-",120,440,90,"-",540,290,20,"-",310,70,40,"-",110,360,60,"-",420,300,30,"-",330,60,20,"-",80,360,60,"-",420,320,40,"-",360,80,30,"-",110,410,60,"-",470,310,40,"-",360,50,30,"-",90,370,70,10,440,470,90,10,560,110,50,10,170,570,140,20,730,420,100,30,540,140,80,90,310,560,180,120,850,420,60,70,550,130,60,130,330,"-","-","-","-",550,120,200,880,470,60,30,560,150,80,220,450,"-",10,"-",10,620,150,250,{"v":1020,"d":"1,020"},500,90,70,660,140,80,40,250,10,30,"-",40,650,200,110,950,520,80,70,670,160,70,120,350,10,10,"-",20,690,170,190,{"v":1050,"d":"1,050"},580,70,60,700,200,100,160,460,10,20,"-",40,780,200,220,{"v":1200,"d":"1,200"},"Agriculture"]
["Framework - Amenity Horticulture",null,490,220,"-",710,20,40,"-",60,510,260,"-",770,570,260,"-",830,30,70,"-",100,600,340,"-",930,650,330,"-",980,10,60,"-",70,660,390,"-",{"v":1050,"d":"1,050"},650,310,10,960,30,60,"-",80,680,360,10,{"v":1050,"d":"1,050"},620,260,"-",890,20,70,"-",90,640,330,"-",980,620,380,40,{"v":1030,"d":"1,030"},20,60,10,80,630,440,40,{"v":1110,"d":"1,110"},630,340,150,{"v":1120,"d":"1,120"},10,70,40,130,640,410,190,{"v":1250,"d":"1,250"},30,20,10,60,"-","-","-","-",30,20,10,70,"-","-","-","-","-","-","-","-","-","-","-","-","-","-","-","-","-","-","-","-","-","-","-","-","-","-","-","-","-","-","-","-","-","-","-","-","-","-","-","-","-","-","-","-","-","-","-","-","-","-","-","-","-","-","-","-","-","-","-","-","-","-","-","-","-","-","-","-","-","-","-","-","-","-","-","-","-","-","-","-","-","-","-","-","-","-","-","-","-","-","-","-","Amenity Horticulture"]
["Framework - Animal Care",null,330,140,"-",470,10,40,"-",40,340,170,"-",510,360,150,"-",500,10,40,"-",50,370,190,"-",550,410,110,"-",530,10,30,"-",40,420,150,"-",570,280,90,"-",370,20,20,"-",40,290,110,"-",410,270,90,"-",360,10,30,"-",30,280,110,"-",390,240,110,20,370,10,30,10,40,250,140,30,420,250,150,70,470,10,30,40,80,260,180,110,550,280,120,40,440,20,50,20,90,300,170,60,520,270,220,140,630,30,60,60,150,300,280,210,780,220,200,120,530,30,60,50,130,"-","-","-","-",240,250,170,670,220,170,50,440,50,60,100,210,"-","-","-","-",270,230,150,650,250,160,50,450,40,70,40,150,"-","-","-","-",290,220,90,600,270,190,40,490,60,80,90,220,"-","-","-","-",330,270,120,720,320,170,30,530,70,100,70,230,"-","-","-","-",390,270,100,760,"Animal Care"]
["Framework - Animal Technology",null,"-","-","-","-","-","-","-","-","-","-","-","-","-","-","-","-","-","-","-","-","-","-","-","-","-","-","-","-","-","-","-","-","-","-","-","-","-","-","-","-","-","-","-","-","-","-","-","-","-","-","-","-","-","-","-","-","-","-","-","-","-","-","-","-","-","-","-","-","-","-","-","-","-","-","-",10,"-","-","-","-","-","-","-",10,"-","-","-","-","-","-","-","-","-","-","-","-","-","-","-","-","-","-","-","-","-","-","-","-","-","-","-","-","-","-","-","-","-","-","-","-","-","-","-","-","-","-","-","-","-","-","-","-","-","-","-","-","-","-","-","-","-","-","-","-","-","-","-","-","-","-","-","-","-","-","-","-","-","-","-","-","-","-","-","-","-","-","-","-","-","-","-","-","-","-","-","-","-","-","-","-","-","-","-","-","-","-","-","-","Animal Technology"]
["Framework - Apparel",null,10,20,"-",30,"-","-","-",10,20,20,"-",30,"-","-","-","-","-","-","-","-","-","-","-",10,10,10,"-",20,"-","-","-","-",10,10,"-",20,"-","-","-","-","-","-","-","-","-","-","-","-","-","-","-","-","-","-","-","-","-","-","-","-","-","-","-","-","-","-","-","-","-","-","-","-","-","-","-",10,"-","-","-","-","-","-","-",10,"-","-","-","-","-","-","-","-","-","-","-","-","-","-","-","-","-","-","-","-","-","-","-","-","-","-","-","-","-","-","-","-","-","-","-","-","-","-","-","-","-","-","-","-","-","-","-","-","-","-","-","-","-","-","-","-","-","-","-","-","-","-","-","-","-","-","-","-","-","-","-","-","-","-","-","-","-","-","-","-","-","-","-","-","-","-","-","-","-","-","-","-","-","-","-","-","-","-","-","-","-","-","-","-","Apparel"]
["Framework - Arboriculture",null,"-","-","-","-","-","-","-","-","-","-","-","-","-","-","-","-","-","-","-","-","-","-","-","-","-","-","-","-","-","-","-","-","-","-","-","-","-","-","-","-","-","-","-","-","-","-","-","-","-","-","-","-","-","-","-","-","-","-","-","-","-","-","-","-","-","-","-","-","-","-","-","-","-","-","-","-","-","-","-","-","-","-","-","-","-","-","-","-","-","-","-","-","-","-","-","-","-","-","-","-","-","-","-","-","-","-","-","-","-","-","-","-","-","-","-","-","-","-","-","-","-","-","-","-","-","-","-","-","-","-","-","-","-","-","-","-","-","-","-","-","-","-","-","-","-","-","-","-","-","-","-","-","-","-","-","-","-","-","-","-","-","-","-","-","-","-","-","-","-","-","-","-","-","-","-","-","-","-","-","-","-","-","-","-","-","-","-","-","Arboriculture"]
["Framework - Arts and Entertainment, Cultural Heritage, Information and Library Services",null,50,10,"-",60,20,20,"-",40,70,30,"-",100,10,"-","-",10,20,10,"-",30,30,10,"-",40,"-","-","-","-",50,10,"-",60,50,10,"-",60,"-","-","-","-","-","-","-","-","-","-","-","-","-","-","-","-","-","-","-","-","-","-","-","-","-","-","-","-","-","-","-","-","-","-","-","-","-","-","-","-","-","-","-","-","-","-","-","-","-","-","-","-","-","-","-","-","-","-","-","-","-","-","-","-","-","-","-","-","-","-","-","-","-","-","-","-","-","-","-","-","-","-","-","-","-","-","-","-","-","-","-","-","-","-","-","-","-","-","-","-","-","-","-","-","-","-","-","-","-","-","-","-","-","-","-","-","-","-","-","-","-","-","-","-","-","-","-","-","-","-","-","-","-","-","-","-","-","-","-","-","-","-","-","-","-","-","-","-","-","-","-","-","Arts and Entertainment, Cultural Heritage, Information and Library Services"]
["Framework - Automotive Clay Modelling",null,"-","-","-","-","-","-","-","-","-","-","-","-","-","-","-","-","-","-","-","-","-","-","-","-","-","-","-","-","-","-","-","-","-","-","-","-","-","-","-","-","-","-","-","-","-","-","-","-","-","-","-","-","-","-","-","-","-","-","-","-","-","-","-","-","-","-","-","-","-","-","-","-","-","-","-","-","-","-","-","-","-","-","-","-","-","-","-","-","-","-","-","-","-","-","-","-","-","-","-","-","-","-","-","-","-","-","-","-","-","-","-","-","-","-","-","-","-","-","-","-","-","-","-","-","-","-","-","-","-","-","-","-","-","-","-","-","-","-","-","-","-","-","-","-","-","-","-","-","-","-","-","-","-","-","-","-","-","-","-","-","-","-","-","-","-","-","-","-","-","-","-","-","-","-","-","-","-","-","-","-","-","-","-","-","-","-","-","-","Automotive Clay Modelling"]
["Framework - Automotive Industry",null,{"v":3630,"d":"3,630"},480,"-",{"v":4110,"d":"4,110"},{"v":4690,"d":"4,690"},810,"-",{"v":5500,"d":"5,500"},{"v":8320,"d":"8,320"},{"v":1290,"d":"1,290"},"-",{"v":9610,"d":"9,610"},{"v":4490,"d":"4,490"},620,"-",{"v":5110,"d":"5,110"},{"v":5490,"d":"5,490"},{"v":1660,"d":"1,660"},"-",{"v":7150,"d":"7,150"},{"v":9980,"d":"9,980"},{"v":2280,"d":"2,280"},"-",{"v":12260,"d":"12,260"},{"v":5390,"d":"5,390"},820,"-",{"v":6210,"d":"6,210"},{"v":5570,"d":"5,570"},{"v":1790,"d":"1,790"},"-",{"v":7370,"d":"7,370"},{"v":10970,"d":"10,970"},{"v":2610,"d":"2,610"},"-",{"v":13580,"d":"13,580"},420,50,"-",470,470,410,"-",880,890,460,"-",{"v":1350,"d":"1,350"},20,30,"-",50,110,270,"-",380,130,300,"-",430,10,50,"-",60,20,620,10,640,20,670,10,700,"-","-","-","-","-",10,"-",10,"-",10,"-",10,"-","-","-","-","-","-","-","-","-","-","-","-","-","-","-","-","-","-","-","-","-","-","-","-","-","-","-","-","-","-","-","-","-","-","-","-","-","-","-","-","-","-","-","-","-","-","-","-","-","-","-","-","-","-","-","-","-","-","-","-","-","-","-","-","-","-","-","-","-","-","-","-","-","-","-","-","-","-","-","-","-","-","-","-","-","-","-","-","-","-","-","-","-","-","-","-","-","-","-","-","-","-","-","-","Automotive Industry"]
["Framework - Aviation Operations on the Ground",null,10,30,"-",40,460,580,"-",{"v":1040,"d":"1,040"},470,610,"-",{"v":1090,"d":"1,090"},40,150,"-",190,"-","-","-","-",40,150,"-",190,40,120,"-",160,"-","-","-",10,40,120,"-",160,30,120,"-",150,"-","-","-","-",30,120,"-",150,90,400,"-",490,"-",10,"-",10,90,410,"-",500,60,240,80,390,"-","-","-","-",60,240,80,390,160,380,230,760,"-","-","-","-",160,380,230,760,110,440,250,800,"-","-","-","-",110,440,250,800,80,380,350,810,"-","-","-","-",80,380,350,810,70,330,340,740,"-",100,170,270,"-","-","-","-",70,440,510,{"v":1020,"d":"1,020"},70,270,360,690,10,80,200,290,"-","-","-","-",70,340,560,980,70,410,330,810,20,80,80,180,"-","-","-","-",90,490,410,990,60,320,320,690,30,120,170,320,"-","-","-","-",90,430,490,{"v":1010,"d":"1,010"},60,310,350,720,30,120,130,280,"-","-","-","-",90,430,480,990,"Aviation Operations on the Ground"]
["Framework - Bakery",null,60,40,"-",100,"-",20,"-",20,60,60,"-",110,40,30,"-",70,"-",10,"-",10,40,40,"-",80,30,20,"-",50,"-",10,"-",10,30,20,"-",60,30,20,"-",50,"-",10,"-",10,30,40,"-",60,20,10,"-",30,"-",10,"-",10,20,20,"-",40,"-","-","-","-","-","-","-","-","-","-","-","-","-","-","-","-","-","-","-","-","-","-","-","-","-","-","-","-","-","-","-","-","-","-","-","-","-","-","-","-","-","-","-","-","-","-","-","-","-","-","-","-","-","-","-","-","-","-","-","-","-","-","-","-","-","-","-","-","-","-","-","-","-","-","-","-","-","-","-","-","-","-","-","-","-","-","-","-","-","-","-","-","-","-","-","-","-","-","-","-","-","-","-","-","-","-","-","-","-","-","-","-","-","-","-","-","-","-","-","-","-","-","-","-","-","-","-","-","Bakery"]
["Framework - Barbering",null,"-","-","-","-","-","-","-","-","-","-","-","-",10,"-","-",20,"-","-","-","-",10,"-","-",20,30,10,"-",40,"-","-","-","-",30,10,"-",40,60,20,"-",70,"-","-","-","-",60,20,"-",70,60,20,"-",80,"-",10,"-",10,60,30,"-",90,100,30,20,140,"-",10,"-",10,100,40,20,150,140,170,30,330,10,10,"-",20,150,180,30,360,350,370,100,820,10,30,10,50,360,400,110,870,330,410,170,900,20,100,100,210,340,500,260,{"v":1110,"d":"1,110"},550,950,420,{"v":1920,"d":"1,920"},20,150,160,330,"-","-","-","-",580,{"v":1090,"d":"1,090"},580,{"v":2250,"d":"2,250"},590,{"v":1170,"d":"1,170"},520,{"v":2280,"d":"2,280"},50,240,290,570,"-","-","-","-",640,{"v":1410,"d":"1,410"},810,{"v":2850,"d":"2,850"},580,{"v":1160,"d":"1,160"},500,{"v":2240,"d":"2,240"},40,370,190,610,"-","-","-","-",620,{"v":1530,"d":"1,530"},690,{"v":2840,"d":"2,840"},730,{"v":1140,"d":"1,140"},480,{"v":2350,"d":"2,350"},50,400,270,720,"-","-","-","-",780,{"v":1540,"d":"1,540"},750,{"v":3060,"d":"3,060"},650,980,510,{"v":2130,"d":"2,130"},70,360,330,760,"-","-","-","-",720,{"v":1350,"d":"1,350"},830,{"v":2900,"d":"2,900"},"Barbering"]
["Framework - Beauty Therapy",null,30,"-","-",30,100,30,"-",130,130,30,"-",160,40,20,"-",60,140,50,"-",190,180,70,"-",250,190,40,"-",230,170,70,"-",240,370,110,"-",470,320,50,"-",370,170,70,"-",230,480,120,"-",600,540,50,"-",580,150,70,"-",220,690,120,"-",810,500,50,10,550,220,60,10,290,720,110,20,840,790,80,30,890,250,90,20,350,{"v":1030,"d":"1,030"},160,40,{"v":1240,"d":"1,240"},{"v":1140,"d":"1,140"},220,20,{"v":1380,"d":"1,380"},450,170,10,630,{"v":1590,"d":"1,590"},390,30,{"v":2010,"d":"2,010"},630,280,180,{"v":1090,"d":"1,090"},350,210,100,660,980,500,280,{"v":1750,"d":"1,750"},500,250,150,890,300,220,100,620,"-","-","-","-",800,460,250,{"v":1510,"d":"1,510"},450,250,90,790,330,290,110,720,"-","-","-","-",780,540,200,{"v":1520,"d":"1,520"},430,250,80,760,360,290,50,700,"-","-","-","-",790,530,140,{"v":1460,"d":"1,460"},510,290,140,930,360,270,110,740,"-","-","-","-",870,560,250,{"v":1670,"d":"1,670"},560,250,180,990,400,230,110,740,"-","-","-","-",960,480,290,{"v":1720,"d":"1,720"},"Beauty Therapy"]
["Framework - Bookkeeping",null,"-","-","-","-","-","-","-","-","-","-","-","-","-","-","-","-","-","-","-","-","-","-","-","-","-","-","-","-","-","-","-","-","-","-","-","-","-","-","-","-","-","-","-","-","-","-","-","-","-","-","-","-","-","-","-","-","-","-","-","-","-","-","-","-","-","-","-","-","-","-","-","-","-","-","-","-","-","-","-","-","-","-","-","-","-","-","-","-","-","-","-","-","-","-","-","-","-","-","-","-","-","-","-","-","-","-","-","-","-","-",10,20,"-","-","-","-","-","-","-","-","-","-",10,20,"-",10,"-",10,"-","-","-","-","-","-","-","-","-",10,"-",10,"-","-","-",10,"-","-","-","-","-","-","-","-","-","-","-",10,"-","-","-",10,"-","-","-","-","-","-","-","-","-","-","-",10,"-","-","-","-","-","-","-","-","-","-","-","-","-","-","-","-","Bookkeeping"]
["Framework - Broadcast Production",null,"-","-","-","-","-","-","-","-","-","-","-","-","-","-","-","-","-","-","-","-","-","-","-","-","-","-","-","-","-","-","-","-","-","-","-","-","-","-","-","-","-","-","-","-","-","-","-","-","-","-","-","-","-","-","-","-","-","-","-","-","-","-","-","-","-","-","-","-","-","-","-","-","-","-","-","-","-","-","-","-","-","-","-","-","-","-","-","-","-","-","-","-","-","-","-","-","-","-","-","-","-","-","-","-","-","-","-","-","-","-","-","-","-","-","-","-","-","-","-","-","-","-","-","-","-","-","-","-","-","-","-","-","-","-","-","-","-","-","-","-","-","-","-","-","-","-","-","-","-",10,"-",10,"-",10,"-",10,"-","-","-","-","-","-","-","-","-","-","-",10,"-","-","-",10,"-","-","-","-","-","-","-","-","-","-","-","-","-","-","-","-","Broadcast Production"]
["Framework - Broadcast Technology",null,"-","-","-","-","-","-","-","-","-","-","-","-","-","-","-","-","-","-","-","-","-","-","-","-","-","-","-","-","-","-","-","-","-","-","-","-","-","-","-","-","-","-","-","-","-","-","-","-","-","-","-","-","-","-","-","-","-","-","-","-","-","-","-","-","-","-","-","-","-","-","-","-","-","-","-","-","-","-","-","-","-","-","-","-","-","-","-","-","-","-","-","-","-","-","-","-","-","-","-","-","-","-","-","-","-","-","-","-","-","-","-","-","-","-","-","-","-","-","-","-","-","-","-","-","-","-","-","-","-","-","-","-","-","-","-","-","-","-","-","-","-","-","-","-","-","-","-","-","-","-","-","-","-","-","-","-","-","-","-","-","-","-","-","-","-","-","-","-","-","-","-","-","-","-","-","-","-","-","-","-",10,10,"-",20,10,10,"-",20,"Broadcast Technology"]
["Framework - Broadcast, Film, Video and Interactive Media Industry",null,"-","-","-","-","-","-","-","-","-","-","-","-","-","-","-","-","-","-","-","-","-","-","-","-","-","-","-","-","-","-","-","-","-","-","-","-","-","-","-","-","-","-","-","-","-","-","-","-","-","-","-","-","-","-","-","-","-","-","-","-","-","-","-","-","-","-","-","-","-","-","-","-","-","-","-","-","-","-","-","-","-","-","-","-","-","-","-","-","-","-","-","-","-","-","-","-","-","-","-","-","-","-","-","-","-","-","-","-","-","-","-","-","-","-","-","-","-","-","-","-","-","-","-","-","-","-","-","-","-","-","-","-","-","-","-","-","-","-","-","-","-","-","-","-","-","-","-","-","-","-","-","-","-","-","-","-","-","-","-","-","-","-","-","-","-","-","-","-","-","-","-","-","-","-","-","-","-","-","-","-","-","-","-","-","-","-","-","-","Broadcast, Film, Video and Interactive Media Industry"]
["Framework - Building Energy Management Systems",null,"-","-","-","-","-","-","-","-","-","-","-","-","-","-","-","-","-","-","-","-","-","-","-","-","-","-","-","-","-","-","-","-","-","-","-","-","-","-","-","-","-","-","-","-","-","-","-","-","-","-","-","-","-","-","-","-","-","-","-","-","-","-","-","-","-","-","-","-","-","-","-","-","-","-","-","-","-","-","-","-","-","-","-","-","-","-","-","-","-","-","-","-","-","-","-","-","-","-","-","-","-","-","-","-","-","-","-","-","-","-","-","-",10,20,10,40,"-","-","-","-",10,20,10,40,"-","-","-","-",10,20,10,30,"-","-","-","-",10,20,10,30,"-","-","-","-","-",10,"-",20,"-","-","-","-","-",10,"-",20,"-","-","-","-",10,10,"-",10,"-","-","-","-",10,10,"-",10,"-","-","-","-",10,10,"-",20,"-","-","-","-",10,10,"-",20,"Building Energy Management Systems"]
["Framework - Building Products Occupations",null,"-","-","-","-","-","-","-","-","-","-","-","-","-","-","-","-","-","-","-","-","-","-","-","-","-","-","-","-","-","-","-","-","-","-","-","-","-","-","-","-","-","-","-","-","-","-","-","-","-","-","-","-","-","-","-","-","-","-","-","-","-","-","-","-","-","-","-","-","-","-","-","-","-","-","-","-","-","-","-","-","-","-","-","-","-","-","-","-","-","-","-","-","-","-","-","-","-","-","-","-","-","-","-","-","-","-","-","-","-","-","-","-","-","-","-","-","-","-","-","-","-","-","-","-","-","-","-","-","-","-","-","-","-","-","-","-","-","-","-","-","-","-","-","-","-","-","-","-","-","-","-","-","-","-","-","-","-","-","-","-","-","-","-","-","-","-","-","-","-","-","-","-","-","-","-","-","-","-","-","-","-","-","-","-","-","-","-","-","Building Products Occupations"]
["Framework - Building Services Engineering Technicians",null,"-","-","-","-",60,10,"-",60,60,10,"-",70,"-","-","-","-",60,20,"-",80,60,20,"-",90,"-","-","-","-",50,10,"-",50,50,10,"-",60,"-","-","-","-",40,20,"-",60,50,20,"-",60,10,"-","-",10,30,10,"-",40,40,10,"-",50,"-","-","-","-",40,"-","-",50,40,"-","-",50,"-","-","-","-",50,60,10,110,50,60,10,110,"-","-","-","-",20,10,"-",40,20,10,"-",40,"-","-","-","-",30,10,"-",40,30,10,"-",40,"-","-","-","-",40,20,"-",60,"-","-","-","-",40,20,"-",60,"-","-","-","-",50,30,10,90,"-","-","-","-",50,30,10,90,"-","-","-","-",70,50,"-",130,"-","-","-","-",70,50,"-",130,"-","-","-","-",70,50,"-",120,"-","-","-","-",70,50,"-",120,"-","-","-","-",110,90,"-",210,"-","-","-","-",110,90,"-",210,"Building Services Engineering Technicians"]
["Framework - Business Administration",null,{"v":10910,"d":"10,910"},{"v":3650,"d":"3,650"},"-",{"v":14560,"d":"14,560"},{"v":1030,"d":"1,030"},{"v":1890,"d":"1,890"},"-",{"v":2920,"d":"2,920"},{"v":11940,"d":"11,940"},{"v":5540,"d":"5,540"},"-",{"v":17470,"d":"17,470"},{"v":10640,"d":"10,640"},{"v":4110,"d":"4,110"},"-",{"v":14750,"d":"14,750"},{"v":1130,"d":"1,130"},{"v":2260,"d":"2,260"},"-",{"v":3390,"d":"3,390"},{"v":11770,"d":"11,770"},{"v":6370,"d":"6,370"},"-",{"v":18140,"d":"18,140"},{"v":9480,"d":"9,480"},{"v":3650,"d":"3,650"},10,{"v":13140,"d":"13,140"},{"v":1150,"d":"1,150"},{"v":1910,"d":"1,910"},"-",{"v":3070,"d":"3,070"},{"v":10630,"d":"10,630"},{"v":5560,"d":"5,560"},20,{"v":16210,"d":"16,210"},{"v":8500,"d":"8,500"},{"v":3300,"d":"3,300"},"-",{"v":11800,"d":"11,800"},{"v":1150,"d":"1,150"},{"v":2130,"d":"2,130"},"-",{"v":3290,"d":"3,290"},{"v":9650,"d":"9,650"},{"v":5430,"d":"5,430"},10,{"v":15090,"d":"15,090"},{"v":8100,"d":"8,100"},{"v":3330,"d":"3,330"},10,{"v":11440,"d":"11,440"},{"v":1470,"d":"1,470"},{"v":2590,"d":"2,590"},10,{"v":4070,"d":"4,070"},{"v":9570,"d":"9,570"},{"v":5920,"d":"5,920"},20,{"v":15520,"d":"15,520"},{"v":7520,"d":"7,520"},{"v":3990,"d":"3,990"},{"v":1270,"d":"1,270"},{"v":12780,"d":"12,780"},{"v":1410,"d":"1,410"},{"v":2550,"d":"2,550"},{"v":1370,"d":"1,370"},{"v":5320,"d":"5,320"},{"v":8930,"d":"8,930"},{"v":6530,"d":"6,530"},{"v":2640,"d":"2,640"},{"v":18100,"d":"18,100"},{"v":7010,"d":"7,010"},{"v":3940,"d":"3,940"},{"v":3140,"d":"3,140"},{"v":14080,"d":"14,080"},{"v":1290,"d":"1,290"},{"v":2530,"d":"2,530"},{"v":2900,"d":"2,900"},{"v":6720,"d":"6,720"},{"v":8300,"d":"8,300"},{"v":6460,"d":"6,460"},{"v":6030,"d":"6,030"},{"v":20800,"d":"20,800"},{"v":9850,"d":"9,850"},{"v":5770,"d":"5,770"},{"v":3040,"d":"3,040"},{"v":18670,"d":"18,670"},{"v":1780,"d":"1,780"},{"v":3530,"d":"3,530"},{"v":3050,"d":"3,050"},{"v":8360,"d":"8,360"},{"v":11630,"d":"11,630"},{"v":9300,"d":"9,300"},{"v":6090,"d":"6,090"},{"v":27020,"d":"27,020"},{"v":11610,"d":"11,610"},{"v":7050,"d":"7,050"},{"v":6160,"d":"6,160"},{"v":24820,"d":"24,820"},{"v":2220,"d":"2,220"},{"v":4500,"d":"4,500"},{"v":7360,"d":"7,360"},{"v":14080,"d":"14,080"},{"v":13830,"d":"13,830"},{"v":11550,"d":"11,550"},{"v":13520,"d":"13,520"},{"v":38900,"d":"38,900"},{"v":12520,"d":"12,520"},{"v":8700,"d":"8,700"},{"v":6650,"d":"6,650"},{"v":27870,"d":"27,870"},{"v":2670,"d":"2,670"},{"v":5310,"d":"5,310"},{"v":8520,"d":"8,520"},{"v":16500,"d":"16,500"},20,50,120,180,{"v":15210,"d":"15,210"},{"v":14060,"d":"14,060"},{"v":15280,"d":"15,280"},{"v":44550,"d":"44,550"},{"v":13250,"d":"13,250"},{"v":11120,"d":"11,120"},{"v":5000,"d":"5,000"},{"v":29360,"d":"29,360"},{"v":2930,"d":"2,930"},{"v":6960,"d":"6,960"},{"v":9430,"d":"9,430"},{"v":19320,"d":"19,320"},30,160,620,810,{"v":16210,"d":"16,210"},{"v":18240,"d":"18,240"},{"v":15040,"d":"15,040"},{"v":49490,"d":"49,490"},{"v":14130,"d":"14,130"},{"v":11590,"d":"11,590"},{"v":4500,"d":"4,500"},{"v":30210,"d":"30,210"},{"v":3220,"d":"3,220"},{"v":6750,"d":"6,750"},{"v":3480,"d":"3,480"},{"v":13450,"d":"13,450"},40,230,250,520,{"v":17390,"d":"17,390"},{"v":18570,"d":"18,570"},{"v":8230,"d":"8,230"},{"v":44190,"d":"44,190"},{"v":14580,"d":"14,580"},{"v":11080,"d":"11,080"},{"v":5470,"d":"5,470"},{"v":31130,"d":"31,130"},{"v":3660,"d":"3,660"},{"v":6980,"d":"6,980"},{"v":5950,"d":"5,950"},{"v":16600,"d":"16,600"},100,440,840,{"v":1380,"d":"1,380"},{"v":18350,"d":"18,350"},{"v":18500,"d":"18,500"},{"v":12260,"d":"12,260"},{"v":49110,"d":"49,110"},{"v":14480,"d":"14,480"},{"v":9940,"d":"9,940"},{"v":5860,"d":"5,860"},{"v":30280,"d":"30,280"},{"v":4320,"d":"4,320"},{"v":6760,"d":"6,760"},{"v":6420,"d":"6,420"},{"v":17500,"d":"17,500"},250,890,{"v":1240,"d":"1,240"},{"v":2380,"d":"2,380"},{"v":19050,"d":"19,050"},{"v":17600,"d":"17,600"},{"v":13510,"d":"13,510"},{"v":50160,"d":"50,160"},"Business Administration"]
["Framework - Business Innovation and Growth",null,"-","-","-","-","-","-","-","-","-","-","-","-","-","-","-","-","-","-","-","-","-","-","-","-","-","-","-","-","-","-","-","-","-","-","-","-","-","-","-","-","-","-","-","-","-","-","-","-","-","-","-","-","-","-","-","-","-","-","-","-","-","-","-","-","-","-","-","-","-","-","-","-","-","-","-","-","-","-","-","-","-","-","-","-","-","-","-","-","-","-","-","-","-","-","-","-","-","-","-","-","-","-","-","-","-","-","-","-","-","-","-","-","-","-","-","-","-","-","-","-","-","-","-","-","-","-","-","-","-","-","-","-","-","-","-","-","-","-","-","-","-","-","-","-","-","-","-","-","-","-","-","-","-","-","-","-","-","-","-","-","-","-","-","-",10,10,"-",20,10,10,"-",20,"-","-","-","-","-","-","-","-",10,10,"-",20,10,10,"-",20,"Business Innovation and Growth"]
["Framework - Cabin Crew",null,"-","-","-","-","-","-","-","-","-","-","-","-","-","-","-","-","-","-","-","-","-","-","-","-","-","-","-","-","-","-","-","-","-","-","-","-","-","-","-","-","-","-","-","-","-","-","-","-","-","-","-","-","-","-","-","-","-","-","-","-","-","-","-","-","-","-","-","-","-","-","-","-","-","-","-","-","-","-","-","-","-","-","-","-",50,"-","-",50,"-","-","-","-",50,"-","-",50,80,160,40,280,"-","-","-","-",80,160,40,280,80,240,80,400,"-","-","-","-","-","-","-","-",80,240,80,400,50,270,110,440,"-","-","-","-","-","-","-","-",50,270,110,440,"-",20,10,30,"-","-","-","-","-","-","-","-","-",20,10,30,"-","-","-","-","-","-","-","-","-","-","-","-","-","-","-","-","-","-","-","-","-","-","-","-","-","-","-","-","-","-","-","-","Cabin Crew"]
["Framework - Care Leadership and Management",null,"-","-","-","-","-","-","-","-","-","-","-","-","-","-","-","-","-","-","-","-","-","-","-","-","-","-","-","-","-","-","-","-","-","-","-","-","-","-","-","-","-","-","-","-","-","-","-","-","-","-","-","-","-","-","-","-","-","-","-","-","-","-","-","-","-","-","-","-","-","-","-","-","-","-","-","-","-","-","-","-","-","-","-","-","-","-","-","-","-","-","-","-","-","-","-","-","-","-","-","-","-","-","-","-","-","-","-","-","-","-","-","-","-","-","-","-","-","-","-","-","-","-","-","-","-","-","-","-","-","-","-","-","-",250,{"v":2720,"d":"2,720"},{"v":2970,"d":"2,970"},"-",250,{"v":2720,"d":"2,720"},{"v":2970,"d":"2,970"},"-","-","-","-","-","-","-","-","-",320,{"v":3140,"d":"3,140"},{"v":3450,"d":"3,450"},"-",320,{"v":3140,"d":"3,140"},{"v":3450,"d":"3,450"},"-","-","-","-","-","-","-","-","-",650,{"v":7870,"d":"7,870"},{"v":8520,"d":"8,520"},"-",650,{"v":7870,"d":"7,870"},{"v":8520,"d":"8,520"},"-","-","-","-","-","-","-","-","-",690,{"v":9280,"d":"9,280"},{"v":9970,"d":"9,970"},"-",690,{"v":9280,"d":"9,280"},{"v":9970,"d":"9,970"},"Care Leadership and Management"]
["Framework - Carry and Deliver Goods",null,380,440,"-",820,140,110,"-",250,520,550,"-",{"v":1070,"d":"1,070"},10,10,"-",30,"-",30,"-",30,10,40,"-",50,10,10,"-",10,"-","-","-","-",10,10,"-",10,20,10,"-",30,"-","-","-","-",20,10,"-",30,10,110,"-",120,"-","-","-","-",10,110,"-",120,130,330,70,530,"-","-","-","-",130,330,70,530,290,430,200,930,"-","-","-","-",290,430,200,930,340,460,280,{"v":1080,"d":"1,080"},"-","-","-","-",340,460,280,{"v":1080,"d":"1,080"},250,270,230,740,"-","-","-","-",250,270,230,740,10,20,10,40,"-","-","-","-","-","-","-","-",10,20,10,40,"-","-","-","-","-","-","-","-","-","-","-","-","-","-","-","-","-","-","-","-","-","-","-","-","-","-","-","-","-","-","-","-","-","-","-","-","-","-","-","-","-","-","-","-","-","-","-","-","-","-","-","-","-","-","-","-","-","-","-","-","-","-","-","-","Carry and Deliver Goods"]
["Framework - Ceramics Manufacturing",null,30,"-","-",30,"-","-","-","-",30,10,"-",30,20,"-","-",20,"-","-","-","-",20,"-","-",30,20,10,"-",30,"-",10,"-",10,20,10,"-",40,"-","-","-","-","-","-","-","-","-","-","-","-","-","-","-","-","-","-","-","-","-","-","-","-","-","-","-","-","-","-","-","-","-","-","-","-","-","-","-","-","-","-","-","-","-","-","-","-",10,10,"-",10,"-","-","-","-",10,10,"-",10,10,"-","-",10,"-","-","-","-",10,"-","-",10,10,20,70,100,"-","-","-","-","-","-","-","-",10,20,70,100,10,10,40,70,"-","-","-","-","-","-","-","-",10,10,40,70,"-","-","-",10,"-","-","-","-","-","-","-","-","-","-","-",10,20,10,"-",30,"-","-","-","-","-","-","-","-",20,10,"-",30,"-","-","-","-","-","-","-","-","-","-","-","-","-","-","-","-","Ceramics Manufacturing"]
["Framework - Children's Care Learning and Development",null,{"v":4200,"d":"4,200"},{"v":1100,"d":"1,100"},"-",{"v":5300,"d":"5,300"},{"v":1270,"d":"1,270"},{"v":2070,"d":"2,070"},"-",{"v":3340,"d":"3,340"},{"v":5470,"d":"5,470"},{"v":3170,"d":"3,170"},"-",{"v":8640,"d":"8,640"},{"v":5860,"d":"5,860"},{"v":1750,"d":"1,750"},"-",{"v":7610,"d":"7,610"},{"v":1540,"d":"1,540"},{"v":2660,"d":"2,660"},"-",{"v":4200,"d":"4,200"},{"v":7400,"d":"7,400"},{"v":4410,"d":"4,410"},"-",{"v":11810,"d":"11,810"},{"v":6960,"d":"6,960"},{"v":1650,"d":"1,650"},"-",{"v":8610,"d":"8,610"},{"v":1800,"d":"1,800"},{"v":2740,"d":"2,740"},40,{"v":4570,"d":"4,570"},{"v":8760,"d":"8,760"},{"v":4390,"d":"4,390"},40,{"v":13180,"d":"13,180"},{"v":6260,"d":"6,260"},{"v":1460,"d":"1,460"},"-",{"v":7720,"d":"7,720"},{"v":1840,"d":"1,840"},{"v":2750,"d":"2,750"},20,{"v":4610,"d":"4,610"},{"v":8090,"d":"8,090"},{"v":4210,"d":"4,210"},30,{"v":12330,"d":"12,330"},{"v":6440,"d":"6,440"},{"v":1500,"d":"1,500"},"-",{"v":7940,"d":"7,940"},{"v":2060,"d":"2,060"},{"v":3200,"d":"3,200"},10,{"v":5270,"d":"5,270"},{"v":8500,"d":"8,500"},{"v":4700,"d":"4,700"},10,{"v":13210,"d":"13,210"},{"v":6670,"d":"6,670"},{"v":1690,"d":"1,690"},370,{"v":8730,"d":"8,730"},{"v":2060,"d":"2,060"},{"v":3490,"d":"3,490"},970,{"v":6530,"d":"6,530"},{"v":8730,"d":"8,730"},{"v":5190,"d":"5,190"},{"v":1340,"d":"1,340"},{"v":15260,"d":"15,260"},{"v":7470,"d":"7,470"},{"v":1870,"d":"1,870"},680,{"v":10020,"d":"10,020"},{"v":2510,"d":"2,510"},{"v":3100,"d":"3,100"},{"v":1620,"d":"1,620"},{"v":7230,"d":"7,230"},{"v":9980,"d":"9,980"},{"v":4970,"d":"4,970"},{"v":2300,"d":"2,300"},{"v":17250,"d":"17,250"},{"v":8770,"d":"8,770"},{"v":2140,"d":"2,140"},370,{"v":11280,"d":"11,280"},{"v":3060,"d":"3,060"},{"v":4540,"d":"4,540"},{"v":1230,"d":"1,230"},{"v":8830,"d":"8,830"},{"v":11820,"d":"11,820"},{"v":6680,"d":"6,680"},{"v":1610,"d":"1,610"},{"v":20110,"d":"20,110"},{"v":6830,"d":"6,830"},{"v":2680,"d":"2,680"},{"v":1490,"d":"1,490"},{"v":10990,"d":"10,990"},{"v":3770,"d":"3,770"},{"v":6450,"d":"6,450"},{"v":6200,"d":"6,200"},{"v":16420,"d":"16,420"},{"v":10600,"d":"10,600"},{"v":9130,"d":"9,130"},{"v":7680,"d":"7,680"},{"v":27410,"d":"27,410"},{"v":5470,"d":"5,470"},{"v":2630,"d":"2,630"},{"v":1410,"d":"1,410"},{"v":9510,"d":"9,510"},{"v":3700,"d":"3,700"},{"v":6350,"d":"6,350"},{"v":6290,"d":"6,290"},{"v":16340,"d":"16,340"},"-","-","-","-",{"v":9160,"d":"9,160"},{"v":8980,"d":"8,980"},{"v":7700,"d":"7,700"},{"v":25840,"d":"25,840"},{"v":4870,"d":"4,870"},{"v":2490,"d":"2,490"},{"v":1460,"d":"1,460"},{"v":8820,"d":"8,820"},{"v":3490,"d":"3,490"},{"v":6210,"d":"6,210"},{"v":7780,"d":"7,780"},{"v":17480,"d":"17,480"},"-","-","-","-",{"v":8360,"d":"8,360"},{"v":8700,"d":"8,700"},{"v":9250,"d":"9,250"},{"v":26300,"d":"26,300"},{"v":4930,"d":"4,930"},{"v":2640,"d":"2,640"},{"v":1470,"d":"1,470"},{"v":9040,"d":"9,040"},{"v":4110,"d":"4,110"},{"v":6680,"d":"6,680"},{"v":4500,"d":"4,500"},{"v":15280,"d":"15,280"},"-","-","-","-",{"v":9040,"d":"9,040"},{"v":9310,"d":"9,310"},{"v":5970,"d":"5,970"},{"v":24320,"d":"24,320"},{"v":5510,"d":"5,510"},{"v":2950,"d":"2,950"},{"v":2260,"d":"2,260"},{"v":10720,"d":"10,720"},{"v":3120,"d":"3,120"},{"v":4470,"d":"4,470"},{"v":3590,"d":"3,590"},{"v":11180,"d":"11,180"},"-","-","-","-",{"v":8630,"d":"8,630"},{"v":7410,"d":"7,410"},{"v":5850,"d":"5,850"},{"v":21900,"d":"21,900"},{"v":5990,"d":"5,990"},{"v":2880,"d":"2,880"},{"v":2440,"d":"2,440"},{"v":11300,"d":"11,300"},{"v":3500,"d":"3,500"},{"v":5050,"d":"5,050"},{"v":4310,"d":"4,310"},{"v":12860,"d":"12,860"},"-","-","-","-",{"v":9490,"d":"9,490"},{"v":7930,"d":"7,930"},{"v":6740,"d":"6,740"},{"v":24160,"d":"24,160"},"Children's Care Learning and Development"]
["Framework - Cleaning and Support Service Industry",null,10,"-","-",10,"-","-","-","-",10,"-","-",10,"-","-","-","-","-","-","-","-","-","-","-","-",20,30,"-",60,"-","-","-","-",20,40,"-",60,10,10,"-",20,"-","-","-","-",10,20,"-",20,"-",10,"-",20,"-","-","-","-","-",10,"-",20,10,20,10,40,"-","-","-","-",10,20,10,40,20,30,110,160,"-","-","-","-",20,30,110,160,80,130,160,360,"-","-","-","-",80,130,160,360,570,710,{"v":1520,"d":"1,520"},{"v":2800,"d":"2,800"},"-","-","-","-",570,710,{"v":1520,"d":"1,520"},{"v":2800,"d":"2,800"},680,920,{"v":2270,"d":"2,270"},{"v":3860,"d":"3,860"},"-","-","-","-","-","-","-","-",680,920,{"v":2270,"d":"2,270"},{"v":3860,"d":"3,860"},190,590,{"v":2020,"d":"2,020"},{"v":2790,"d":"2,790"},"-",10,70,80,"-","-","-","-",190,590,{"v":2090,"d":"2,090"},{"v":2870,"d":"2,870"},190,560,{"v":1960,"d":"1,960"},{"v":2710,"d":"2,710"},"-",10,50,50,"-","-","-","-",190,570,{"v":2010,"d":"2,010"},{"v":2760,"d":"2,760"},140,510,{"v":2790,"d":"2,790"},{"v":3430,"d":"3,430"},"-",10,80,90,"-","-","-","-",140,520,{"v":2870,"d":"2,870"},{"v":3520,"d":"3,520"},110,430,{"v":2430,"d":"2,430"},{"v":2980,"d":"2,980"},"-",10,130,140,"-","-","-","-",110,440,{"v":2560,"d":"2,560"},{"v":3110,"d":"3,110"},"Cleaning and Support Service Industry"]
["Framework - Coatings Development Plan",null,"-","-","-","-","-","-","-","-","-","-","-","-","-","-","-","-","-","-","-","-","-","-","-","-","-","-","-","-","-","-","-","-","-","-","-","-","-","-","-","-","-","-","-","-","-","-","-","-","-","-","-","-","-","-","-","-","-","-","-","-","-","-","-","-","-","-","-","-","-","-","-","-","-","-","-","-","-","-","-","-","-","-","-","-","-","-","-","-","-","-","-","-","-","-","-","-","-","-","-","-","-","-","-","-","-","-","-","-","-","-","-","-",10,"-","-",10,"-","-","-","-",10,"-","-",10,"-","-","-","-","-","-","-","-","-","-","-","-","-","-","-","-","-","-","-","-","-","-","-","-","-","-","-","-","-","-","-","-","-","-","-","-","-","-","-","-","-","-","-","-","-","-","-","-","-","-","-","-","-","-","-","-","-","-","-","-","-","-","-","-","Coatings Development Plan"]
["Framework - Coca Cola",null,"-","-","-","-","-","-","-","-","-","-","-","-","-","-","-","-","-","-","-","-","-","-","-","-","-","-","-","-",10,50,"-",50,10,50,"-",50,"-","-","-","-","-","-","-","-","-","-","-","-","-","-","-","-","-","-","-","-","-","-","-","-","-","-","-","-","-","-","-","-","-","-","-","-","-","-","-","-","-","-","-","-","-","-","-","-","-","-","-","-","-","-","-","-","-","-","-","-","-","-","-","-","-","-","-","-","-","-","-","-","-","-","-","-","-","-","-","-","-","-","-","-","-","-","-","-","-","-","-","-","-","-","-","-","-","-","-","-","-","-","-","-","-","-","-","-","-","-","-","-","-","-","-","-","-","-","-","-","-","-","-","-","-","-","-","-","-","-","-","-","-","-","-","-","-","-","-","-","-","-","-","-","-","-","-","-","-","-","-","-","Coca Cola"]
["Framework - Commercial Moving",null,"-","-","-","-","-","-","-","-","-","-","-","-","-","-","-","-","-","-","-","-","-","-","-","-","-","-","-","-","-","-","-","-","-","-","-","-","-","-","-","-","-","-","-","-","-","-","-","-","-","-","-","-","-","-","-","-","-","-","-","-","-","-","-","-","-","-","-","-","-","-","-","-","-","-","-","-","-","-","-","-","-","-","-","-","-","-","-","-","-","-","-","-","-","-","-","-","-","-","-","-","-","-","-","-","-","-","-","-",10,"-","-",10,"-","-","-","-","-","-","-","-",10,"-","-",10,"-","-","-","-","-","-","-","-","-","-","-","-","-","-","-","-","-","-","-","-","-","-","-","-","-","-","-","-","-","-","-","-","-","-","-","-","-","-","-","-","-","-","-","-","-","-","-","-","-","-","-","-","-","-","-","-","-","-","-","-","-","-","-","-","Commercial Moving"]
["Framework - Communications Technologies (Telecoms)",null,140,150,"-",300,520,480,"-",{"v":1000,"d":"1,000"},660,640,"-",{"v":1290,"d":"1,290"},220,230,"-",450,490,560,"-",{"v":1050,"d":"1,050"},720,790,"-",{"v":1500,"d":"1,500"},220,170,"-",390,340,270,"-",610,560,440,"-",{"v":1000,"d":"1,000"},260,300,"-",560,680,{"v":1530,"d":"1,530"},60,{"v":2280,"d":"2,280"},950,{"v":1830,"d":"1,830"},60,{"v":2840,"d":"2,840"},300,560,10,870,310,390,"-",700,610,950,10,{"v":1570,"d":"1,570"},190,350,20,560,280,400,40,720,470,760,60,{"v":1290,"d":"1,290"},10,80,20,100,"-",90,20,110,10,170,30,210,"-",30,10,40,10,130,10,140,10,150,20,180,"-","-","-","-","-","-","-","-","-","-","-","-","-","-","-","-","-","-","-","-","-","-","-","-","-","-","-","-","-","-","-","-","-","-","-","-","-","-","-","-","-","-","-","-","-","-","-","-","-","-","-","-","-","-","-","-","-","-","-","-","-","-","-","-","-","-","-","-","-","-","-","-","-","-","-","-","-","-","-","-","-","-","-","-","-","-","-","-","-","-","-","-","Communications Technologies (Telecoms)"]
["Framework - Community Development",null,"-","-","-","-","-","-","-","-","-","-","-","-","-","-","-","-","-","-","-","-","-","-","-","-","-","-","-","-","-","-","-","-","-","-","-","-","-","-","-","-","-","-","-","-","-","-","-","-","-","-","-","-","-","-","-","-","-","-","-","-","-","-","-","-","-","-","-","-","-","-","-","-","-","-","-","-","-","-","-","-","-","-","-","-","-","-","-","-","-","-","-","-","-","-","-","-",10,10,10,30,"-","-",10,10,10,10,10,30,"-","-","-","-","-","-","-","-","-","-","-","-","-","-","-","-","-","-","-","-","-","-","-","-","-","-","-","-","-","-","-","-","-","-","-","-","-","-","-","-","-","-","-","-","-","-","-","-","-","-","-","-","-","-","-","-","-","-","-","-","-","-","-","-","-","-","-","-","-","-","-","-","-","-","-","-","-","-","-","-","Community Development"]
["Framework - Community Justice",null,"-","-","-","-",10,10,"-",10,10,10,"-",10,"-","-","-","-","-",50,"-",50,"-",50,"-",50,"-","-","-","-","-",30,"-",30,"-",30,"-",30,"-","-","-","-",10,30,"-",40,10,30,"-",40,"-","-","-","-","-",10,"-",10,"-",10,"-",10,"-","-","-","-","-","-","-","-","-","-","-","-","-","-","-","-","-","-","-",10,"-","-","-",10,"-","-","-","-","-","-","-","-","-","-","-","-","-","-","-","-","-","-","-","-","-","-","-","-","-","-","-","-","-","-","-","-","-","-","-","-","-","-","-","-","-","-","-","-","-","-","-","-","-","-","-","-","-","-","-","-","-","-","-","-","-","-","-","-","-","-","-","-","-","-","-","-","-","-","-","-","-","-","-","-","-","-","-","-","-","-","-","-","-","-","-","-","-","-","-","-","-","-","-","-","-","-","-","-","Community Justice"]
["Framework - Community Safety",null,"-","-","-","-","-","-","-","-","-","-","-","-","-","-","-","-","-","-","-","-","-","-","-","-","-","-","-","-","-","-","-","-","-","-","-","-","-","-","-","-","-","-","-","-","-","-","-","-","-","-","-","-","-","-","-","-","-","-","-","-","-","-","-","-","-","-","-","-","-","-","-","-","-","-","-","-","-","-","-","-","-","-","-","-","-","-","-","-","-","-","-","-","-","-","-","-","-","-","-","-","-","-","-","-","-","-","-","-","-","-","-","-","-","-","-","-","-","-","-","-","-","-","-","-","-","-","-","-","-","-","-","-","-","-","-","-","-","-","-","-","-",10,"-",10,"-","-","-","-","-","-","-","-","-",10,"-",10,10,10,"-",30,"-","-","-","-","-","-","-","-",10,10,"-",30,"-","-","-",10,"-","-","-","-","-","-","-","-","-","-","-",10,"Community Safety"]
["Framework - Composite Engineering",null,"-","-","-","-","-","-","-","-","-","-","-","-","-","-","-","-","-","-","-","-","-","-","-","-","-","-","-","-","-","-","-","-","-","-","-","-","-","-","-","-","-","-","-","-","-","-","-","-","-","-","-","-","-","-","-","-","-","-","-","-","-","-","-","-","-","-","-","-","-","-","-","-","-","-","-","-","-","-","-","-","-","-","-","-","-","-","-","-","-","-","-","-","-","-","-","-","-","-","-","-","-","-","-","-","-","-","-","-","-","-","-","-","-","-","-","-","-","-","-","-","-","-","-","-","-","-","-","-","-","-","-","-","-","-","-","-","-","-","-","-","-",20,10,30,10,"-","-",10,"-","-","-","-",10,20,10,40,10,20,10,40,10,10,"-",20,"-","-","-","-",20,30,10,60,10,"-","-",10,10,10,"-",20,"-","-","-","-",10,10,"-",20,"Composite Engineering"]
["Framework - Construction Management",null,"-","-","-","-","-","-","-","-","-","-","-","-","-","-","-","-","-","-","-","-","-","-","-","-","-","-","-","-","-","-","-","-","-","-","-","-","-","-","-","-","-","-","-","-","-","-","-","-","-","-","-","-","-","-","-","-","-","-","-","-","-","-","-","-","-","-","-","-","-","-","-","-","-","-","-","-","-","-","-","-","-","-","-","-","-","-","-","-","-","-","-","-","-","-","-","-","-","-","-","-","-","-","-","-","-","-","-","-","-","-","-","-","-","-","-","-","-","-","-","-","-","-","-","-","-","-","-","-","-","-","-","-","-","-","-","-","-","-","-","-","-","-","-","-","-","-","-","-",10,30,10,40,10,30,10,40,"-","-","-","-","-","-","-","-",20,60,20,100,20,60,20,100,"-","-","-","-","-","-","-","-",30,80,90,210,30,80,90,210,"Construction Management"]
["Framework - Construction Skills",null,{"v":8750,"d":"8,750"},{"v":1620,"d":"1,620"},"-",{"v":10370,"d":"10,370"},{"v":1050,"d":"1,050"},510,"-",{"v":1560,"d":"1,560"},{"v":9800,"d":"9,800"},{"v":2130,"d":"2,130"},"-",{"v":11930,"d":"11,930"},{"v":10420,"d":"10,420"},{"v":2460,"d":"2,460"},"-",{"v":12880,"d":"12,880"},{"v":1160,"d":"1,160"},970,"-",{"v":2130,"d":"2,130"},{"v":11570,"d":"11,570"},{"v":3440,"d":"3,440"},"-",{"v":15010,"d":"15,010"},{"v":12570,"d":"12,570"},{"v":2960,"d":"2,960"},"-",{"v":15540,"d":"15,540"},{"v":1310,"d":"1,310"},{"v":1610,"d":"1,610"},30,{"v":2950,"d":"2,950"},{"v":13880,"d":"13,880"},{"v":4570,"d":"4,570"},30,{"v":18480,"d":"18,480"},{"v":9370,"d":"9,370"},{"v":2540,"d":"2,540"},20,{"v":11920,"d":"11,920"},{"v":1740,"d":"1,740"},{"v":1820,"d":"1,820"},"-",{"v":3550,"d":"3,550"},{"v":11110,"d":"11,110"},{"v":4350,"d":"4,350"},20,{"v":15480,"d":"15,480"},{"v":13210,"d":"13,210"},{"v":3320,"d":"3,320"},"-",{"v":16540,"d":"16,540"},{"v":2020,"d":"2,020"},{"v":2140,"d":"2,140"},"-",{"v":4160,"d":"4,160"},{"v":15230,"d":"15,230"},{"v":5470,"d":"5,470"},"-",{"v":20700,"d":"20,700"},{"v":12400,"d":"12,400"},{"v":3510,"d":"3,510"},280,{"v":16190,"d":"16,190"},{"v":1980,"d":"1,980"},{"v":2160,"d":"2,160"},70,{"v":4210,"d":"4,210"},{"v":14380,"d":"14,380"},{"v":5670,"d":"5,670"},350,{"v":20400,"d":"20,400"},{"v":9230,"d":"9,230"},{"v":2800,"d":"2,800"},620,{"v":12650,"d":"12,650"},{"v":1860,"d":"1,860"},{"v":2130,"d":"2,130"},140,{"v":4140,"d":"4,140"},{"v":11090,"d":"11,090"},{"v":4930,"d":"4,930"},760,{"v":16790,"d":"16,790"},{"v":8150,"d":"8,150"},{"v":2410,"d":"2,410"},390,{"v":10950,"d":"10,950"},{"v":1330,"d":"1,330"},{"v":1640,"d":"1,640"},150,{"v":3120,"d":"3,120"},{"v":9480,"d":"9,480"},{"v":4060,"d":"4,060"},530,{"v":14070,"d":"14,070"},{"v":7700,"d":"7,700"},{"v":2910,"d":"2,910"},{"v":1130,"d":"1,130"},{"v":11740,"d":"11,740"},{"v":1560,"d":"1,560"},{"v":2000,"d":"2,000"},290,{"v":3850,"d":"3,850"},{"v":9260,"d":"9,260"},{"v":4910,"d":"4,910"},{"v":1420,"d":"1,420"},{"v":15590,"d":"15,590"},{"v":6980,"d":"6,980"},{"v":2850,"d":"2,850"},890,{"v":10720,"d":"10,720"},{"v":1120,"d":"1,120"},{"v":1500,"d":"1,500"},230,{"v":2840,"d":"2,840"},"-","-","-","-",{"v":8090,"d":"8,090"},{"v":4350,"d":"4,350"},{"v":1120,"d":"1,120"},{"v":13560,"d":"13,560"},{"v":6520,"d":"6,520"},{"v":2980,"d":"2,980"},940,{"v":10440,"d":"10,440"},{"v":1230,"d":"1,230"},{"v":1430,"d":"1,430"},450,{"v":3110,"d":"3,110"},10,30,20,60,{"v":7760,"d":"7,760"},{"v":4450,"d":"4,450"},{"v":1400,"d":"1,400"},{"v":13610,"d":"13,610"},{"v":7890,"d":"7,890"},{"v":3600,"d":"3,600"},940,{"v":12430,"d":"12,430"},{"v":1260,"d":"1,260"},{"v":1630,"d":"1,630"},170,{"v":3050,"d":"3,050"},"-",30,"-",30,{"v":9140,"d":"9,140"},{"v":5260,"d":"5,260"},{"v":1110,"d":"1,110"},{"v":15510,"d":"15,510"},{"v":8680,"d":"8,680"},{"v":4320,"d":"4,320"},{"v":1380,"d":"1,380"},{"v":14390,"d":"14,390"},{"v":1460,"d":"1,460"},{"v":1800,"d":"1,800"},360,{"v":3630,"d":"3,630"},"-","-","-","-",{"v":10150,"d":"10,150"},{"v":6120,"d":"6,120"},{"v":1740,"d":"1,740"},{"v":18010,"d":"18,010"},{"v":9540,"d":"9,540"},{"v":4590,"d":"4,590"},{"v":1820,"d":"1,820"},{"v":15950,"d":"15,950"},{"v":1590,"d":"1,590"},{"v":1940,"d":"1,940"},770,{"v":4300,"d":"4,300"},"-","-","-","-",{"v":11130,"d":"11,130"},{"v":6530,"d":"6,530"},{"v":2590,"d":"2,590"},{"v":20250,"d":"20,250"},"Construction Skills"]
["Framework - Contact Centres",null,140,580,"-",720,20,160,"-",190,170,740,"-",900,190,680,"-",870,10,170,"-",180,200,840,"-",{"v":1050,"d":"1,050"},160,{"v":1000,"d":"1,000"},"-",{"v":1160,"d":"1,160"},10,140,"-",160,170,{"v":1140,"d":"1,140"},"-",{"v":1320,"d":"1,320"},110,920,"-",{"v":1030,"d":"1,030"},10,120,"-",120,120,{"v":1040,"d":"1,040"},"-",{"v":1150,"d":"1,150"},100,460,"-",560,"-",190,"-",190,100,640,"-",750,90,580,540,{"v":1220,"d":"1,220"},"-",130,100,230,100,710,650,{"v":1450,"d":"1,450"},70,560,600,{"v":1230,"d":"1,230"},10,80,110,200,80,640,710,{"v":1430,"d":"1,430"},520,550,300,{"v":1370,"d":"1,370"},"-",60,60,120,520,610,360,{"v":1490,"d":"1,490"},160,470,450,{"v":1080,"d":"1,080"},"-",20,90,110,160,490,540,{"v":1190,"d":"1,190"},240,510,380,{"v":1130,"d":"1,130"},10,160,370,530,"-","-","-","-",240,670,760,{"v":1670,"d":"1,670"},250,500,300,{"v":1040,"d":"1,040"},10,220,200,430,"-","-","-","-",260,710,500,{"v":1470,"d":"1,470"},260,530,200,990,10,40,40,80,"-","-","-","-",270,570,240,{"v":1070,"d":"1,070"},190,290,200,680,"-",40,40,80,"-","-","-","-",190,320,250,760,150,150,120,420,"-",10,20,30,"-","-","-","-",150,160,140,450,"Contact Centres"]
["Framework - Court, Tribunal and Prosecution Operations",null,"-","-","-","-","-","-","-","-","-","-","-","-","-","-","-","-","-","-","-","-","-","-","-","-","-","-","-","-","-","-","-","-","-","-","-","-","-","-","-","-","-","-","-","-","-","-","-","-","-","-","-","-","-","-","-","-","-","-","-","-","-","-","-","-","-","-","-","-","-","-","-","-","-","-","-","-","-","-","-","-","-","-","-","-","-","-","-","-","-","-","-","-","-","-","-","-","-","-","-","-","-","-","-","-","-","-","-","-","-",10,20,20,"-","-","-","-","-","-","-","-","-",10,20,20,"-","-",30,30,"-",10,60,60,"-","-","-","-","-",10,80,90,"-","-",20,20,"-","-",20,30,"-","-","-","-","-","-",40,40,"-","-",10,10,"-","-",20,20,"-","-","-","-","-","-",30,40,"-","-","-","-","-","-",10,10,"-","-","-","-","-","-",10,10,"Court, Tribunal and Prosecution Operations"]
["Framework - Creative",null,"-","-","-","-","-","-","-","-","-","-","-","-","-","-","-","-","-","-","-","-","-","-","-","-","-","-","-","-","-","-","-","-","-","-","-","-","-","-","-","-","-","-","-","-","-","-","-","-","-","-","-","-","-","-","-","-","-","-","-","-","-","-","-","-","-","-","-","-","-","-","-","-",30,30,10,70,10,20,"-",30,40,50,10,100,80,80,10,160,40,60,10,110,120,140,20,270,110,120,10,240,40,60,10,110,150,180,20,350,80,100,"-",180,140,110,10,260,"-","-","-","-",220,210,10,440,60,70,"-",130,50,50,"-",110,"-","-","-","-",110,120,10,230,100,120,10,230,130,80,10,220,"-","-","-","-",230,210,10,440,100,110,"-",210,90,110,"-",200,"-","-","-","-",190,220,10,410,80,100,10,190,90,70,"-",170,"-","-","-","-",170,170,10,350,"Creative"]
["Framework - Creative and Digital Media",null,"-","-","-","-","-","-","-","-","-","-","-","-","-","-","-","-","-","-","-","-","-","-","-","-","-","-","-","-","-","-","-","-","-","-","-","-","-","-","-","-","-","-","-","-","-","-","-","-","-","-","-","-","-","-","-","-","-","-","-","-","-","-","-","-","-","-","-","-","-","-","-","-","-","-","-","-","-","-","-","-","-","-","-","-","-","-","-","-",20,10,"-",30,20,10,"-",30,"-","-","-","-",150,90,10,250,150,90,10,250,"-","-","-","-",370,200,10,570,"-","-","-","-",370,200,10,570,"-","-","-","-",380,210,30,620,"-","-","-","-",380,210,30,620,"-","-","-","-",350,240,10,600,"-","-","-",10,350,250,10,610,"-","-","-","-",350,240,10,610,"-",10,"-",10,360,250,10,620,"-","-","-","-",280,260,20,570,"-","-","-",10,290,270,20,570,"Creative and Digital Media"]
["Framework - Creative Craft Practitioner",null,"-","-","-","-","-","-","-","-","-","-","-","-","-","-","-","-","-","-","-","-","-","-","-","-","-","-","-","-","-","-","-","-","-","-","-","-","-","-","-","-","-","-","-","-","-","-","-","-","-","-","-","-","-","-","-","-","-","-","-","-","-","-","-","-","-","-","-","-","-","-","-","-","-","-","-","-","-","-","-","-","-","-","-","-","-","-","-","-","-","-","-","-","-","-","-","-","-","-","-","-","-","-","-","-","-","-","-","-","-","-","-","-","-","-","-","-","-","-","-","-","-","-","-","-","-","-","-","-","-","-","-","-","-","-","-","-","-","-","-","-","-","-","-","-","-","-","-","-","-","-","-","-","-","-","-","-","-","-","-","-","-","-","-","-","-","-","-","-","-","-","-","-","-","-","-","-",10,10,"-",10,"-","-","-","-",10,10,"-",10,"Creative Craft Practitioner"]
["Framework - Cultural Heritage",null,"-","-","-","-","-","-","-","-","-","-","-","-","-","-","-","-","-","-","-","-","-","-","-","-","-","-","-","-","-","-","-","-","-","-","-","-",10,"-","-",10,"-","-","-","-",10,"-","-",10,"-","-","-","-","-","-","-","-","-","-","-","-","-","-","-","-","-","-","-","-","-","-","-","-","-","-","-","-","-","-","-","-","-","-","-","-","-","-","-","-","-","-","-","-","-","-","-","-","-","-","-","-","-","-","-","-","-","-","-","-","-","-","-","-","-","-","-","-","-","-","-","-","-","-","-","-","-","-","-","-","-","-","-","-","-","-","-","-","-","-","-","-","-","-","-","-","-","-","-","-","-","-","-","-","-","-","-","-","-","-","-","-","-","-","-","-","-","-","-","-","-","-","-","-","-","-","-","-","-","-","-","-","-","-","-","-","-","-","-","-","Cultural Heritage"]
["Framework - Custodial Care",null,"-","-","-","-","-","-","-","-","-","-","-","-","-","-","-","-","-","-","-","-","-","-","-","-","-","-","-","-","-","-","-","-","-","-","-","-","-","-","-","-","-","-","-","-","-","-","-","-","-","-","-","-","-","-","-","-","-","-","-","-","-","-","-","-","-","-","-","-","-","-","-","-","-","-","-","-","-","-","-","-","-","-","-","-","-","-","-","-","-","-","-","-","-","-","-","-","-","-","-","-","-",20,30,60,"-",20,30,60,"-","-","-",10,"-",90,230,320,"-","-","-","-","-",90,240,330,"-","-","-",10,"-",40,160,200,"-","-","-","-","-",40,170,210,"-","-","-","-","-","-",20,20,"-","-","-","-","-","-",20,20,"-","-","-","-","-","-",40,50,"-","-","-","-","-","-",40,50,"-","-","-","-","-",10,20,20,"-","-","-","-","-",10,20,20,"Custodial Care"]
["Framework - Customer Service",null,{"v":3700,"d":"3,700"},{"v":6740,"d":"6,740"},"-",{"v":10440,"d":"10,440"},670,{"v":3180,"d":"3,180"},"-",{"v":3850,"d":"3,850"},{"v":4370,"d":"4,370"},{"v":9920,"d":"9,920"},"-",{"v":14290,"d":"14,290"},{"v":3910,"d":"3,910"},{"v":7560,"d":"7,560"},"-",{"v":11470,"d":"11,470"},510,{"v":3230,"d":"3,230"},"-",{"v":3750,"d":"3,750"},{"v":4430,"d":"4,430"},{"v":10790,"d":"10,790"},"-",{"v":15210,"d":"15,210"},{"v":4080,"d":"4,080"},{"v":6920,"d":"6,920"},10,{"v":11000,"d":"11,000"},440,{"v":2880,"d":"2,880"},10,{"v":3330,"d":"3,330"},{"v":4510,"d":"4,510"},{"v":9800,"d":"9,800"},10,{"v":14320,"d":"14,320"},{"v":4350,"d":"4,350"},{"v":7500,"d":"7,500"},"-",{"v":11850,"d":"11,850"},590,{"v":3290,"d":"3,290"},10,{"v":3890,"d":"3,890"},{"v":4940,"d":"4,940"},{"v":10790,"d":"10,790"},10,{"v":15740,"d":"15,740"},{"v":4080,"d":"4,080"},{"v":7520,"d":"7,520"},10,{"v":11610,"d":"11,610"},530,{"v":3100,"d":"3,100"},10,{"v":3640,"d":"3,640"},{"v":4610,"d":"4,610"},{"v":10620,"d":"10,620"},20,{"v":15250,"d":"15,250"},{"v":4130,"d":"4,130"},{"v":8950,"d":"8,950"},{"v":3320,"d":"3,320"},{"v":16400,"d":"16,400"},420,{"v":2550,"d":"2,550"},{"v":1600,"d":"1,600"},{"v":4570,"d":"4,570"},{"v":4550,"d":"4,550"},{"v":11500,"d":"11,500"},{"v":4920,"d":"4,920"},{"v":20970,"d":"20,970"},{"v":3410,"d":"3,410"},{"v":7910,"d":"7,910"},{"v":6480,"d":"6,480"},{"v":17810,"d":"17,810"},350,{"v":1950,"d":"1,950"},{"v":2450,"d":"2,450"},{"v":4740,"d":"4,740"},{"v":3760,"d":"3,760"},{"v":9860,"d":"9,860"},{"v":8920,"d":"8,920"},{"v":22550,"d":"22,550"},{"v":6010,"d":"6,010"},{"v":10600,"d":"10,600"},{"v":6400,"d":"6,400"},{"v":23000,"d":"23,000"},320,{"v":3190,"d":"3,190"},{"v":2900,"d":"2,900"},{"v":6410,"d":"6,410"},{"v":6320,"d":"6,320"},{"v":13790,"d":"13,790"},{"v":9300,"d":"9,300"},{"v":29410,"d":"29,410"},{"v":11150,"d":"11,150"},{"v":13300,"d":"13,300"},{"v":17700,"d":"17,700"},{"v":42150,"d":"42,150"},{"v":1420,"d":"1,420"},{"v":3990,"d":"3,990"},{"v":6420,"d":"6,420"},{"v":11820,"d":"11,820"},{"v":12570,"d":"12,570"},{"v":17290,"d":"17,290"},{"v":24110,"d":"24,110"},{"v":53970,"d":"53,970"},{"v":10130,"d":"10,130"},{"v":14920,"d":"14,920"},{"v":20830,"d":"20,830"},{"v":45870,"d":"45,870"},950,{"v":4480,"d":"4,480"},{"v":7790,"d":"7,790"},{"v":13220,"d":"13,220"},"-","-","-","-",{"v":11080,"d":"11,080"},{"v":19400,"d":"19,400"},{"v":28610,"d":"28,610"},{"v":59090,"d":"59,090"},{"v":5900,"d":"5,900"},{"v":11610,"d":"11,610"},{"v":14240,"d":"14,240"},{"v":31740,"d":"31,740"},770,{"v":4430,"d":"4,430"},{"v":8450,"d":"8,450"},{"v":13640,"d":"13,640"},"-","-","-","-",{"v":6670,"d":"6,670"},{"v":16030,"d":"16,030"},{"v":22690,"d":"22,690"},{"v":45390,"d":"45,390"},{"v":5340,"d":"5,340"},{"v":9400,"d":"9,400"},{"v":10530,"d":"10,530"},{"v":25270,"d":"25,270"},590,{"v":2710,"d":"2,710"},{"v":2760,"d":"2,760"},{"v":6060,"d":"6,060"},"-","-","-","-",{"v":5930,"d":"5,930"},{"v":12110,"d":"12,110"},{"v":13290,"d":"13,290"},{"v":31320,"d":"31,320"},{"v":4780,"d":"4,780"},{"v":7850,"d":"7,850"},{"v":11320,"d":"11,320"},{"v":23950,"d":"23,950"},500,{"v":2470,"d":"2,470"},{"v":3900,"d":"3,900"},{"v":6860,"d":"6,860"},"-","-","-","-",{"v":5290,"d":"5,290"},{"v":10310,"d":"10,310"},{"v":15220,"d":"15,220"},{"v":30810,"d":"30,810"},{"v":4610,"d":"4,610"},{"v":6330,"d":"6,330"},{"v":9220,"d":"9,220"},{"v":20150,"d":"20,150"},520,{"v":2070,"d":"2,070"},{"v":3630,"d":"3,630"},{"v":6220,"d":"6,220"},"-","-","-","-",{"v":5130,"d":"5,130"},{"v":8400,"d":"8,400"},{"v":12840,"d":"12,840"},{"v":26370,"d":"26,370"},"Customer Service"]
["Framework - Dental Nursing",null,"-","-","-","-","-","-","-","-","-","-","-","-","-","-","-","-","-","-","-","-","-","-","-","-",180,80,"-",260,290,430,"-",720,470,510,"-",980,210,140,"-",350,360,560,"-",920,570,690,"-",{"v":1260,"d":"1,260"},120,110,"-",230,380,670,"-",{"v":1060,"d":"1,060"},500,780,"-",{"v":1290,"d":"1,290"},30,20,"-",50,370,700,80,{"v":1150,"d":"1,150"},400,720,80,{"v":1200,"d":"1,200"},"-","-","-","-",440,770,290,{"v":1500,"d":"1,500"},440,770,290,{"v":1500,"d":"1,500"},"-","-","-","-",460,830,180,{"v":1460,"d":"1,460"},460,830,180,{"v":1460,"d":"1,460"},"-","-","-","-",570,{"v":1010,"d":"1,010"},420,{"v":2000,"d":"2,000"},570,{"v":1010,"d":"1,010"},420,{"v":2000,"d":"2,000"},"-","-","-","-",650,{"v":1160,"d":"1,160"},460,{"v":2280,"d":"2,280"},"-","-","-","-",650,{"v":1160,"d":"1,160"},460,{"v":2280,"d":"2,280"},"-","-","-","-",840,{"v":1420,"d":"1,420"},590,{"v":2850,"d":"2,850"},"-","-","-","-",840,{"v":1420,"d":"1,420"},590,{"v":2850,"d":"2,850"},"-","-","-","-",840,{"v":1180,"d":"1,180"},210,{"v":2230,"d":"2,230"},"-","-","-","-",840,{"v":1180,"d":"1,180"},210,{"v":2230,"d":"2,230"},"-","-","-","-",{"v":1090,"d":"1,090"},{"v":1360,"d":"1,360"},480,{"v":2930,"d":"2,930"},"-","-","-","-",{"v":1090,"d":"1,090"},{"v":1360,"d":"1,360"},480,{"v":2930,"d":"2,930"},"-","-","-","-",{"v":1150,"d":"1,150"},{"v":1510,"d":"1,510"},680,{"v":3340,"d":"3,340"},"-","-","-","-",{"v":1150,"d":"1,150"},{"v":1510,"d":"1,510"},680,{"v":3340,"d":"3,340"},"Dental Nursing"]
["Framework - Design",null,"-","-","-","-","-","-","-","-","-","-","-","-","-","-","-","-","-","-","-","-","-","-","-","-",10,"-","-",10,"-","-","-","-",10,"-","-",10,10,"-","-",10,"-","-","-","-",10,"-","-",10,20,"-","-",20,10,"-","-",10,30,10,"-",30,10,"-","-",10,"-","-","-","-",10,"-","-",10,"-","-","-",10,"-","-","-","-","-","-","-",10,10,"-","-",20,"-","-","-","-",10,"-","-",20,10,20,"-",30,"-",10,"-",10,10,20,"-",30,10,10,"-",20,50,30,"-",80,"-","-","-","-",60,40,"-",100,30,40,"-",70,70,40,"-",120,"-","-","-","-",100,90,"-",190,30,50,"-",80,80,110,"-",190,"-","-","-","-",120,150,"-",280,40,30,"-",70,100,90,"-",190,"-","-","-","-",130,120,"-",260,30,10,"-",40,60,70,"-",130,"-","-","-","-",90,80,"-",170,"Design"]
["Framework - Digital Learning Design",null,"-","-","-","-","-","-","-","-","-","-","-","-","-","-","-","-","-","-","-","-","-","-","-","-","-","-","-","-","-","-","-","-","-","-","-","-","-","-","-","-","-","-","-","-","-","-","-","-","-","-","-","-","-","-","-","-","-","-","-","-","-","-","-","-","-","-","-","-","-","-","-","-","-","-","-","-","-","-","-","-","-","-","-","-","-","-","-","-","-","-","-","-","-","-","-","-","-","-","-","-","-","-","-","-","-","-","-","-","-","-","-","-","-","-","-","-","-","-","-","-","-","-","-","-","-","-","-","-","-","-","-","-","-","-","-","-","-","-","-","-","-","-","-","-","-","-","-","-","-","-","-","-","-","-","-","-","-","-","-","-",10,10,"-",30,"-",10,"-",10,10,20,"-",30,"-","-","-","-",20,20,"-",40,"-","-","-",10,20,30,"-",50,"Digital Learning Design"]
["Framework - Driving Goods Vehicles",null,10,20,"-",40,10,20,"-",20,20,40,"-",60,430,650,"-",{"v":1080,"d":"1,080"},100,90,"-",190,520,740,"-",{"v":1260,"d":"1,260"},650,740,"-",{"v":1390,"d":"1,390"},30,130,"-",160,680,870,"-",{"v":1550,"d":"1,550"},740,710,"-",{"v":1450,"d":"1,450"},30,250,"-",290,770,970,"-",{"v":1740,"d":"1,740"},640,830,20,{"v":1490,"d":"1,490"},40,420,10,460,680,{"v":1260,"d":"1,260"},20,{"v":1950,"d":"1,950"},660,{"v":1010,"d":"1,010"},220,{"v":1890,"d":"1,890"},20,390,150,560,680,{"v":1400,"d":"1,400"},370,{"v":2450,"d":"2,450"},750,{"v":1360,"d":"1,360"},550,{"v":2660,"d":"2,660"},30,490,380,900,780,{"v":1840,"d":"1,840"},940,{"v":3560,"d":"3,560"},560,{"v":1410,"d":"1,410"},540,{"v":2520,"d":"2,520"},40,560,330,920,600,{"v":1970,"d":"1,970"},870,{"v":3440,"d":"3,440"},340,940,{"v":2060,"d":"2,060"},{"v":3340,"d":"3,340"},50,460,290,790,390,{"v":1400,"d":"1,400"},{"v":2350,"d":"2,350"},{"v":4130,"d":"4,130"},560,{"v":1220,"d":"1,220"},{"v":5260,"d":"5,260"},{"v":7040,"d":"7,040"},10,210,370,580,"-","-","-","-",570,{"v":1430,"d":"1,430"},{"v":5630,"d":"5,630"},{"v":7620,"d":"7,620"},490,850,{"v":4000,"d":"4,000"},{"v":5340,"d":"5,340"},"-",50,110,170,"-","-","-","-",490,910,{"v":4120,"d":"4,120"},{"v":5510,"d":"5,510"},420,{"v":1050,"d":"1,050"},{"v":2370,"d":"2,370"},{"v":3840,"d":"3,840"},"-",80,80,160,"-","-","-","-",420,{"v":1130,"d":"1,130"},{"v":2450,"d":"2,450"},{"v":4000,"d":"4,000"},360,{"v":1530,"d":"1,530"},{"v":2870,"d":"2,870"},{"v":4760,"d":"4,760"},"-",70,100,170,"-","-","-","-",360,{"v":1600,"d":"1,600"},{"v":2970,"d":"2,970"},{"v":4930,"d":"4,930"},420,{"v":1700,"d":"1,700"},{"v":3220,"d":"3,220"},{"v":5350,"d":"5,350"},"-",50,80,140,"-","-","-","-",420,{"v":1760,"d":"1,760"},{"v":3310,"d":"3,310"},{"v":5490,"d":"5,490"},"Driving Goods Vehicles"]
["Framework - Electrical and Electronic Servicing",null,70,20,"-",90,40,30,"-",70,120,50,"-",170,40,20,"-",50,50,20,"-",70,90,30,"-",120,10,10,"-",20,40,20,"-",60,50,20,"-",70,10,"-","-",10,20,10,"-",20,20,10,"-",30,"-","-","-",10,"-","-","-",10,10,10,"-",10,"-","-","-","-","-","-","-","-","-","-","-","-",30,"-","-",30,"-","-","-","-",30,"-","-",30,20,"-","-",30,"-","-","-","-",30,"-","-",30,10,40,30,80,"-","-","-","-",10,40,30,80,"-","-","-","-","-","-","-","-","-","-","-","-","-","-","-","-",10,20,10,40,"-","-","-",10,"-","-","-","-",10,30,10,50,"-","-","-","-","-","-","-","-","-","-","-","-","-","-","-",10,10,20,10,40,"-","-",20,30,"-","-","-","-",10,20,40,70,"-",10,10,20,"-","-","-","-","-","-","-","-","-",10,10,20,"Electrical and Electronic Servicing"]
["Framework - Electrotechnical",null,690,170,"-",860,{"v":2710,"d":"2,710"},730,"-",{"v":3440,"d":"3,440"},{"v":3400,"d":"3,400"},900,"-",{"v":4300,"d":"4,300"},{"v":1040,"d":"1,040"},290,"-",{"v":1330,"d":"1,330"},{"v":3210,"d":"3,210"},{"v":1340,"d":"1,340"},"-",{"v":4550,"d":"4,550"},{"v":4250,"d":"4,250"},{"v":1630,"d":"1,630"},"-",{"v":5870,"d":"5,870"},{"v":1260,"d":"1,260"},420,"-",{"v":1680,"d":"1,680"},{"v":3230,"d":"3,230"},{"v":1210,"d":"1,210"},"-",{"v":4440,"d":"4,440"},{"v":4490,"d":"4,490"},{"v":1630,"d":"1,630"},"-",{"v":6120,"d":"6,120"},960,340,"-",{"v":1300,"d":"1,300"},{"v":3240,"d":"3,240"},{"v":1250,"d":"1,250"},"-",{"v":4490,"d":"4,490"},{"v":4200,"d":"4,200"},{"v":1590,"d":"1,590"},"-",{"v":5790,"d":"5,790"},50,30,"-",90,{"v":4540,"d":"4,540"},{"v":1880,"d":"1,880"},10,{"v":6430,"d":"6,430"},{"v":4590,"d":"4,590"},{"v":1910,"d":"1,910"},10,{"v":6510,"d":"6,510"},30,10,"-",40,{"v":4380,"d":"4,380"},{"v":1920,"d":"1,920"},190,{"v":6480,"d":"6,480"},{"v":4400,"d":"4,400"},{"v":1930,"d":"1,930"},190,{"v":6520,"d":"6,520"},10,"-","-",10,{"v":3500,"d":"3,500"},{"v":1640,"d":"1,640"},630,{"v":5770,"d":"5,770"},{"v":3510,"d":"3,510"},{"v":1640,"d":"1,640"},630,{"v":5780,"d":"5,780"},"-","-","-","-",{"v":2700,"d":"2,700"},{"v":1650,"d":"1,650"},310,{"v":4660,"d":"4,660"},{"v":2700,"d":"2,700"},{"v":1650,"d":"1,650"},310,{"v":4660,"d":"4,660"},"-","-","-","-",{"v":2990,"d":"2,990"},{"v":1840,"d":"1,840"},720,{"v":5540,"d":"5,540"},{"v":2990,"d":"2,990"},{"v":1840,"d":"1,840"},720,{"v":5540,"d":"5,540"},"-","-","-","-",{"v":2700,"d":"2,700"},{"v":1780,"d":"1,780"},490,{"v":4980,"d":"4,980"},"-","-","-","-",{"v":2700,"d":"2,700"},{"v":1780,"d":"1,780"},490,{"v":4980,"d":"4,980"},"-","-","-","-",{"v":2680,"d":"2,680"},{"v":1840,"d":"1,840"},560,{"v":5080,"d":"5,080"},"-","-","-","-",{"v":2680,"d":"2,680"},{"v":1840,"d":"1,840"},560,{"v":5080,"d":"5,080"},"-","-","-","-",{"v":2870,"d":"2,870"},{"v":1500,"d":"1,500"},240,{"v":4610,"d":"4,610"},"-","-","-","-",{"v":2870,"d":"2,870"},{"v":1500,"d":"1,500"},240,{"v":4610,"d":"4,610"},"-","-","-","-",{"v":3250,"d":"3,250"},{"v":1930,"d":"1,930"},560,{"v":5740,"d":"5,740"},"-","-","-","-",{"v":3250,"d":"3,250"},{"v":1930,"d":"1,930"},560,{"v":5740,"d":"5,740"},"-","-","-","-",{"v":3380,"d":"3,380"},{"v":1910,"d":"1,910"},580,{"v":5870,"d":"5,870"},"-","-","-","-",{"v":3380,"d":"3,380"},{"v":1910,"d":"1,910"},580,{"v":5870,"d":"5,870"},"Electrotechnical"]
["Framework - Emergency Fire Service Operations",null,"-","-","-","-","-",40,"-",40,"-",40,"-",40,10,"-","-",10,"-",60,"-",60,10,60,"-",70,"-","-","-","-","-",20,"-",20,"-",20,"-",20,"-","-","-","-",10,30,"-",40,10,30,"-",40,"-","-","-","-","-",30,"-",30,10,30,"-",30,"-","-","-","-","-",10,"-",10,"-",10,"-",10,"-","-","-","-","-",20,40,60,"-",20,40,60,"-","-","-","-","-",20,10,40,"-",20,10,40,"-","-","-","-","-",10,10,20,"-",10,10,20,"-","-","-","-","-",40,90,130,"-","-","-","-","-",40,90,130,"-","-","-","-","-",20,10,30,"-","-","-","-","-",20,10,30,"-","-","-","-","-",10,"-",10,"-","-","-","-","-",10,"-",10,"-","-","-","-","-",10,"-",10,"-","-","-","-","-",10,"-",10,"-","-","-","-","-",10,10,20,"-","-","-","-","-",10,10,20,"Emergency Fire Service Operations"]
["Framework - Employment Related Services",null,"-","-","-","-","-","-","-","-","-","-","-","-","-","-","-","-","-","-","-","-","-","-","-","-","-","-","-","-","-","-","-","-","-","-","-","-","-","-","-","-","-","-","-","-","-","-","-","-","-","-","-","-","-","-","-","-","-","-","-","-","-","-","-","-","-","-","-","-","-","-","-","-","-","-","-","-","-","-","-","-","-","-","-","-","-","-","-","-","-","-","-","-","-","-","-","-","-","-","-","-","-","-","-","-","-","-","-","-","-","-","-","-",10,60,550,620,"-","-","-","-",10,60,550,620,"-","-","-","-",10,100,570,670,"-",10,30,40,10,100,600,710,"-","-","-","-",10,70,330,410,"-","-",40,50,10,70,380,460,"-","-","-","-",10,60,240,300,"-","-","-","-",10,60,240,300,"-","-","-","-",10,30,130,170,"-","-","-","-",10,30,130,170,"Employment Related Services"]
["Framework - Energy Assessment and Advice",null,"-","-","-","-","-","-","-","-","-","-","-","-","-","-","-","-","-","-","-","-","-","-","-","-","-","-","-","-","-","-","-","-","-","-","-","-","-","-","-","-","-","-","-","-","-","-","-","-","-","-","-","-","-","-","-","-","-","-","-","-","-","-","-","-","-","-","-","-","-","-","-","-","-","-","-","-","-","-","-","-","-","-","-","-","-","-","-","-","-","-","-","-","-","-","-","-","-","-","-","-","-","-","-","-","-","-","-","-","-","-","-","-","-","-","-","-","-","-","-","-","-","-","-","-","-","-","-","-","-","-","-","-","-","-","-","-","-","-","-","-","-","-","-","-",10,10,"-",20,"-","-","-","-",10,10,"-",20,"-","-","-","-","-","-","-","-","-","-","-","-","-","-","-","-","-","-","-","-","-","-","-","-","-","-","-","-","-","-","-","-","Energy Assessment and Advice"]
["Framework - Engineering",null,{"v":3800,"d":"3,800"},{"v":1910,"d":"1,910"},"-",{"v":5710,"d":"5,710"},{"v":3790,"d":"3,790"},{"v":1600,"d":"1,600"},"-",{"v":5390,"d":"5,390"},{"v":7590,"d":"7,590"},{"v":3510,"d":"3,510"},"-",{"v":11100,"d":"11,100"},{"v":4000,"d":"4,000"},{"v":2380,"d":"2,380"},"-",{"v":6380,"d":"6,380"},{"v":4240,"d":"4,240"},{"v":2640,"d":"2,640"},"-",{"v":6880,"d":"6,880"},{"v":8230,"d":"8,230"},{"v":5020,"d":"5,020"},"-",{"v":13250,"d":"13,250"},{"v":4320,"d":"4,320"},{"v":1710,"d":"1,710"},"-",{"v":6040,"d":"6,040"},{"v":3410,"d":"3,410"},{"v":1380,"d":"1,380"},10,{"v":4800,"d":"4,800"},{"v":7740,"d":"7,740"},{"v":3090,"d":"3,090"},10,{"v":10840,"d":"10,840"},{"v":3930,"d":"3,930"},{"v":1770,"d":"1,770"},"-",{"v":5700,"d":"5,700"},{"v":3830,"d":"3,830"},{"v":1950,"d":"1,950"},10,{"v":5790,"d":"5,790"},{"v":7750,"d":"7,750"},{"v":3720,"d":"3,720"},10,{"v":11480,"d":"11,480"},{"v":3720,"d":"3,720"},{"v":2000,"d":"2,000"},10,{"v":5730,"d":"5,730"},{"v":4080,"d":"4,080"},{"v":1770,"d":"1,770"},10,{"v":5860,"d":"5,860"},{"v":7800,"d":"7,800"},{"v":3780,"d":"3,780"},20,{"v":11600,"d":"11,600"},{"v":4140,"d":"4,140"},{"v":2200,"d":"2,200"},230,{"v":6570,"d":"6,570"},{"v":4760,"d":"4,760"},{"v":2380,"d":"2,380"},220,{"v":7360,"d":"7,360"},{"v":8900,"d":"8,900"},{"v":4570,"d":"4,570"},460,{"v":13930,"d":"13,930"},{"v":4190,"d":"4,190"},{"v":2290,"d":"2,290"},680,{"v":7160,"d":"7,160"},{"v":4650,"d":"4,650"},{"v":2920,"d":"2,920"},520,{"v":8100,"d":"8,100"},{"v":8840,"d":"8,840"},{"v":5210,"d":"5,210"},{"v":1200,"d":"1,200"},{"v":15250,"d":"15,250"},{"v":4070,"d":"4,070"},{"v":2550,"d":"2,550"},550,{"v":7170,"d":"7,170"},{"v":3730,"d":"3,730"},{"v":3560,"d":"3,560"},540,{"v":7830,"d":"7,830"},{"v":7800,"d":"7,800"},{"v":6110,"d":"6,110"},{"v":1090,"d":"1,090"},{"v":15000,"d":"15,000"},{"v":3560,"d":"3,560"},{"v":2470,"d":"2,470"},{"v":3650,"d":"3,650"},{"v":9680,"d":"9,680"},{"v":4060,"d":"4,060"},{"v":3660,"d":"3,660"},930,{"v":8650,"d":"8,650"},{"v":7620,"d":"7,620"},{"v":6130,"d":"6,130"},{"v":4580,"d":"4,580"},{"v":18330,"d":"18,330"},{"v":1180,"d":"1,180"},{"v":1630,"d":"1,630"},640,{"v":3450,"d":"3,450"},{"v":5000,"d":"5,000"},{"v":3870,"d":"3,870"},960,{"v":9830,"d":"9,830"},"-","-","-","-",{"v":6180,"d":"6,180"},{"v":5500,"d":"5,500"},{"v":1600,"d":"1,600"},{"v":13280,"d":"13,280"},910,{"v":1210,"d":"1,210"},310,{"v":2420,"d":"2,420"},{"v":5440,"d":"5,440"},{"v":4380,"d":"4,380"},{"v":1590,"d":"1,590"},{"v":11410,"d":"11,410"},"-","-","-","-",{"v":6350,"d":"6,350"},{"v":5590,"d":"5,590"},{"v":1900,"d":"1,900"},{"v":13830,"d":"13,830"},{"v":1020,"d":"1,020"},{"v":1470,"d":"1,470"},460,{"v":2940,"d":"2,940"},{"v":6010,"d":"6,010"},{"v":5580,"d":"5,580"},{"v":1020,"d":"1,020"},{"v":12610,"d":"12,610"},"-","-","-","-",{"v":7030,"d":"7,030"},{"v":7050,"d":"7,050"},{"v":1480,"d":"1,480"},{"v":15550,"d":"15,550"},890,{"v":1660,"d":"1,660"},{"v":1590,"d":"1,590"},{"v":4140,"d":"4,140"},{"v":6380,"d":"6,380"},{"v":5690,"d":"5,690"},{"v":1320,"d":"1,320"},{"v":13380,"d":"13,380"},"-","-","-","-",{"v":7270,"d":"7,270"},{"v":7340,"d":"7,340"},{"v":2910,"d":"2,910"},{"v":17530,"d":"17,530"},830,{"v":1410,"d":"1,410"},{"v":1530,"d":"1,530"},{"v":3770,"d":"3,770"},{"v":6160,"d":"6,160"},{"v":5480,"d":"5,480"},{"v":1750,"d":"1,750"},{"v":13390,"d":"13,390"},"-","-","-","-",{"v":6990,"d":"6,990"},{"v":6890,"d":"6,890"},{"v":3270,"d":"3,270"},{"v":17160,"d":"17,160"},"Engineering"]
["Framework - Engineering Construction",null,20,10,"-",20,110,70,"-",180,120,80,"-",200,"-","-","-","-",150,80,"-",230,150,80,"-",230,10,"-","-",10,160,90,"-",260,170,90,"-",260,"-","-","-","-",170,80,"-",250,180,80,"-",250,"-","-","-","-",210,90,"-",310,210,90,"-",310,30,20,"-",40,430,130,"-",560,460,150,"-",610,10,"-","-",10,290,100,10,400,300,100,10,410,40,"-","-",40,270,80,10,350,310,80,10,400,70,"-","-",70,280,60,"-",340,340,60,"-",400,10,"-","-",10,340,120,10,470,"-","-","-","-",350,120,10,480,"-","-","-","-",350,110,10,460,"-","-","-","-",350,110,10,460,10,10,"-",20,330,140,10,470,"-","-","-","-",330,140,10,490,"-","-",10,10,300,130,10,440,"-","-","-","-",300,140,20,460,"-","-","-",10,260,130,10,400,"-","-","-","-",270,130,10,410,"Engineering Construction"]
["Framework - Engineering Environmental Technologies",null,"-","-","-","-","-","-","-","-","-","-","-","-","-","-","-","-","-","-","-","-","-","-","-","-","-","-","-","-","-","-","-","-","-","-","-","-","-","-","-","-","-","-","-","-","-","-","-","-","-","-","-","-","-","-","-","-","-","-","-","-","-","-","-","-","-","-","-","-","-","-","-","-","-","-","-","-","-","-","-","-","-","-","-","-","-","-","-","-","-","-","-","-","-","-","-","-","-","-","-","-","-","-","-","-","-","-","-","-","-","-","-","-","-","-","-","-","-","-","-","-","-","-","-","-","-","-","-","-","-","-","-","-","-","-","-","-","-","-","-","-","-","-","-","-","-","-","-","-","-","-","-",10,"-","-","-",10,"-","-","-","-","-","-","-","-","-","-","-","-","-","-","-","-","-","-","-","-","-","-","-","-","-","-","-","-","-","-","-","-","Engineering Environmental Technologies"]
[{"$f":"\"Framework - \"&GI74","v":"Framework - Engineering Technology"},null,"-","-","-","-","-","-","-","-","-","-","-","-","-","-","-","-","-","-","-","-","-","-","-","-","-","-","-","-","-","-","-","-","-","-","-","-","-","-","-","-",10,10,"-",20,10,10,"-",20,"-","-","-","-",20,30,"-",50,20,30,"-",50,"-","-","-","-",10,"-","-",10,10,"-","-",10,"-","-","-","-","-",10,"-",10,"-",10,"-",10,"-","-","-","-",10,40,"-",50,10,40,"-",50,"-","-","-","-",20,50,10,80,20,50,10,80,"-","-","-","-","-","-","-","-",40,70,"-",120,40,70,"-",120,"-","-","-","-","-","-","-","-",90,110,20,210,90,110,20,210,"-","-","-","-","-","-","-","-",100,150,10,260,100,150,10,260,"-","-","-","-","-","-","-","-",80,190,20,290,80,190,20,290,"-","-","-","-","-","-","-","-",90,210,40,340,90,210,40,340,"Engineering Technology"]
["Framework - Enterprise",null,"-","-","-","-","-","-","-","-","-","-","-","-","-","-","-","-","-","-","-","-","-","-","-","-","-","-","-","-","-","-","-","-","-","-","-","-","-","-","-","-","-","-","-","-","-","-","-","-","-","-","-","-","-","-","-","-","-","-","-","-","-","-","-","-","-","-","-","-","-","-","-","-","-","-","-","-","-","-","-","-","-","-","-","-","-","-","-","-","-","-","-","-","-","-","-","-","-","-","-","-","-","-","-","-","-","-","-","-","-","-","-","-","-","-","-",10,"-","-","-","-","-","-","-",10,"-","-","-","-",20,20,10,50,"-","-","-","-",20,20,10,50,"-","-","-","-",20,30,10,60,"-","-","-","-",20,30,10,60,"-","-","-","-",10,30,10,40,"-","-","-","-",10,30,10,40,"-","-","-","-",10,20,"-",30,"-","-","-","-",10,20,"-",30,"Enterprise"]
["Framework - Environmental Conservation",null,10,10,"-",20,"-","-","-","-",10,10,"-",20,10,10,"-",10,"-",10,"-",10,10,10,"-",20,30,20,"-",50,10,20,"-",30,40,40,"-",80,10,10,"-",20,"-","-","-","-",10,10,"-",30,10,10,"-",20,"-","-","-","-",10,10,"-",30,10,10,"-",30,"-","-","-","-",10,10,"-",30,20,20,10,50,"-","-","-","-",20,20,10,50,10,"-","-",20,"-","-","-","-",10,10,"-",20,110,80,10,200,"-",10,"-",10,110,90,10,210,170,50,20,240,"-","-","-",10,"-","-","-","-",170,50,20,240,60,40,10,100,"-",10,"-",10,"-","-","-","-",60,40,10,110,40,30,10,80,"-",10,"-",10,"-","-","-","-",40,40,10,90,30,20,10,60,"-",10,"-",20,"-","-","-","-",30,30,10,70,30,20,20,70,10,10,10,20,"-","-","-","-",40,30,20,90,"Environmental Conservation"]
["Framework - Equine Industry",null,740,270,"-",{"v":1010,"d":"1,010"},120,130,"-",250,860,400,"-",{"v":1260,"d":"1,260"},750,270,"-",{"v":1020,"d":"1,020"},130,210,"-",340,880,480,"-",{"v":1360,"d":"1,360"},780,210,"-",990,120,140,"-",260,910,340,"-",{"v":1250,"d":"1,250"},800,240,"-",{"v":1040,"d":"1,040"},100,160,"-",260,900,400,"-",{"v":1300,"d":"1,300"},700,190,"-",880,110,150,"-",260,810,330,"-",{"v":1140,"d":"1,140"},760,240,30,{"v":1040,"d":"1,040"},90,170,40,290,850,410,70,{"v":1330,"d":"1,330"},710,260,80,{"v":1050,"d":"1,050"},90,140,30,270,810,400,110,{"v":1320,"d":"1,320"},820,320,40,{"v":1180,"d":"1,180"},110,180,30,320,930,500,70,{"v":1500,"d":"1,500"},830,380,130,{"v":1330,"d":"1,330"},140,230,80,440,970,610,200,{"v":1770,"d":"1,770"},910,320,80,{"v":1310,"d":"1,310"},160,210,70,440,"-","-","-","-",{"v":1070,"d":"1,070"},530,150,{"v":1740,"d":"1,740"},660,310,60,{"v":1030,"d":"1,030"},150,250,50,450,"-","-","-","-",810,560,110,{"v":1480,"d":"1,480"},740,320,30,{"v":1090,"d":"1,090"},160,230,30,410,"-","-","-","-",900,550,60,{"v":1500,"d":"1,500"},770,280,30,{"v":1090,"d":"1,090"},190,230,40,470,"-","-","-","-",960,520,80,{"v":1560,"d":"1,560"},960,320,40,{"v":1320,"d":"1,320"},190,220,50,460,"-","-","-","-",{"v":1150,"d":"1,150"},550,90,{"v":1780,"d":"1,780"},"Equine Industry"]
["Framework - Events",null,"-","-","-","-","-","-","-","-","-","-","-","-","-","-","-","-","-","-","-","-","-","-","-","-","-","-","-","-","-","-","-","-","-","-","-","-","-","-","-","-","-","-","-","-","-","-","-","-","-","-","-","-","-","-","-","-","-","-","-","-","-","-","-","-","-","-","-","-","-","-","-","-","-","-","-","-","-","-","-","-","-","-","-","-","-","-","-","-","-","-","-","-","-","-","-","-","-","-","-","-","-","-","-","-","-","-","-","-","-","-","-","-","-","-","-","-","-","-","-","-","-","-","-","-","-","-","-","-","-","-","-","-","-","-","-","-","-","-","-","-","-","-","-","-","-","-","-","-","-","-","-","-","-","-","-","-","-","-","-","-","-","-","-","-","-","-","-","-","-","-","-","-","-","-","-","-","-","-","-","-","-","-","-","-","-","-","-","-","Events"]
["Framework - Explosives Storage and Maintenance",null,"-","-","-","-","-","-","-","-","-","-","-","-","-","-","-","-","-","-","-","-","-","-","-","-","-","-","-","-","-","-","-","-","-","-","-","-","-","-","-","-","-","-","-","-","-","-","-","-","-","-","-","-","-","-","-","-","-","-","-","-","-","-","-","-","-","-","-","-","-","-","-","-","-","-","-","-","-","-","-","-","-","-","-","-","-","-","-","-","-","-","-","-","-","-","-","-","-","-","-","-","-","-","-","-","-","-","-","-","-","-","-","-","-","-","-","-","-","-","-","-","-","-","-","-","-","-","-","-","-","-","-","-","-","-","-","-","-","-","-","-","-",10,"-",20,"-","-","-","-","-","-","-","-","-",10,"-",20,"-",20,10,40,"-","-","-","-","-","-","-","-","-",20,10,40,"-","-","-","-","-","-","-","-","-","-","-","-","-","-","-","-","Explosives Storage and Maintenance"]
["Framework - Extractive and Mineral Processing Occupations",null,"-","-","-","-","-","-","-","-","-","-","-","-","-","-","-","-","-","-","-","-","-","-","-","-","-","-","-","-","-","-","-","-","-","-","-","-","-","-","-","-","-","-","-","-","-","-","-","-","-","-","-","-","-","-","-","-","-","-","-","-","-","-","-","-","-","-","-","-","-","-","-",10,"-","-","-","-","-","-","-","-","-","-","-","-","-",10,"-",10,"-","-","-","-","-",10,"-",10,10,"-","-",10,"-","-","-","-",10,"-","-",10,"-","-","-","-","-","-","-","-","-","-","-","-","-","-","-","-","-","-","-","-","-","-","-","-","-","-","-","-","-","-","-","-","-","-","-","-","-","-","-","-","-","-","-","-","-","-","-","-","-","-","-",10,"-","-","-","-","-","-","-","-","-","-","-",10,"-","-","-","-","-","-","-","-","-","-","-","-","-","-","-","-","Extractive and Mineral Processing Occupations"]
["Framework - Facilities Management",null,"-","-","-","-","-","-","-","-","-","-","-","-","-","-","-","-","-","-","-","-","-","-","-","-","-","-","-","-","-","-","-","-","-","-","-","-","-","-","-","-","-","-","-","-","-","-","-","-","-","-","-","-","-","-","-","-","-","-","-","-","-","-","-","-","-","-","-","-","-","-","-","-","-","-","-","-","-","-","-","-","-","-","-","-","-","-","-","-","-","-",10,10,"-","-",10,10,"-","-","-","-","-",30,160,190,"-",30,160,190,"-","-","-","-","-",40,390,440,"-","-","-","-",10,40,390,440,20,70,290,380,"-",40,380,420,"-",10,80,80,20,110,750,890,80,210,980,{"v":1270,"d":"1,270"},10,30,270,310,"-",10,60,70,90,250,{"v":1320,"d":"1,320"},{"v":1650,"d":"1,650"},90,270,{"v":1370,"d":"1,370"},{"v":1730,"d":"1,730"},"-",40,270,320,"-","-",10,10,100,310,{"v":1650,"d":"1,650"},{"v":2050,"d":"2,050"},60,160,760,990,10,30,180,220,"-","-","-",10,70,200,950,{"v":1210,"d":"1,210"},"Facilities Management"]
["Framework - Farriery",null,"-","-","-","-","-","-","-","-","-","-","-","-","-","-","-","-","-","-","-","-","-","-","-","-","-","-","-","-",50,30,"-",70,50,30,"-",70,"-","-","-","-",60,50,"-",100,60,50,"-",100,"-","-","-","-",60,40,"-",100,60,40,"-",100,"-","-","-","-",70,40,30,140,70,40,30,140,"-","-","-","-",60,30,10,100,60,30,10,100,"-","-","-","-",60,50,10,120,60,50,10,120,"-","-","-","-",50,40,10,100,50,40,10,100,"-","-","-","-",50,60,10,110,"-","-","-","-",50,60,10,110,"-","-","-","-",50,50,10,110,"-","-","-","-",50,50,10,110,"-","-","-","-",40,310,50,400,"-","-","-","-",40,310,50,400,"-","-","-","-",30,50,10,80,"-","-","-","-",30,50,10,80,"-","-","-","-",40,40,10,80,"-","-","-","-",40,40,10,80,"Farriery"]
["Framework - Fashion and Textiles",null,"-","-","-","-","-","-","-","-","-","-","-","-","-","-","-","-","-","-","-","-","-","-","-","-","-","-","-","-","-","-","-","-","-","-","-","-","-","-","-","-","-","-","-","-","-","-","-","-","-","-","-","-","-","-","-","-","-","-","-","-","-","-","-","-","-","-","-","-","-","-","-","-","-","-","-","-","-","-","-","-","-","-","-","-",10,10,"-",20,"-","-","-",10,10,10,"-",20,20,20,10,50,10,20,10,40,40,40,20,90,50,40,30,120,10,40,20,70,"-","-","-","-",70,80,40,190,40,40,10,90,30,20,10,60,"-","-","-","-",70,60,20,150,50,40,10,110,30,30,"-",60,"-","-","-","-",80,70,20,170,80,70,50,190,40,40,"-",80,"-","-","-","-",110,110,50,270,50,30,30,120,40,40,10,90,"-","-","-","-",90,80,40,210,"Fashion and Textiles"]
["Framework - Fashion and Textiles:Technical",null,"-","-","-","-","-","-","-","-","-","-","-","-","-","-","-","-","-","-","-","-","-","-","-","-","-","-","-","-","-","-","-","-","-","-","-","-","-","-","-","-","-","-","-","-","-","-","-","-","-","-","-","-","-","-","-","-","-","-","-","-","-","-","-","-","-","-","-","-","-","-","-","-","-","-","-","-","-","-","-","-","-","-","-","-","-","-","-","-","-","-","-","-","-","-","-","-","-","-","-","-","-","-","-","-","-","-","-","-","-","-","-","-","-","-","-","-","-","-","-","-","-","-","-","-","-","-","-","-","-","-","-","-","-","-","-","-","-","-","-","-","-","-","-","-","-","-","-","-","-","-","-",10,"-","-","-",10,"-","-","-","-","-","-","-","-","-","-","-","-","-","-","-","-","-","-","-","-","-","-","-","-","-","-","-","-","-","-","-","-","Fashion and Textiles:Technical"]
["Framework - Fencing",null,"-","-","-",10,"-","-","-","-","-","-","-",10,10,"-","-",10,"-","-","-","-",10,"-","-",10,"-","-","-",10,"-","-","-","-","-","-","-",10,10,10,"-",20,"-","-","-","-",10,10,"-",20,"-",10,"-",10,"-","-","-","-","-",10,"-",10,"-","-","-",10,"-","-","-","-","-","-","-",10,"-","-","-","-","-","-","-","-","-","-","-","-","-","-","-","-","-","-","-","-","-","-","-","-",10,10,10,20,"-","-","-","-",10,10,10,20,30,30,60,120,"-","-","-","-","-","-","-","-",30,30,60,120,20,50,40,110,"-","-",20,20,"-","-","-","-",20,50,60,130,30,50,10,90,"-","-",10,10,"-","-","-","-",30,50,20,110,10,30,20,50,"-","-","-","-","-","-","-","-",10,30,20,50,30,50,40,120,"-","-",10,10,"-","-","-","-",30,50,50,130,"Fencing"]
["Framework - Fish Husbandry and Fish Management",null,"-","-","-","-","-","-","-","-","-","-","-","-","-","-","-","-","-","-","-","-","-","-","-","-","-","-","-","-","-","-","-","-","-","-","-","-","-","-","-","-","-","-","-","-","-","-","-","-","-","-","-","-","-","-","-","-","-","-","-","-","-","-","-","-","-","-","-","-","-","-","-","-","-","-","-","-","-","-","-","-","-","-","-","-","-","-","-","-","-","-","-","-","-","-","-","-","-","-","-","-","-","-","-","-","-","-","-","-","-","-","-","-","-","-","-","-","-","-","-","-","-","-","-","-","-","-","-","-","-","-","-","-","-","-","-","-","-","-","-","-","-","-","-","-","-","-","-","-","-","-","-","-","-","-","-","-","-","-","-","-","-","-","-","-","-","-","-","-","-","-","-","-","-","-","-","-","-","-","-","-","-","-","-","-","-","-","-","-","Fish Husbandry and Fish Management"]
["Framework - Fitted Interiors",null,"-","-","-","-","-","-","-","-","-","-","-","-","-","-","-","-","-","-","-","-","-","-","-","-","-","-","-","-","-","-","-","-","-","-","-","-",10,10,"-",20,"-","-","-","-",10,10,"-",20,20,"-","-",20,"-","-","-","-",20,"-","-",20,20,"-","-",30,"-","-","-","-",20,"-","-",30,10,"-","-",10,"-","-","-","-",10,"-","-",10,"-","-","-","-","-","-","-","-","-","-","-","-","-","-","-","-","-","-","-","-","-","-","-","-","-","-","-","-","-","-","-","-","-","-","-","-","-","-","-","-","-","-","-","-","-","-","-","-","-","-","-","-","-","-","-","-","-","-","-","-","-","-","-","-","-","-","-","-","-","-","-","-","-","-","-","-","-","-","-","-","-","-","-","-","-","-","-","-","-","-","-","-","-","-","-","-","-","-","-","-","-","-","-","-","Fitted Interiors"]
["Framework - Floristry",null,90,40,"-",120,"-",10,"-",20,90,50,"-",140,130,60,"-",190,"-",10,"-",10,130,70,"-",210,110,50,"-",160,"-",10,"-",20,110,70,"-",180,90,40,"-",120,10,20,"-",30,90,60,"-",160,80,20,"-",110,10,20,"-",30,90,40,"-",130,50,30,20,90,"-",20,10,30,50,50,30,130,30,20,20,60,"-",10,20,30,40,30,40,100,30,20,20,70,10,10,10,30,40,30,30,90,40,20,10,60,"-",10,10,30,40,30,20,90,40,20,10,70,"-",10,10,20,"-","-","-","-",40,30,20,90,30,30,10,60,10,20,10,30,"-","-","-","-",40,40,10,90,40,30,10,80,10,"-","-",10,"-","-","-","-",50,30,10,90,50,40,10,100,"-",10,"-",20,"-","-","-","-",50,50,10,120,50,40,10,100,10,10,10,20,"-","-","-","-",60,40,20,120,"Floristry"]
["Framework - Food and Drink Manufacturing Operations",null,110,240,"-",350,10,10,"-",10,120,250,"-",360,80,190,"-",270,"-",10,"-",20,80,200,"-",280,80,140,"-",220,"-",10,"-",20,80,150,"-",230,30,90,"-",110,"-",10,"-",10,30,90,"-",120,30,60,"-",100,"-",10,"-",10,30,70,"-",100,"-",20,"-",20,"-","-","-","-","-",20,"-",20,"-","-","-","-","-","-","-","-","-","-","-","-","-","-","-","-","-","-","-","-","-","-","-","-","-","-","-","-","-","-","-","-","-","-","-","-","-","-","-","-","-","-","-","-","-","-","-","-","-","-","-","-","-","-","-","-","-","-","-","-","-","-","-","-","-","-","-","-","-","-","-","-","-","-","-","-","-","-","-","-","-","-","-","-","-","-","-","-","-","-","-","-","-","-","-","-","-","-","-","-","-","-","-","-","-","-","-","-","-","-","-","-","-","-","-","-","Food and Drink Manufacturing Operations"]
["Framework - Food Manufacture",null,"-","-","-","-","-","-","-","-","-","-","-","-","-","-","-","-","-","-","-","-","-","-","-","-","-","-","-","-","-","-","-","-","-","-","-","-","-","-","-","-","-","-","-","-","-","-","-","-","-","-","-","-","-","-","-","-","-","-","-","-",120,120,30,260,10,20,10,30,120,130,30,290,140,180,70,380,"-",10,20,30,140,190,90,410,200,250,60,500,10,20,10,40,200,270,70,540,280,550,690,{"v":1520,"d":"1,520"},10,40,350,400,290,580,{"v":1040,"d":"1,040"},{"v":1920,"d":"1,920"},380,870,{"v":1680,"d":"1,680"},{"v":2930,"d":"2,930"},20,130,700,850,"-","-","-","-",400,{"v":1000,"d":"1,000"},{"v":2380,"d":"2,380"},{"v":3770,"d":"3,770"},310,790,{"v":1420,"d":"1,420"},{"v":2520,"d":"2,520"},40,140,{"v":1060,"d":"1,060"},{"v":1240,"d":"1,240"},"-","-","-","-",350,930,{"v":2480,"d":"2,480"},{"v":3760,"d":"3,760"},340,860,{"v":1210,"d":"1,210"},{"v":2410,"d":"2,410"},30,140,430,600,"-","-","-","-",370,{"v":1000,"d":"1,000"},{"v":1640,"d":"1,640"},{"v":3010,"d":"3,010"},310,550,{"v":1070,"d":"1,070"},{"v":1940,"d":"1,940"},40,110,600,760,"-","-","-","-",360,660,{"v":1680,"d":"1,680"},{"v":2700,"d":"2,700"},300,680,{"v":1690,"d":"1,690"},{"v":2670,"d":"2,670"},50,130,640,830,"-","-","-","-",350,820,{"v":2330,"d":"2,330"},{"v":3500,"d":"3,500"},"Food Manufacture"]
["Framework - Football Sporting Excellence",null,"-","-","-","-","-","-","-","-","-","-","-","-","-","-","-","-","-","-","-","-","-","-","-","-","-","-","-","-","-","-","-","-","-","-","-","-","-","-","-","-",160,"-","-",160,160,"-","-",160,10,"-","-",10,10,"-","-",10,20,"-","-",20,"-","-","-","-","-","-","-","-","-","-","-","-","-","-","-","-","-","-","-","-","-","-","-","-","-","-","-","-","-","-","-","-","-","-","-","-","-","-","-","-","-","-","-","-","-","-","-","-","-","-","-","-","-","-","-","-","-","-","-","-","-","-","-","-","-","-","-","-","-","-","-","-","-","-","-","-","-","-","-","-","-","-","-","-","-","-","-","-","-","-","-","-","-","-","-","-","-","-","-","-","-","-","-","-","-","-","-","-","-","-","-","-","-","-","-","-","-","-","-","-","-","-","-","-","-","-","-","-","Football Sporting Excellence"]
["Framework - Footwear and Leather",null,"-","-","-","-","-","-","-","-","-","-","-","-","-","-","-","-","-","-","-","-","-","-","-","-","-","-","-","-","-","-","-","-","-","-","-","-",20,20,"-",30,"-","-","-","-",20,20,"-",30,20,10,"-",30,"-","-","-","-",20,10,"-",30,20,20,"-",40,"-","-","-","-",20,20,"-",40,10,"-","-",10,"-","-","-","-",10,"-","-",10,"-","-","-","-","-","-","-","-","-","-","-","-","-","-","-","-","-","-","-","-","-","-","-","-","-","-","-","-","-","-","-","-","-","-","-","-","-","-","-","-","-","-","-","-","-","-","-","-","-","-","-","-","-","-","-","-","-","-","-","-","-","-","-","-","-","-","-","-","-","-","-","-","-","-","-","-","-","-","-","-","-","-","-","-","-","-","-","-","-","-","-","-","-","-","-","-","-","-","-","-","-","-","-","-","Footwear and Leather"]
["Framework - Fundraising",null,"-","-","-","-","-","-","-","-","-","-","-","-","-","-","-","-","-","-","-","-","-","-","-","-","-","-","-","-","-","-","-","-","-","-","-","-","-","-","-","-","-","-","-","-","-","-","-","-","-","-","-","-","-","-","-","-","-","-","-","-","-","-","-","-","-","-","-","-","-","-","-","-","-","-","-","-","-","-","-","-","-","-","-","-","-","-","-","-","-","-","-","-","-","-","-","-","-","-","-","-","-","-","-","-","-","-","-","-","-","-","-","-","-","-","-",10,"-","-","-","-","-","-","-",10,"-","-","-","-","-",10,10,20,"-","-","-","-","-",10,10,20,"-","-","-","-","-","-","-",10,"-","-","-","-","-","-","-",10,"-","-","-","-","-","-","-","-","-","-","-","-","-","-","-","-","-","-","-","-","-","-","-","-","-","-","-","-","-","-","-","-","Fundraising"]
["Framework - Funeral Operations and Services",null,"-","-","-","-","-","-","-","-","-","-","-","-","-","-","-","-","-","-","-","-","-","-","-","-","-","-","-","-","-","-","-","-","-","-","-","-","-","-","-","-","-","-","-","-","-","-","-","-","-","-","-","-","-","-","-","-","-","-","-","-","-","-","-","-","-","-","-","-","-","-","-","-","-","-","-","-","-","-","-","-","-","-","-","-","-","-","-","-","-","-","-","-","-","-","-","-","-","-","-","-","-","-","-","-","-","-","-","-","-","-","-","-","-","-","-","-","-","-","-","-","-","-","-","-","-",20,140,160,"-","-",20,20,"-","-","-","-","-",20,160,180,"-",20,220,250,"-",10,10,20,"-","-","-","-","-",30,240,270,10,20,230,260,"-","-",40,40,"-","-","-","-",10,20,270,300,"-",50,390,440,"-","-",40,40,"-","-","-","-","-",50,430,480,"Funeral Operations and Services"]
["Framework - Furniture Furnishings and Interiors Industry",null,190,100,"-",290,50,20,"-",70,240,120,"-",360,300,160,"-",460,40,40,"-",80,330,210,"-",540,280,100,"-",380,20,30,"-",50,300,130,"-",430,200,90,"-",300,30,30,"-",60,230,130,"-",360,190,120,"-",310,40,60,"-",90,230,180,"-",410,220,90,"-",300,20,50,"-",70,240,130,"-",370,150,60,10,220,20,50,20,90,170,110,30,310,170,90,20,280,30,50,"-",80,200,140,20,360,190,80,60,330,40,40,40,120,230,130,100,450,200,110,30,330,40,70,30,140,"-","-","-","-",230,170,60,470,200,110,30,330,20,60,40,130,"-","-","-","-",220,170,70,460,180,120,20,320,10,60,10,80,"-","-","-","-",200,170,30,400,200,130,50,380,10,60,10,80,"-","-","-","-",210,190,60,460,260,160,90,510,20,40,30,80,"-","-","-","-",280,190,120,590,"Furniture Furnishings and Interiors Industry"]
["Framework - Game and Wildlife Management",null,"-","-","-","-","-","-","-","-","-","-","-","-","-","-","-","-","-","-","-","-","-","-","-","-",40,"-","-",40,"-","-","-","-",40,"-","-",40,70,10,"-",80,"-","-","-",10,80,10,"-",80,50,"-","-",60,"-","-","-","-",50,"-","-",60,40,"-","-",50,"-","-","-","-",40,"-","-",50,50,"-","-",60,"-","-","-","-",50,10,"-",60,50,10,"-",60,"-","-","-","-",50,10,"-",60,50,10,"-",60,10,"-","-",10,60,10,"-",70,80,20,"-",100,"-","-","-","-","-","-","-","-",80,20,"-",100,40,10,"-",40,"-","-","-",10,"-","-","-","-",40,10,"-",50,40,10,"-",50,"-","-","-",10,"-","-","-","-",50,10,"-",60,50,10,"-",60,"-","-","-","-","-","-","-","-",50,10,"-",60,50,10,"-",60,"-","-","-","-","-","-","-","-",50,10,"-",60,"Game and Wildlife Management"]
["Framework - Gas Industry",null,"-","-","-",10,140,430,"-",570,140,430,"-",570,20,10,"-",30,210,320,"-",530,230,330,"-",560,40,20,"-",60,200,390,"-",580,240,410,"-",650,90,50,"-",140,200,400,"-",590,290,450,"-",740,130,40,"-",170,150,270,"-",420,280,310,"-",600,120,50,30,200,190,250,90,520,310,300,120,730,170,100,50,320,120,180,90,390,290,280,150,710,150,70,10,230,250,140,70,460,400,210,80,690,150,100,60,320,380,250,100,730,530,360,160,{"v":1040,"d":"1,040"},30,10,"-",40,170,110,50,330,"-","-","-","-",200,120,50,370,10,20,10,40,170,210,60,440,"-","-","-","-",190,230,70,480,"-",10,"-",10,210,220,20,440,"-","-","-","-",210,220,20,450,10,20,10,30,180,230,90,500,"-","-","-","-",190,250,100,540,10,10,"-",20,190,220,70,480,"-","-","-","-",190,230,70,500,"Gas Industry"]
["Framework - Gas Network Operations",null,"-","-","-","-","-","-","-","-","-","-","-","-","-","-","-","-","-","-","-","-","-","-","-","-","-","-","-","-","-","-","-","-","-","-","-","-","-","-","-","-","-","-","-","-","-","-","-","-","-","-","-","-",10,"-","-",10,10,"-","-",10,"-","-","-","-",30,20,"-",50,30,20,"-",50,20,"-","-",20,10,"-","-",10,30,"-","-",30,"-","-","-","-","-","-","-","-","-","-","-","-","-","-","-","-","-","-","-","-","-","-","-","-","-","-","-","-","-","-","-","-","-","-","-","-","-","-","-","-","-","-","-","-","-","-","-","-","-","-","-","-","-","-","-","-","-","-","-","-","-","-","-","-","-","-","-","-","-","-","-","-","-","-","-","-","-","-","-","-","-","-","-","-","-","-","-","-","-","-","-","-","-","-","-","-","-","-","-","-","-","-","-","-","Gas Network Operations"]
["Framework - Glass Industry Occupations",null,290,350,"-",640,20,70,"-",90,300,430,"-",730,250,380,"-",630,10,30,"-",40,270,410,"-",680,190,210,10,400,10,30,"-",40,200,230,10,440,180,180,"-",360,10,50,"-",60,190,230,"-",420,150,240,"-",380,10,30,10,50,160,270,10,430,110,170,90,370,10,30,"-",40,130,190,90,410,130,110,90,330,10,20,30,50,140,130,120,380,180,130,80,400,10,40,40,80,190,170,120,480,140,270,780,{"v":1190,"d":"1,190"},10,50,190,250,150,320,960,{"v":1430,"d":"1,430"},140,320,{"v":1520,"d":"1,520"},{"v":1980,"d":"1,980"},10,70,390,470,"-","-","-","-",160,390,{"v":1900,"d":"1,900"},{"v":2450,"d":"2,450"},200,320,910,{"v":1430,"d":"1,430"},10,80,710,800,"-","-","-","-",210,400,{"v":1620,"d":"1,620"},{"v":2220,"d":"2,220"},230,340,{"v":1090,"d":"1,090"},{"v":1660,"d":"1,660"},10,50,290,350,"-","-","-","-",240,390,{"v":1390,"d":"1,390"},{"v":2010,"d":"2,010"},180,430,{"v":1520,"d":"1,520"},{"v":2130,"d":"2,130"},20,80,580,680,"-","-","-","-",200,510,{"v":2100,"d":"2,100"},{"v":2810,"d":"2,810"},200,340,960,{"v":1500,"d":"1,500"},10,100,560,670,"-","-","-","-",210,430,{"v":1520,"d":"1,520"},{"v":2170,"d":"2,170"},"Glass Industry Occupations"]
["Framework - Hairdressing",null,{"v":10370,"d":"10,370"},{"v":1190,"d":"1,190"},"-",{"v":11560,"d":"11,560"},780,920,"-",{"v":1700,"d":"1,700"},{"v":11150,"d":"11,150"},{"v":2100,"d":"2,100"},"-",{"v":13260,"d":"13,260"},{"v":12210,"d":"12,210"},{"v":1750,"d":"1,750"},"-",{"v":13950,"d":"13,950"},{"v":1000,"d":"1,000"},{"v":1110,"d":"1,110"},"-",{"v":2110,"d":"2,110"},{"v":13210,"d":"13,210"},{"v":2860,"d":"2,860"},"-",{"v":16070,"d":"16,070"},{"v":12890,"d":"12,890"},{"v":1710,"d":"1,710"},"-",{"v":14600,"d":"14,600"},850,{"v":1050,"d":"1,050"},"-",{"v":1890,"d":"1,890"},{"v":13740,"d":"13,740"},{"v":2760,"d":"2,760"},"-",{"v":16490,"d":"16,490"},{"v":11020,"d":"11,020"},{"v":1450,"d":"1,450"},"-",{"v":12480,"d":"12,480"},{"v":1080,"d":"1,080"},{"v":1320,"d":"1,320"},10,{"v":2400,"d":"2,400"},{"v":12100,"d":"12,100"},{"v":2770,"d":"2,770"},10,{"v":14880,"d":"14,880"},{"v":12380,"d":"12,380"},{"v":1380,"d":"1,380"},"-",{"v":13750,"d":"13,750"},{"v":1470,"d":"1,470"},{"v":1760,"d":"1,760"},"-",{"v":3230,"d":"3,230"},{"v":13840,"d":"13,840"},{"v":3140,"d":"3,140"},"-",{"v":16980,"d":"16,980"},{"v":11790,"d":"11,790"},{"v":1420,"d":"1,420"},90,{"v":13290,"d":"13,290"},{"v":1430,"d":"1,430"},{"v":1670,"d":"1,670"},130,{"v":3230,"d":"3,230"},{"v":13210,"d":"13,210"},{"v":3090,"d":"3,090"},210,{"v":16520,"d":"16,520"},{"v":10590,"d":"10,590"},{"v":1500,"d":"1,500"},320,{"v":12410,"d":"12,410"},{"v":1490,"d":"1,490"},{"v":1740,"d":"1,740"},520,{"v":3740,"d":"3,740"},{"v":12080,"d":"12,080"},{"v":3250,"d":"3,250"},830,{"v":16150,"d":"16,150"},{"v":10450,"d":"10,450"},{"v":1430,"d":"1,430"},220,{"v":12100,"d":"12,100"},{"v":1870,"d":"1,870"},{"v":1960,"d":"1,960"},320,{"v":4140,"d":"4,140"},{"v":12320,"d":"12,320"},{"v":3380,"d":"3,380"},540,{"v":16240,"d":"16,240"},{"v":9600,"d":"9,600"},{"v":1580,"d":"1,580"},430,{"v":11610,"d":"11,610"},{"v":1960,"d":"1,960"},{"v":2200,"d":"2,200"},690,{"v":4840,"d":"4,840"},{"v":11560,"d":"11,560"},{"v":3770,"d":"3,770"},{"v":1120,"d":"1,120"},{"v":16450,"d":"16,450"},{"v":9260,"d":"9,260"},{"v":1600,"d":"1,600"},470,{"v":11330,"d":"11,330"},{"v":2080,"d":"2,080"},{"v":2370,"d":"2,370"},830,{"v":5280,"d":"5,280"},"-","-","-","-",{"v":11340,"d":"11,340"},{"v":3960,"d":"3,960"},{"v":1300,"d":"1,300"},{"v":16610,"d":"16,610"},{"v":8250,"d":"8,250"},{"v":1540,"d":"1,540"},390,{"v":10180,"d":"10,180"},{"v":2180,"d":"2,180"},{"v":2340,"d":"2,340"},880,{"v":5410,"d":"5,410"},"-","-","-","-",{"v":10440,"d":"10,440"},{"v":3890,"d":"3,890"},{"v":1270,"d":"1,270"},{"v":15590,"d":"15,590"},{"v":8000,"d":"8,000"},{"v":1510,"d":"1,510"},320,{"v":9840,"d":"9,840"},{"v":2200,"d":"2,200"},{"v":2210,"d":"2,210"},420,{"v":4830,"d":"4,830"},"-","-","-","-",{"v":10200,"d":"10,200"},{"v":3730,"d":"3,730"},740,{"v":14670,"d":"14,670"},{"v":7570,"d":"7,570"},{"v":1390,"d":"1,390"},380,{"v":9330,"d":"9,330"},{"v":2090,"d":"2,090"},{"v":2170,"d":"2,170"},650,{"v":4910,"d":"4,910"},"-","-","-","-",{"v":9660,"d":"9,660"},{"v":3560,"d":"3,560"},{"v":1030,"d":"1,030"},{"v":14250,"d":"14,250"},{"v":7050,"d":"7,050"},{"v":1380,"d":"1,380"},390,{"v":8810,"d":"8,810"},{"v":1900,"d":"1,900"},{"v":1920,"d":"1,920"},550,{"v":4370,"d":"4,370"},"-","-","-","-",{"v":8950,"d":"8,950"},{"v":3300,"d":"3,300"},930,{"v":13180,"d":"13,180"},"Hairdressing"]
["Framework - Health Assistant Practitioner",null,"-","-","-","-","-","-","-","-","-","-","-","-","-","-","-","-","-","-","-","-","-","-","-","-","-","-","-","-","-","-","-","-","-","-","-","-","-","-","-","-","-","-","-","-","-","-","-","-","-","-","-","-","-","-","-","-","-","-","-","-","-","-","-","-","-","-","-","-","-","-","-","-","-","-","-","-","-","-","-","-","-","-","-","-","-","-","-","-","-","-","-","-","-","-","-","-","-","-","-","-","-","-","-","-","-","-","-","-","-","-","-","-","-","-","-","-","-","-","-","-","-","-","-","-","-","-","-","-","-","-","-","-","-","-","-","-","-","-","-","-","-","-","-","-","-","-","-","-","-","-",40,40,"-","-",40,40,"-","-","-","-","-","-","-","-","-",30,200,230,"-",30,200,230,"-","-","-","-","-","-","-","-","-",90,680,770,"-",90,680,770,"Health Assistant Practitioner"]
["Framework - Health Informatics",null,"-","-","-","-","-","-","-","-","-","-","-","-","-","-","-","-","-","-","-","-","-","-","-","-","-","-","-","-","-","-","-","-","-","-","-","-","-","-","-","-","-","-","-","-","-","-","-","-","-","-","-","-","-","-","-","-","-","-","-","-","-","-","-","-","-","-","-","-","-","-","-","-","-","-","-","-","-","-","-","-","-","-","-","-","-","-","-","-","-","-","-","-","-","-","-","-","-","-","-","-","-","-","-","-","-","-","-","-","-","-","-","-","-","-","-","-","-","-","-","-","-","-","-","-","-","-","-","-","-","-","-","-","-","-","-","-","-","-","-","-",20,"-","-",20,"-","-","-",10,"-","-","-","-",20,10,"-",20,10,10,20,40,"-","-","-",10,"-","-","-","-",10,10,20,40,10,10,10,20,"-","-","-","-","-","-","-","-",10,10,10,30,"Health Informatics"]
["Framework - Health and Social Care",null,{"v":2390,"d":"2,390"},{"v":4550,"d":"4,550"},"-",{"v":6940,"d":"6,940"},470,{"v":2270,"d":"2,270"},"-",{"v":2740,"d":"2,740"},{"v":2860,"d":"2,860"},{"v":6820,"d":"6,820"},"-",{"v":9680,"d":"9,680"},{"v":2380,"d":"2,380"},{"v":5250,"d":"5,250"},"-",{"v":7630,"d":"7,630"},430,{"v":2570,"d":"2,570"},"-",{"v":3000,"d":"3,000"},{"v":2810,"d":"2,810"},{"v":7830,"d":"7,830"},"-",{"v":10640,"d":"10,640"},{"v":2490,"d":"2,490"},{"v":4040,"d":"4,040"},10,{"v":6540,"d":"6,540"},520,{"v":1920,"d":"1,920"},200,{"v":2640,"d":"2,640"},{"v":3010,"d":"3,010"},{"v":5960,"d":"5,960"},210,{"v":9180,"d":"9,180"},{"v":1970,"d":"1,970"},{"v":3870,"d":"3,870"},10,{"v":5850,"d":"5,850"},400,{"v":1850,"d":"1,850"},50,{"v":2300,"d":"2,300"},{"v":2380,"d":"2,380"},{"v":5710,"d":"5,710"},70,{"v":8150,"d":"8,150"},{"v":1760,"d":"1,760"},{"v":3560,"d":"3,560"},30,{"v":5340,"d":"5,340"},260,{"v":1760,"d":"1,760"},20,{"v":2040,"d":"2,040"},{"v":2020,"d":"2,020"},{"v":5320,"d":"5,320"},50,{"v":7390,"d":"7,390"},{"v":1660,"d":"1,660"},{"v":3500,"d":"3,500"},{"v":1430,"d":"1,430"},{"v":6590,"d":"6,590"},260,{"v":2220,"d":"2,220"},{"v":3430,"d":"3,430"},{"v":5900,"d":"5,900"},{"v":1920,"d":"1,920"},{"v":5720,"d":"5,720"},{"v":4860,"d":"4,860"},{"v":12500,"d":"12,500"},{"v":2290,"d":"2,290"},{"v":3090,"d":"3,090"},{"v":1880,"d":"1,880"},{"v":7270,"d":"7,270"},200,{"v":1420,"d":"1,420"},{"v":3380,"d":"3,380"},{"v":5000,"d":"5,000"},{"v":2500,"d":"2,500"},{"v":4510,"d":"4,510"},{"v":5270,"d":"5,270"},{"v":12270,"d":"12,270"},{"v":3870,"d":"3,870"},{"v":5430,"d":"5,430"},{"v":2880,"d":"2,880"},{"v":12180,"d":"12,180"},280,{"v":2310,"d":"2,310"},{"v":3110,"d":"3,110"},{"v":5710,"d":"5,710"},{"v":4150,"d":"4,150"},{"v":7750,"d":"7,750"},{"v":5990,"d":"5,990"},{"v":17880,"d":"17,880"},{"v":4100,"d":"4,100"},{"v":9950,"d":"9,950"},{"v":17020,"d":"17,020"},{"v":31060,"d":"31,060"},450,{"v":5230,"d":"5,230"},{"v":16970,"d":"16,970"},{"v":22650,"d":"22,650"},{"v":4550,"d":"4,550"},{"v":15180,"d":"15,180"},{"v":33990,"d":"33,990"},{"v":53720,"d":"53,720"},{"v":3920,"d":"3,920"},{"v":12070,"d":"12,070"},{"v":22020,"d":"22,020"},{"v":38010,"d":"38,010"},730,{"v":7260,"d":"7,260"},{"v":24810,"d":"24,810"},{"v":32810,"d":"32,810"},"-","-","-","-",{"v":4650,"d":"4,650"},{"v":19340,"d":"19,340"},{"v":46830,"d":"46,830"},{"v":70820,"d":"70,820"},{"v":3830,"d":"3,830"},{"v":13320,"d":"13,320"},{"v":23770,"d":"23,770"},{"v":40930,"d":"40,930"},790,{"v":8770,"d":"8,770"},{"v":30380,"d":"30,380"},{"v":39940,"d":"39,940"},"-","-","-","-",{"v":4620,"d":"4,620"},{"v":22090,"d":"22,090"},{"v":54160,"d":"54,160"},{"v":80870,"d":"80,870"},{"v":3770,"d":"3,770"},{"v":13650,"d":"13,650"},{"v":27560,"d":"27,560"},{"v":44990,"d":"44,990"},660,{"v":7480,"d":"7,480"},{"v":16960,"d":"16,960"},{"v":25090,"d":"25,090"},"-","-","-","-",{"v":4430,"d":"4,430"},{"v":21130,"d":"21,130"},{"v":44520,"d":"44,520"},{"v":70080,"d":"70,080"},{"v":3700,"d":"3,700"},{"v":13090,"d":"13,090"},{"v":30400,"d":"30,400"},{"v":47190,"d":"47,190"},920,{"v":9050,"d":"9,050"},{"v":28200,"d":"28,200"},{"v":38170,"d":"38,170"},"-","-","-","-",{"v":4620,"d":"4,620"},{"v":22140,"d":"22,140"},{"v":58610,"d":"58,610"},{"v":85360,"d":"85,360"},{"v":3940,"d":"3,940"},{"v":12120,"d":"12,120"},{"v":30600,"d":"30,600"},{"v":46660,"d":"46,660"},850,{"v":8760,"d":"8,760"},{"v":29550,"d":"29,550"},{"v":39160,"d":"39,160"},"-","-","-","-",{"v":4780,"d":"4,780"},{"v":20880,"d":"20,880"},{"v":60150,"d":"60,150"},{"v":85810,"d":"85,810"},"Health and Social Care"]
["Framework - Heating, Ventilation, Air Conditioning and Refrigeration",null,200,90,"-",290,380,100,"-",480,580,190,"-",770,300,100,"-",400,370,200,"-",570,670,300,"-",970,490,240,"-",730,310,140,"-",450,800,380,"-",{"v":1180,"d":"1,180"},420,180,"-",600,300,190,"-",490,720,370,"-",{"v":1090,"d":"1,090"},540,240,"-",780,240,180,"-",430,780,420,"-",{"v":1200,"d":"1,200"},640,250,"-",890,190,180,10,380,830,420,10,{"v":1260,"d":"1,260"},640,300,60,{"v":1010,"d":"1,010"},160,210,20,390,800,510,90,{"v":1400,"d":"1,400"},530,210,60,800,160,310,30,500,690,520,90,{"v":1300,"d":"1,300"},570,240,110,910,190,280,50,510,750,520,160,{"v":1420,"d":"1,420"},420,210,60,680,60,100,20,180,"-","-","-","-",470,320,80,870,360,220,50,640,40,130,30,210,"-","-","-","-",410,350,90,840,370,240,60,670,40,170,10,210,"-","-","-","-",400,410,70,880,460,280,70,820,60,210,40,300,"-","-","-","-",520,490,110,{"v":1120,"d":"1,120"},470,340,100,910,50,240,50,340,"-","-","-","-",530,580,140,{"v":1250,"d":"1,250"},"Heating, Ventilation, Air Conditioning and Refrigeration"]
["Framework - Highways Maintenance",null,"-","-","-","-","-","-","-","-","-","-","-","-","-","-","-","-","-","-","-","-","-","-","-","-","-","-","-","-","-","-","-","-","-","-","-","-","-","-","-",10,"-","-","-","-","-","-","-",10,"-","-","-","-","-","-","-","-","-","-","-","-","-","-","-","-","-","-","-","-","-",10,"-",10,"-","-","-","-","-","-","-","-","-","-","-","-","-","-","-","-","-","-","-","-","-","-","-","-","-","-","-","-","-","-","-","-","-","-","-","-","-","-","-","-","-","-","-","-","-","-","-","-","-","-","-","-","-","-","-","-","-","-","-","-","-","-","-","-","-","-","-","-","-","-","-","-","-","-","-","-","-","-","-","-","-","-","-","-","-","-","-","-","-","-","-","-","-","-","-","-","-","-","-","-","-","-","-","-","-","-","-","-","-","-","-","-","-","-","-","-","Highways Maintenance"]
["Framework - Horticulture",null,"-","-","-","-","-","-","-","-","-","-","-","-","-","-","-","-","-","-","-","-","-","-","-","-","-","-","-","-","-","-","-","-","-","-","-","-","-","-","-","-","-","-","-","-","-","-","-","-","-","-","-","-","-","-","-","-","-","-","-","-","-","-","-","-","-","-","-","-","-","-","-","-","-","-","-","-","-","-","-","-","-","-","-","-",680,430,160,{"v":1280,"d":"1,280"},20,80,50,160,700,520,220,{"v":1440,"d":"1,440"},690,580,440,{"v":1710,"d":"1,710"},20,160,210,390,710,740,650,{"v":2100,"d":"2,100"},810,660,650,{"v":2120,"d":"2,120"},40,150,330,520,"-","-","-","-",850,810,980,{"v":2630,"d":"2,630"},780,750,380,{"v":1900,"d":"1,900"},30,180,280,490,"-","-","-","-",810,930,660,{"v":2400,"d":"2,400"},800,770,380,{"v":1950,"d":"1,950"},40,130,120,290,"-","-","-","-",830,910,500,{"v":2240,"d":"2,240"},800,770,260,{"v":1820,"d":"1,820"},30,130,150,320,"-","-","-","-",840,900,410,{"v":2140,"d":"2,140"},880,830,370,{"v":2090,"d":"2,090"},30,150,200,370,"-","-","-","-",910,980,570,{"v":2460,"d":"2,460"},"Horticulture"]
["Framework - Hospitality and Catering",null,{"v":7300,"d":"7,300"},{"v":9310,"d":"9,310"},"-",{"v":16610,"d":"16,610"},720,{"v":3260,"d":"3,260"},"-",{"v":3990,"d":"3,990"},{"v":8020,"d":"8,020"},{"v":12570,"d":"12,570"},"-",{"v":20590,"d":"20,590"},{"v":7680,"d":"7,680"},{"v":10960,"d":"10,960"},"-",{"v":18650,"d":"18,650"},850,{"v":4270,"d":"4,270"},"-",{"v":5110,"d":"5,110"},{"v":8530,"d":"8,530"},{"v":15230,"d":"15,230"},"-",{"v":23760,"d":"23,760"},{"v":6250,"d":"6,250"},{"v":7300,"d":"7,300"},10,{"v":13550,"d":"13,550"},630,{"v":2890,"d":"2,890"},10,{"v":3530,"d":"3,530"},{"v":6880,"d":"6,880"},{"v":10190,"d":"10,190"},10,{"v":17070,"d":"17,070"},{"v":5100,"d":"5,100"},{"v":7110,"d":"7,110"},20,{"v":12230,"d":"12,230"},500,{"v":2560,"d":"2,560"},"-",{"v":3070,"d":"3,070"},{"v":5600,"d":"5,600"},{"v":9680,"d":"9,680"},20,{"v":15300,"d":"15,300"},{"v":4330,"d":"4,330"},{"v":5930,"d":"5,930"},10,{"v":10260,"d":"10,260"},450,{"v":2500,"d":"2,500"},10,{"v":2970,"d":"2,970"},{"v":4780,"d":"4,780"},{"v":8430,"d":"8,430"},20,{"v":13230,"d":"13,230"},{"v":3990,"d":"3,990"},{"v":6400,"d":"6,400"},{"v":1080,"d":"1,080"},{"v":11470,"d":"11,470"},380,{"v":2430,"d":"2,430"},620,{"v":3420,"d":"3,420"},{"v":4370,"d":"4,370"},{"v":8830,"d":"8,830"},{"v":1700,"d":"1,700"},{"v":14890,"d":"14,890"},{"v":4120,"d":"4,120"},{"v":6210,"d":"6,210"},{"v":3130,"d":"3,130"},{"v":13460,"d":"13,460"},270,{"v":1490,"d":"1,490"},{"v":1580,"d":"1,580"},{"v":3330,"d":"3,330"},{"v":4390,"d":"4,390"},{"v":7700,"d":"7,700"},{"v":4710,"d":"4,710"},{"v":16790,"d":"16,790"},{"v":5890,"d":"5,890"},{"v":9910,"d":"9,910"},{"v":2820,"d":"2,820"},{"v":18620,"d":"18,620"},350,{"v":1610,"d":"1,610"},890,{"v":2850,"d":"2,850"},{"v":6230,"d":"6,230"},{"v":11520,"d":"11,520"},{"v":3710,"d":"3,710"},{"v":21470,"d":"21,470"},{"v":6380,"d":"6,380"},{"v":10700,"d":"10,700"},{"v":7200,"d":"7,200"},{"v":24280,"d":"24,280"},390,{"v":2280,"d":"2,280"},{"v":2860,"d":"2,860"},{"v":5530,"d":"5,530"},{"v":6770,"d":"6,770"},{"v":12980,"d":"12,980"},{"v":10060,"d":"10,060"},{"v":29810,"d":"29,810"},{"v":6590,"d":"6,590"},{"v":11490,"d":"11,490"},{"v":10270,"d":"10,270"},{"v":28350,"d":"28,350"},510,{"v":2550,"d":"2,550"},{"v":4140,"d":"4,140"},{"v":7200,"d":"7,200"},"-","-","-","-",{"v":7100,"d":"7,100"},{"v":14040,"d":"14,040"},{"v":14410,"d":"14,410"},{"v":35540,"d":"35,540"},{"v":5890,"d":"5,890"},{"v":11160,"d":"11,160"},{"v":9740,"d":"9,740"},{"v":26790,"d":"26,790"},610,{"v":3070,"d":"3,070"},{"v":5130,"d":"5,130"},{"v":8800,"d":"8,800"},"-","-","-","-",{"v":6490,"d":"6,490"},{"v":14230,"d":"14,230"},{"v":14870,"d":"14,870"},{"v":35590,"d":"35,590"},{"v":6270,"d":"6,270"},{"v":10420,"d":"10,420"},{"v":9840,"d":"9,840"},{"v":26530,"d":"26,530"},580,{"v":2610,"d":"2,610"},{"v":2290,"d":"2,290"},{"v":5480,"d":"5,480"},"-","-","-","-",{"v":6850,"d":"6,850"},{"v":13030,"d":"13,030"},{"v":12130,"d":"12,130"},{"v":32010,"d":"32,010"},{"v":5230,"d":"5,230"},{"v":8900,"d":"8,900"},{"v":9920,"d":"9,920"},{"v":24050,"d":"24,050"},560,{"v":2910,"d":"2,910"},{"v":4770,"d":"4,770"},{"v":8240,"d":"8,240"},"-","-","-","-",{"v":5790,"d":"5,790"},{"v":11810,"d":"11,810"},{"v":14690,"d":"14,690"},{"v":32280,"d":"32,280"},{"v":5350,"d":"5,350"},{"v":7700,"d":"7,700"},{"v":9530,"d":"9,530"},{"v":22580,"d":"22,580"},600,{"v":3210,"d":"3,210"},{"v":5270,"d":"5,270"},{"v":9080,"d":"9,080"},"-","-","-","-",{"v":5950,"d":"5,950"},{"v":10910,"d":"10,910"},{"v":14800,"d":"14,800"},{"v":31660,"d":"31,660"},"Hospitality and Catering"]
["Framework - Hospitality Management",null,"-","-","-","-","-","-","-","-","-","-","-","-","-","-","-","-","-","-","-","-","-","-","-","-","-","-","-","-","-","-","-","-","-","-","-","-","-","-","-","-","-","-","-","-","-","-","-","-","-","-","-","-","-","-","-","-","-","-","-","-","-","-","-","-","-","-","-","-","-","-","-","-","-","-","-","-","-","-","-","-","-","-","-","-","-","-","-","-","-","-","-","-","-","-","-","-","-","-","-","-","-","-","-","-","-","-","-","-","-","-","-","-","-","-","-","-","-","-","-","-","-","-","-","-","-","-","-","-","-","-","-","-","-",20,120,130,"-",20,120,130,"-","-","-","-","-","-","-","-","-",40,120,160,"-",40,120,160,"-","-","-","-","-","-","-","-","-",40,160,200,"-",40,160,200,"-","-","-","-","-","-","-","-","-",70,290,370,"-",70,290,370,"Hospitality Management"]
["Framework - Housing",null,10,10,"-",10,"-","-","-","-",10,10,"-",10,10,10,"-",20,"-",10,"-",10,10,20,"-",30,10,10,"-",20,"-","-","-","-",10,10,"-",30,10,10,"-",20,"-","-","-","-",10,10,"-",20,"-","-","-","-","-","-","-","-","-",10,"-",10,"-","-","-","-","-","-","-","-","-",10,"-",10,"-",10,"-",10,"-","-","-","-","-",10,"-",10,10,10,"-",20,"-",10,"-",20,10,20,"-",30,10,20,30,60,"-",20,150,170,10,40,180,230,40,140,350,530,10,40,370,420,"-","-","-","-",50,180,720,950,40,80,90,200,10,70,300,380,"-","-","-","-",40,150,380,580,40,110,80,230,"-",40,100,140,"-","-","-","-",40,150,180,370,30,90,80,210,10,40,120,170,"-","-","-","-",40,140,200,380,30,60,80,170,10,50,130,190,"-","-","-","-",40,110,210,360,"Housing"]
["Framework - Human Resource Management",null,"-","-","-","-","-","-","-","-","-","-","-","-","-","-","-","-","-","-","-","-","-","-","-","-","-","-","-","-","-","-","-","-","-","-","-","-","-","-","-","-","-","-","-","-","-","-","-","-","-","-","-","-","-","-","-","-","-","-","-","-","-","-","-","-","-","-","-","-","-","-","-","-","-","-","-","-","-","-","-","-","-","-","-","-","-","-","-","-","-","-","-","-","-","-","-","-","-","-","-","-","-","-","-","-","-","-","-","-","-","-","-","-","-","-","-","-","-","-","-","-","-","-","-","-","-","-","-","-","-","-","-","-","-",10,20,30,"-",10,20,30,"-","-","-","-","-","-","-","-","-",70,90,160,"-",70,90,160,"-","-","-","-","-","-","-","-",10,20,30,50,10,20,30,50,"-","-","-","-","-","-","-","-",10,40,50,110,10,40,50,110,"Human Resource Management"]
["Framework - Industrial Applications",null,320,400,"-",720,"-","-","-","-",320,400,"-",720,620,560,"-",{"v":1180,"d":"1,180"},"-","-","-","-",620,560,"-",{"v":1180,"d":"1,180"},680,670,10,{"v":1360,"d":"1,360"},"-","-","-","-",680,670,10,{"v":1360,"d":"1,360"},780,510,"-",{"v":1290,"d":"1,290"},"-","-","-","-",780,510,"-",{"v":1290,"d":"1,290"},820,400,"-",{"v":1210,"d":"1,210"},"-","-","-","-",820,400,"-",{"v":1220,"d":"1,220"},860,540,470,{"v":1870,"d":"1,870"},"-","-","-","-",860,540,470,{"v":1870,"d":"1,870"},720,300,160,{"v":1170,"d":"1,170"},"-","-","-","-",720,300,160,{"v":1170,"d":"1,170"},680,400,150,{"v":1240,"d":"1,240"},"-","-","-","-",680,400,150,{"v":1240,"d":"1,240"},940,850,{"v":1840,"d":"1,840"},{"v":3630,"d":"3,630"},"-","-","-","-",940,850,{"v":1840,"d":"1,840"},{"v":3630,"d":"3,630"},{"v":4250,"d":"4,250"},{"v":4050,"d":"4,050"},{"v":10510,"d":"10,510"},{"v":18800,"d":"18,800"},"-","-","-","-","-","-","-","-",{"v":4250,"d":"4,250"},{"v":4050,"d":"4,050"},{"v":10510,"d":"10,510"},{"v":18800,"d":"18,800"},{"v":3330,"d":"3,330"},{"v":3570,"d":"3,570"},{"v":8150,"d":"8,150"},{"v":15050,"d":"15,050"},"-","-","-","-","-","-","-","-",{"v":3330,"d":"3,330"},{"v":3570,"d":"3,570"},{"v":8150,"d":"8,150"},{"v":15050,"d":"15,050"},{"v":3290,"d":"3,290"},{"v":3580,"d":"3,580"},{"v":7990,"d":"7,990"},{"v":14860,"d":"14,860"},"-","-","-","-","-","-","-","-",{"v":3290,"d":"3,290"},{"v":3580,"d":"3,580"},{"v":7990,"d":"7,990"},{"v":14860,"d":"14,860"},{"v":3650,"d":"3,650"},{"v":4130,"d":"4,130"},{"v":9040,"d":"9,040"},{"v":16820,"d":"16,820"},"-","-","-","-","-","-","-","-",{"v":3650,"d":"3,650"},{"v":4130,"d":"4,130"},{"v":9040,"d":"9,040"},{"v":16820,"d":"16,820"},{"v":3420,"d":"3,420"},{"v":4070,"d":"4,070"},{"v":11170,"d":"11,170"},{"v":18660,"d":"18,660"},"-","-","-","-","-","-","-","-",{"v":3420,"d":"3,420"},{"v":4070,"d":"4,070"},{"v":11170,"d":"11,170"},{"v":18660,"d":"18,660"},"Industrial Applications"]
["Framework - Industrial Building Systems",null,"-","-","-","-","-","-","-","-","-","-","-","-","-","-","-","-","-","-","-","-","-","-","-","-","-","-","-","-","-","-","-","-","-","-","-","-","-","-","-","-","-","-","-","-","-","-","-","-","-","-","-","-","-","-","-","-","-","-","-","-",10,"-","-",10,"-","-","-","-",10,"-","-",10,10,"-","-",10,"-","-","-","-",10,"-","-",10,"-","-","-","-","-","-","-","-","-","-","-","-","-","-","-","-","-","-","-","-","-","-","-","-","-","-","-","-","-","-","-","-","-","-","-","-","-","-","-","-","-","-","-","-","-","-","-","-","-","-","-","-","-","-","-","-","-","-","-","-","-","-","-","-","-","-","-","-","-","-","-","-","-","-","-","-","-","-","-","-","-","-","-","-","-","-","-","-","-","-","-","-","-","-","-","-","-","-","-","-","-","-","-","-","Industrial Building Systems"]
["Framework - Information and Library Services",null,"-","-","-","-","-","-","-","-","-","-","-","-","-","-","-","-","-","-","-","-","-","-","-","-","-","-","-","-","-","-","-","-","-","-","-","-","-","-","-","-","-","-","-","-","-","-","-","-","-","-","-","-","-","-","-","-","-","-","-","-","-","-","-","-","-","-","-","-","-","-","-","-","-","-","-",10,"-","-","-","-","-","-","-",10,"-","-","-","-","-","-","-","-","-","-","-","-","-","-","-","-","-","-",20,20,"-","-",20,20,10,10,"-",20,"-","-",10,10,"-","-","-","-",10,10,10,30,10,10,"-",10,"-","-",10,10,"-","-","-","-",10,10,20,30,10,10,"-",20,"-","-","-",10,"-","-","-","-",10,20,"-",20,"-","-","-","-","-","-","-","-","-","-","-","-","-","-","-","-","-",10,"-",10,"-","-","-","-","-","-","-","-","-",10,"-",10,"Information and Library Services"]
["Framework - Information Security",null,"-","-","-","-","-","-","-","-","-","-","-","-","-","-","-","-","-","-","-","-","-","-","-","-","-","-","-","-","-","-","-","-","-","-","-","-","-","-","-","-","-","-","-","-","-","-","-","-","-","-","-","-","-","-","-","-","-","-","-","-","-","-","-","-","-","-","-","-","-","-","-","-","-","-","-","-","-","-","-","-","-","-","-","-","-","-","-","-","-","-","-","-","-","-","-","-","-","-","-","-","-","-","-","-","-","-","-","-","-","-","-","-","-","-","-","-","-","-","-","-","-","-","-","-","-","-","-","-","-","-","-","-","-","-","-","-","-","-","-","-","-","-","-","-","-","-","-","-","-","-","-","-","-","-","-","-","-","-","-","-","-","-","-","-","-","-","-",10,"-",10,"-",10,"-","-","-","-","-",10,"-",10,10,20,"-",20,10,30,"-",40,"Information Security"]
["Framework - Installing Cabling Systems",null,"-","-","-","-","-","-","-","-","-","-","-","-","-","-","-","-","-","-","-","-","-","-","-","-","-","-","-","-","-","-","-","-","-","-","-","-",10,"-","-",10,"-","-","-","-",10,"-","-",10,"-","-","-","-","-","-","-","-","-","-","-","-","-","-","-","-","-","-","-","-","-","-","-","-","-","-","-","-","-","-","-","-","-","-","-","-","-","-","-","-","-","-","-","-","-","-","-","-","-","-","-","-","-","-","-","-","-","-","-","-","-","-","-","-","-","-","-","-","-","-","-","-","-","-","-","-","-","-","-","-","-","-","-","-","-","-","-","-","-","-","-","-","-","-","-","-","-","-","-","-","-","-","-","-","-","-","-","-","-","-","-","-","-","-","-","-","-","-","-","-","-","-","-","-","-","-","-","-","-","-","-","-","-","-","-","-","-","-","-","-","Installing Cabling Systems"]
["Framework - Insurance",null,70,110,"-",180,40,200,"-",230,110,310,"-",420,50,130,"-",180,30,210,"-",230,80,330,"-",410,120,180,"-",300,40,150,"-",180,160,330,"-",490,50,140,"-",190,20,100,"-",130,70,240,"-",310,"-",10,"-",20,"-",20,"-",30,10,30,"-",40,"-","-","-","-","-","-","-","-","-","-","-","-","-","-","-","-","-","-","-","-","-","-","-","-","-","-","-","-","-","-","-","-","-","-","-","-","-","-","-","-","-","-","-","-","-","-","-","-","-","-","-","-","-","-","-","-","-","-","-","-","-","-","-","-","-","-","-","-","-","-","-","-","-","-","-","-","-","-","-","-","-","-","-","-","-","-","-","-","-",10,"-",10,"-",10,"-",10,"-","-","-","-","-","-","-","-","-",30,20,40,"-",30,20,40,"-","-","-","-","-","-","-","-","-","-","-","-","-","-","-","-","Insurance"]
["Framework - Intelligence Analysis",null,"-","-","-","-","-","-","-","-","-","-","-","-","-","-","-","-","-","-","-","-","-","-","-","-","-","-","-","-","-","-","-","-","-","-","-","-","-","-","-","-","-","-","-","-","-","-","-","-","-","-","-","-","-","-","-","-","-","-","-","-","-","-","-","-","-","-","-","-","-","-","-","-","-","-","-","-","-","-","-","-","-","-","-","-","-","-","-","-","-","-","-","-","-","-","-","-","-","-","-","-","-","-","-","-","-","-","-","-","-","-","-","-","-","-","-","-","-","-","-","-","-","-","-","-","-","-","-","-","-",10,"-",10,"-","-","-","-","-",10,"-",10,"-","-","-","-","-",20,10,30,"-","-","-","-","-",20,10,30,"-","-","-","-","-",10,"-",20,"-","-","-","-","-",10,"-",20,"-","-","-","-","-","-","-","-","-","-","-","-","-","-","-","-","Intelligence Analysis"]
["Framework - Intelligence Operations",null,"-","-","-","-","-","-","-","-","-","-","-","-","-","-","-","-","-","-","-","-","-","-","-","-","-","-","-","-","-","-","-","-","-","-","-","-","-","-","-","-","-","-","-","-","-","-","-","-","-","-","-","-","-","-","-","-","-","-","-","-","-","-","-","-","-","-","-","-","-","-","-","-","-","-","-","-","-","-","-","-","-","-","-","-","-","-","-","-","-","-","-","-","-","-","-","-","-","-","-","-","-","-","-","-","-","-","-","-","-","-","-","-","-","-","-","-","-","-","-","-","-","-","-","-","-","-","-","-","-","-","-","-","-","-","-","-","-","-","-","-","-","-","-","-","-","-","-","-","-","-","-","-","-","-","-","-","-","-","-","-","-","-","-","-","-",20,10,30,"-",20,10,30,"-","-","-","-","-","-","-","-",10,60,30,90,10,60,30,90,"Intelligence Operations"]
["Framework - International Trade and Logistics Operations",null,"-","-","-","-","-","-","-","-","-","-","-","-","-","-","-","-","-","-","-","-","-","-","-","-","-","-","-","-","-","-","-","-","-","-","-","-","-","-","-","-","-","-","-","-","-","-","-","-","-","-","-","-","-","-","-","-","-","-","-","-","-","-","-","-","-","-","-","-","-","-","-","-","-","-","-","-","-","-","-","-","-","-","-","-","-","-","-","-","-","-","-","-","-","-","-","-",10,20,30,60,"-","-","-","-",10,20,30,60,20,80,90,200,"-","-","-","-","-","-","-","-",20,80,90,200,20,40,80,140,"-","-","-","-","-","-","-","-",20,40,80,140,30,50,20,90,"-","-","-","-","-","-","-","-",30,50,20,90,40,60,20,120,"-","-","-","-","-","-","-","-",40,60,20,120,50,60,20,130,"-","-","-","-","-","-","-","-",50,60,20,130,"International Trade and Logistics Operations"]
["Framework - International Trade and Services",null,50,30,"-",70,"-",10,"-",10,50,30,"-",80,50,30,"-",70,"-",10,"-",10,50,40,"-",80,80,30,"-",110,"-",10,"-",20,80,40,"-",120,"-","-","-",10,10,10,"-",10,10,10,"-",20,"-","-","-","-","-","-","-","-","-","-","-","-","-","-","-","-","-","-","-","-","-","-","-","-","-","-","-","-","-","-","-","-","-","-","-","-","-","-","-","-","-","-","-","-","-","-","-","-","-","-","-","-","-","-","-","-","-","-","-","-","-","-","-","-","-","-","-","-","-","-","-","-","-","-","-","-","-","-","-","-","-","-","-","-","-","-","-","-","-","-","-","-","-","-","-","-","-","-","-","-","-","-","-","-","-","-","-","-","-","-","-","-","-","-","-","-","-","-","-","-","-","-","-","-","-","-","-","-","-","-","-","-","-","-","-","-","-","-","-","-","International Trade and Services"]
["Framework - IT and Telecoms Professionals",null,"-","-","-","-","-","-","-","-","-","-","-","-","-","-","-","-","-","-","-","-","-","-","-","-","-","-","-","-","-","-","-","-","-","-","-","-","-","-","-","-","-","-","-","-","-",10,"-",10,"-","-","-","-","-","-","-","-","-","-","-","-",80,130,10,220,120,310,50,470,200,440,60,690,560,510,150,{"v":1220,"d":"1,220"},{"v":1830,"d":"1,830"},{"v":1190,"d":"1,190"},370,{"v":3390,"d":"3,390"},{"v":2390,"d":"2,390"},{"v":1700,"d":"1,700"},520,{"v":4600,"d":"4,600"},790,810,230,{"v":1830,"d":"1,830"},{"v":3720,"d":"3,720"},{"v":2090,"d":"2,090"},440,{"v":6250,"d":"6,250"},{"v":4500,"d":"4,500"},{"v":2900,"d":"2,900"},670,{"v":8080,"d":"8,080"},{"v":1230,"d":"1,230"},960,270,{"v":2450,"d":"2,450"},{"v":6100,"d":"6,100"},{"v":2430,"d":"2,430"},{"v":1050,"d":"1,050"},{"v":9580,"d":"9,580"},{"v":7330,"d":"7,330"},{"v":3390,"d":"3,390"},{"v":1320,"d":"1,320"},{"v":12030,"d":"12,030"},{"v":1230,"d":"1,230"},{"v":1380,"d":"1,380"},470,{"v":3070,"d":"3,070"},{"v":4310,"d":"4,310"},{"v":2540,"d":"2,540"},{"v":1490,"d":"1,490"},{"v":8340,"d":"8,340"},80,100,10,190,{"v":5610,"d":"5,610"},{"v":4030,"d":"4,030"},{"v":1960,"d":"1,960"},{"v":11600,"d":"11,600"},660,910,280,{"v":1850,"d":"1,850"},{"v":2770,"d":"2,770"},{"v":2450,"d":"2,450"},{"v":1380,"d":"1,380"},{"v":6600,"d":"6,600"},130,260,30,420,{"v":3550,"d":"3,550"},{"v":3620,"d":"3,620"},{"v":1690,"d":"1,690"},{"v":8860,"d":"8,860"},600,{"v":1170,"d":"1,170"},580,{"v":2350,"d":"2,350"},{"v":3490,"d":"3,490"},{"v":2720,"d":"2,720"},600,{"v":6820,"d":"6,820"},210,420,30,660,{"v":4310,"d":"4,310"},{"v":4310,"d":"4,310"},{"v":1210,"d":"1,210"},{"v":9820,"d":"9,820"},600,{"v":1030,"d":"1,030"},400,{"v":2030,"d":"2,030"},{"v":4150,"d":"4,150"},{"v":3240,"d":"3,240"},{"v":1080,"d":"1,080"},{"v":8470,"d":"8,470"},330,620,50,990,{"v":5070,"d":"5,070"},{"v":4890,"d":"4,890"},{"v":1530,"d":"1,530"},{"v":11490,"d":"11,490"},530,920,340,{"v":1790,"d":"1,790"},{"v":4950,"d":"4,950"},{"v":3250,"d":"3,250"},980,{"v":9180,"d":"9,180"},320,720,60,{"v":1100,"d":"1,100"},{"v":5800,"d":"5,800"},{"v":4890,"d":"4,890"},{"v":1380,"d":"1,380"},{"v":12070,"d":"12,070"},"IT and Telecoms Professionals"]
["Framework - IT Services and Development",null,{"v":2290,"d":"2,290"},560,"-",{"v":2850,"d":"2,850"},220,460,"-",670,{"v":2510,"d":"2,510"},{"v":1020,"d":"1,020"},"-",{"v":3520,"d":"3,520"},{"v":2680,"d":"2,680"},800,"-",{"v":3490,"d":"3,490"},220,540,"-",760,{"v":2910,"d":"2,910"},{"v":1340,"d":"1,340"},"-",{"v":4250,"d":"4,250"},{"v":1630,"d":"1,630"},320,"-",{"v":1950,"d":"1,950"},220,580,"-",800,{"v":1840,"d":"1,840"},900,"-",{"v":2750,"d":"2,750"},460,100,"-",560,200,450,10,660,670,550,10,{"v":1230,"d":"1,230"},450,130,"-",580,590,420,"-",{"v":1010,"d":"1,010"},{"v":1040,"d":"1,040"},550,"-",{"v":1580,"d":"1,580"},320,150,10,480,910,270,"-",{"v":1190,"d":"1,190"},{"v":1240,"d":"1,240"},420,10,{"v":1660,"d":"1,660"},"-","-","-","-",20,20,"-",40,20,20,"-",40,"-","-","-","-",10,10,"-",10,10,10,"-",10,"-","-","-","-","-","-","-","-","-","-","-","-","-","-","-","-","-","-","-","-","-","-","-","-","-","-","-","-","-","-","-","-","-","-","-","-","-","-","-","-","-","-","-","-","-","-","-","-","-","-","-","-","-","-","-","-","-","-","-","-","-","-","-","-","-","-","-","-","-","-","-","-","-","-","-","-","-","-","-","-","-","-","-","-","-","-","-","-","-","-","-","-","IT Services and Development"]
["Framework - IT User",null,"-","-","-","-","-","-","-","-","-","-","-","-","-","-","-","-","-","-","-","-","-","-","-","-",{"v":1710,"d":"1,710"},450,"-",{"v":2160,"d":"2,160"},40,110,"-",150,{"v":1750,"d":"1,750"},560,"-",{"v":2310,"d":"2,310"},{"v":1800,"d":"1,800"},390,"-",{"v":2190,"d":"2,190"},90,140,"-",230,{"v":1890,"d":"1,890"},530,"-",{"v":2420,"d":"2,420"},{"v":1770,"d":"1,770"},600,"-",{"v":2370,"d":"2,370"},130,140,"-",270,{"v":1890,"d":"1,890"},740,"-",{"v":2640,"d":"2,640"},{"v":1910,"d":"1,910"},530,420,{"v":2870,"d":"2,870"},70,120,60,250,{"v":1980,"d":"1,980"},650,490,{"v":3120,"d":"3,120"},{"v":2150,"d":"2,150"},570,970,{"v":3680,"d":"3,680"},90,110,100,290,{"v":2240,"d":"2,240"},670,{"v":1070,"d":"1,070"},{"v":3980,"d":"3,980"},{"v":2290,"d":"2,290"},700,860,{"v":3850,"d":"3,850"},190,150,110,450,{"v":2480,"d":"2,480"},850,970,{"v":4300,"d":"4,300"},{"v":2260,"d":"2,260"},780,{"v":3150,"d":"3,150"},{"v":6190,"d":"6,190"},270,320,710,{"v":1300,"d":"1,300"},{"v":2530,"d":"2,530"},{"v":1100,"d":"1,100"},{"v":3860,"d":"3,860"},{"v":7490,"d":"7,490"},{"v":2030,"d":"2,030"},710,{"v":2630,"d":"2,630"},{"v":5360,"d":"5,360"},290,400,880,{"v":1570,"d":"1,570"},"-","-","-","-",{"v":2320,"d":"2,320"},{"v":1110,"d":"1,110"},{"v":3500,"d":"3,500"},{"v":6920,"d":"6,920"},{"v":1130,"d":"1,130"},650,{"v":1810,"d":"1,810"},{"v":3590,"d":"3,590"},260,540,880,{"v":1670,"d":"1,670"},"-","-","-","-",{"v":1380,"d":"1,380"},{"v":1190,"d":"1,190"},{"v":2700,"d":"2,700"},{"v":5270,"d":"5,270"},450,570,{"v":1220,"d":"1,220"},{"v":2240,"d":"2,240"},280,470,250,{"v":1000,"d":"1,000"},"-","-","-","-",730,{"v":1040,"d":"1,040"},{"v":1470,"d":"1,470"},{"v":3240,"d":"3,240"},430,490,{"v":1570,"d":"1,570"},{"v":2480,"d":"2,480"},240,450,470,{"v":1160,"d":"1,160"},"-","-","-","-",670,940,{"v":2040,"d":"2,040"},{"v":3650,"d":"3,650"},350,390,{"v":1260,"d":"1,260"},{"v":1990,"d":"1,990"},250,390,460,{"v":1100,"d":"1,100"},"-","-","-","-",600,780,{"v":1710,"d":"1,710"},{"v":3090,"d":"3,090"},"IT User"]
["Framework - Jewellery, Silversmithing and Allied Trades",null,"-","-","-","-","-","-","-",10,"-","-","-",10,"-","-","-","-","-","-","-","-","-","-","-","-","-","-","-","-","-","-","-","-","-","-","-","-","-","-","-","-","-","-","-","-","-","-","-","-","-","-","-","-","-","-","-","-","-","-","-","-","-","-","-","-","-","-","-","-","-","-","-","-","-","-","-","-","-","-","-","-","-","-","-","-","-","-","-","-","-","-","-","-","-","-","-","-","-","-","-","-","-","-","-","-","-","-","-","-",20,20,"-",30,10,10,"-",20,"-","-","-","-",20,30,"-",50,10,20,"-",30,"-",10,"-",10,"-","-","-","-",10,20,"-",40,10,"-","-",10,"-","-","-",10,"-","-","-","-",10,10,"-",10,10,20,"-",30,"-",10,"-",10,"-","-","-","-",10,30,"-",40,10,10,"-",20,"-","-","-","-","-","-","-","-",10,10,"-",20,"Jewellery, Silversmithing and Allied Trades"]
["Framework - Journalism",null,"-","-","-","-","-","-","-","-","-","-","-","-","-","-","-","-","-","-","-","-","-","-","-","-","-","-","-","-","-","-","-","-","-","-","-","-","-","-","-","-","-","-","-","-","-","-","-","-","-","-","-","-","-","-","-","-","-","-","-","-","-","-","-","-","-","-","-","-","-","-","-","-","-","-","-","-","-","-","-","-","-","-","-","-","-","-","-","-","-","-","-","-","-","-","-","-","-","-","-","-","-","-","-","-","-","-","-","-","-","-","-","-","-","-","-","-","-","-","-","-","-","-","-","-","-","-","-","-","-","-","-","-","-","-","-","-","-","-","-","-","-","-","-","-",10,"-","-",10,"-","-","-","-",10,"-","-",10,"-","-","-","-",20,40,10,70,"-","-","-","-",20,40,10,70,"-","-","-","-","-","-","-","-","-","-","-","-","-","-","-","-","Journalism"]
["Framework - Laboratory Technicians",null,"-","-","-","-",10,"-","-",10,10,"-","-",10,"-","-","-","-",10,"-","-",10,10,"-","-",10,"-","-","-","-",10,"-","-",10,10,"-","-",10,"-","-","-","-",10,"-","-",10,10,"-","-",10,"-","-","-","-","-","-","-","-","-","-","-","-","-","-","-","-","-","-","-","-","-","-","-","-","-","-","-","-","-","-","-","-","-","-","-","-",10,10,20,30,10,"-","-",10,10,10,20,40,10,"-",10,20,80,30,30,140,90,40,30,160,40,30,20,90,120,100,60,280,"-","-","-","-",160,130,90,370,10,30,30,70,120,90,40,250,"-","-","-","-",130,120,70,320,40,30,20,80,150,100,30,280,"-","-","-","-",180,130,40,350,20,20,10,50,140,110,20,270,"-","-","-","-",160,130,40,320,10,30,20,60,170,150,20,340,"-","-","-","-",180,180,40,400,"Laboratory Technicians"]
["Framework - Land-based Service Engineering",null,170,20,"-",180,40,10,"-",50,210,30,"-",240,210,10,"-",230,50,30,"-",80,260,40,"-",310,200,20,"-",220,50,40,"-",90,250,60,"-",310,150,20,"-",160,50,60,"-",110,200,70,"-",270,140,20,"-",160,60,80,"-",140,200,90,"-",300,160,20,"-",180,50,40,"-",90,210,60,"-",260,160,20,10,190,60,50,"-",110,230,70,10,300,130,20,"-",150,50,70,"-",120,180,80,"-",270,160,30,10,200,50,40,"-",90,210,70,10,290,140,20,"-",160,30,30,"-",60,"-","-","-","-",170,50,"-",220,150,30,10,190,30,50,"-",80,"-","-","-","-",170,80,10,260,160,40,20,220,30,60,"-",90,"-","-","-","-",190,100,20,310,160,30,10,210,20,60,"-",80,"-","-","-","-",180,90,20,290,210,70,10,290,40,70,"-",100,"-","-","-","-",250,140,10,390,"Land-based Service Engineering"]
["Framework - Learning and Development (Direct Training and Support)",null,"-","-","-","-","-","-","-","-","-","-","-","-","-","-","-","-","-","-","-","-","-","-","-","-","-","-","-","-","-",10,"-",10,"-",10,"-",10,"-","-","-","-","-",20,"-",20,"-",20,"-",20,"-","-","-","-","-",20,"-",20,"-",20,"-",20,"-","-","-","-","-",10,30,40,"-",10,30,40,"-","-","-","-","-",10,120,120,"-",10,120,120,"-","-","-","-","-",20,30,50,"-",20,30,50,"-","-","-","-","-",10,50,60,"-",10,50,60,"-","-","-","-",10,80,810,890,"-","-","-","-",10,80,810,890,"-","-","-","-","-",130,660,790,"-","-","-","-","-",130,660,790,"-","-","-","-",20,50,240,310,"-","-","-","-",20,50,240,310,"-","-","-","-",10,80,480,570,"-","-","-","-",10,80,480,570,"-","-","-","-",10,70,590,670,"-","-","-","-",10,70,590,670,"Learning and Development (Direct Training and Support)"]
["Framework - Learning Support",null,"-","-","-","-","-","-","-","-","-","-","-","-","-","-","-","-","-","-","-","-","-","-","-","-","-","-","-","-","-","-","-","-","-","-","-","-","-","-","-","-","-","-","-","-","-","-","-","-","-","-","-","-","-","-","-","-","-","-","-","-","-","-","-","-","-","-","-","-","-","-","-","-","-","-","-","-","-","-","-","-","-","-","-","-","-","-","-","-","-","-","-","-","-","-","-","-","-","-","-","-","-","-","-","-","-","-","-","-","-","-","-","-","-","-","-","-","-","-","-","-","-","-","-","-","-","-","-","-","-",10,"-",10,"-","-","-","-","-",10,"-",10,"-","-","-","-","-",10,10,20,"-","-","-","-","-",10,10,20,"-","-","-","-","-",10,40,40,"-","-","-","-","-",10,40,40,"-","-","-","-","-","-",20,20,"-","-","-","-","-","-",20,20,"Learning Support"]
["Framework - Legal Advice",null,"-","-","-","-","-","-","-","-","-","-","-","-","-","-","-","-","-","-","-","-","-","-","-","-","-","-","-","-","-","-","-","-","-","-","-","-","-","-","-","-","-","-","-","-","-","-","-","-","-","-","-","-","-","-","-","-","-","-","-","-","-","-","-","-","-","-","-","-","-","-","-","-","-","-","-","-","-","-","-","-","-","-","-","-","-","-","-","-","-","-","-","-","-","-","-","-","-","-","-","-","-","-","-","-","-","-","-","-","-","-","-","-","-","-","-","-","-","-","-","-","-","-","-","-","-","-","-","-","-","-","-","-","-","-","-","-","-","-","-","-","-","-","-","-","-","-","-",10,"-","-","-","-","-","-","-",10,"-",10,"-",10,"-",10,"-",10,"-","-","-","-","-",20,"-",20,10,10,"-",20,10,10,"-",20,"-","-","-","-",10,10,10,30,"Legal Advice"]
["Framework - Legal Services",null,"-","-","-","-","-","-","-","-","-","-","-","-","-","-","-","-","-","-","-","-","-","-","-","-","-","-","-","-","-","-","-","-","-","-","-","-","-","-","-","-","-","-","-","-","-","-","-","-","-","-","-","-","-","-","-","-","-","-","-","-","-","-","-","-","-","-","-","-","-","-","-","-","-","-","-","-","-","-","-","-","-","-","-","-","-","-","-","-","-","-","-","-","-","-","-","-","-","-","-","-","-","-","-","-","-","-","-","-","-","-","-","-","-","-","-","-","-","-","-","-","-","-","-","-","-","-","-","-","-","-",10,10,"-","-","-","-","-","-",10,10,"-","-","-","-",60,50,10,130,10,20,"-",30,70,60,10,150,"-","-","-","-",90,90,"-",180,"-",10,"-",10,90,100,"-",190,"-","-","-","-",120,90,10,220,10,10,"-",20,130,100,10,240,"Legal Services"]
["Framework - Licensed Hospitality",null,"-","-","-","-","-","-","-","-","-","-","-","-","-","-","-","-","-","-","-","-","-","-","-","-","-","-","-","-","-","-","-","-","-","-","-","-","-","-","-","-","-","-","-","-","-","-","-","-","-","-","-","-","-","-","-","-","-","-","-","-","-","-","-","-","-","-","-","-","-","-","-","-","-","-","-","-","-","-","-","-","-","-","-","-","-","-","-","-","-","-","-","-","-","-","-","-","-","-","-","-","-","-","-","-","-","-","-","-",20,70,50,140,"-","-","-","-","-","-","-","-",20,70,50,140,90,340,180,610,"-",20,30,50,"-","-","-","-",90,360,220,670,130,620,470,{"v":1220,"d":"1,220"},"-",30,30,60,"-","-","-","-",130,650,490,{"v":1280,"d":"1,280"},100,390,330,820,10,190,340,540,"-","-","-","-",110,590,670,{"v":1360,"d":"1,360"},90,410,360,870,"-",50,110,160,"-","-","-","-",90,460,480,{"v":1020,"d":"1,020"},"Licensed Hospitality"]
["Framework - Life Science and Chemical Science Professionals",null,"-","-","-","-","-","-","-","-","-","-","-","-","-","-","-","-","-","-","-","-","-","-","-","-","-","-","-","-","-","-","-","-","-","-","-","-","-","-","-","-","-","-","-","-","-","-","-","-","-","-","-","-","-","-","-","-","-","-","-","-","-","-","-","-","-","-","-","-","-","-","-","-","-","-","-","-","-","-","-","-","-","-","-","-","-","-","-","-","-","-","-","-","-","-","-","-","-","-","-","-","-","-","-","-","-","-","-","-","-","-","-","-","-","-","-","-","-","-","-","-","-","-","-","-","-","-","-","-","-","-","-","-","-","-","-","-","-","-","-","-","-","-","-","-","-","-","-","-","-","-","-","-","-","-","-","-","-","-","-","-","-","-","-","-",20,20,"-",50,20,20,"-",50,"-","-","-","-","-","-","-","-",40,40,10,100,40,40,10,100,"Life Science and Chemical Science Professionals"]
["Framework - Local Taxation and Benefits",null,"-","-","-","-","-","-","-","-","-","-","-","-","-","-","-","-","-","-","-","-","-","-","-","-","-","-","-","-","-","-","-","-","-","-","-","-","-","-","-","-","-","-","-","-","-","-","-","-","-","-","-","-","-","-","-","-","-","-","-","-","-","-","-","-","-","-","-","-","-","-","-","-","-","-","-","-","-","-","-","-","-","-","-","-","-","-","-","-","-","-","-","-","-","-","-","-","-","-","-","-","-","-","-","-","-","-","-","-","-","-","-","-","-","-",10,10,"-","-","-","-","-","-",10,10,"-","-","-","-","-","-",30,40,"-","-","-","-","-","-",30,40,"-","-","-","-","-",10,"-",10,"-","-","-","-","-",10,"-",10,"-","-","-","-","-","-","-","-","-","-","-","-","-","-","-","-","-","-","-","-","-","-","-","-","-","-","-","-","-","-","-","-","Local Taxation and Benefits"]
["Framework - Locksmithing",null,"-","-","-","-","-","-","-","-","-","-","-","-","-","-","-","-","-","-","-","-","-","-","-","-","-","-","-","-","-","-","-","-","-","-","-","-","-","-","-","-","-","-","-","-","-","-","-","-","-","-","-","-","-","-","-","-","-","-","-","-","-","-","-","-","-","-","-","-","-","-","-","-","-","-","-","-","-","-","-","-","-","-","-","-","-","-","-","-","-","-","-","-","-","-","-","-","-","-","-","-","-","-","-","-","-","-","-","-","-","-","-","-","-","-","-","-","-","-","-","-","-","-","-","-","-","-","-","-","-","-","-","-","-","-","-","-","-","-","-","-",10,"-","-",10,"-","-","-","-","-","-","-","-",10,"-","-",10,10,"-","-",20,"-","-","-","-","-","-","-","-",10,"-","-",20,10,"-","-",20,"-","-","-","-","-","-","-","-",10,"-","-",20,"Locksmithing"]
["Framework - Logistics Operations Management",null,"-","-","-","-","-","-","-","-","-","-","-","-","-","-","-","-","-","-","-","-","-","-","-","-","-","-","-","-","-","-","-","-","-","-","-","-","-","-","-","-","-","-","-","-","-","-","-","-","-","-","-","-","-","-","-","-","-","-","-","-","-","-","-","-","-","-","-","-","-","-","-","-","-","-","-","-","-","-",10,10,"-","-",10,10,"-","-","-","-","-",10,30,40,"-",10,30,40,50,10,"-",60,"-",60,340,410,50,70,340,470,40,40,20,90,20,110,670,800,"-","-","-","-",60,150,690,900,30,50,60,140,30,180,{"v":1140,"d":"1,140"},{"v":1340,"d":"1,340"},"-","-","-","-",60,220,{"v":1200,"d":"1,200"},{"v":1480,"d":"1,480"},50,80,60,190,30,130,240,400,"-","-","-","-",80,200,300,580,30,60,60,160,40,130,450,620,"-","-","-","-",70,190,510,780,50,80,70,200,30,120,430,590,"-","-","-","-",80,210,500,790,"Logistics Operations Management"]
["Framework - Mail Services",null,"-","-","-","-","-","-","-","-","-","-","-","-","-","-","-","-","-","-","-","-","-","-","-","-","-","-","-","-","-","-","-","-","-","-","-","-",80,90,"-",170,"-","-","-","-",80,90,"-",170,20,130,"-",150,"-","-","-","-",20,130,"-",150,30,90,20,130,"-","-","-","-",30,90,20,130,10,40,50,100,"-","-","-","-",10,40,50,100,130,160,70,360,"-","-","-","-",130,160,70,360,60,90,90,240,"-","-","-","-",60,90,90,240,80,80,100,260,"-","-","-","-","-","-","-","-",80,80,100,260,20,50,60,130,"-","-","-","-","-","-","-","-",20,50,60,130,30,40,10,80,"-","-","-","-","-","-","-","-",30,40,10,80,20,10,10,40,"-","-","-","-","-","-","-","-",20,10,10,40,10,10,10,30,"-","-","-","-","-","-","-","-",10,10,10,30,"Mail Services"]
[{"$f":"\"Framework - \"&GI138","v":"Framework - Management"},null,10,20,"-",30,60,950,"-",{"v":1010,"d":"1,010"},70,970,"-",{"v":1040,"d":"1,040"},20,30,"-",50,50,780,"-",830,70,810,"-",880,110,950,"-",{"v":1060,"d":"1,060"},20,480,"-",510,130,{"v":1430,"d":"1,430"},10,{"v":1570,"d":"1,570"},150,{"v":1330,"d":"1,330"},"-",{"v":1480,"d":"1,480"},20,350,"-",370,170,{"v":1690,"d":"1,690"},"-",{"v":1850,"d":"1,850"},100,{"v":1300,"d":"1,300"},10,{"v":1400,"d":"1,400"},20,550,10,570,120,{"v":1840,"d":"1,840"},10,{"v":1970,"d":"1,970"},170,{"v":2090,"d":"2,090"},{"v":1650,"d":"1,650"},{"v":3910,"d":"3,910"},30,750,{"v":1380,"d":"1,380"},{"v":2150,"d":"2,150"},200,{"v":2840,"d":"2,840"},{"v":3030,"d":"3,030"},{"v":6060,"d":"6,060"},180,{"v":2230,"d":"2,230"},{"v":3490,"d":"3,490"},{"v":5900,"d":"5,900"},10,750,{"v":3260,"d":"3,260"},{"v":4020,"d":"4,020"},190,{"v":2980,"d":"2,980"},{"v":6750,"d":"6,750"},{"v":9930,"d":"9,930"},190,{"v":3160,"d":"3,160"},{"v":2600,"d":"2,600"},{"v":5940,"d":"5,940"},20,910,{"v":2930,"d":"2,930"},{"v":3860,"d":"3,860"},210,{"v":4070,"d":"4,070"},{"v":5520,"d":"5,520"},{"v":9800,"d":"9,800"},250,{"v":4820,"d":"4,820"},{"v":10360,"d":"10,360"},{"v":15430,"d":"15,430"},60,{"v":2240,"d":"2,240"},{"v":12050,"d":"12,050"},{"v":14350,"d":"14,350"},310,{"v":7060,"d":"7,060"},{"v":22410,"d":"22,410"},{"v":29790,"d":"29,790"},300,{"v":6510,"d":"6,510"},{"v":15280,"d":"15,280"},{"v":22080,"d":"22,080"},120,{"v":3610,"d":"3,610"},{"v":18310,"d":"18,310"},{"v":22050,"d":"22,050"},"-",40,810,850,420,{"v":10160,"d":"10,160"},{"v":34390,"d":"34,390"},{"v":44980,"d":"44,980"},360,{"v":6560,"d":"6,560"},{"v":14580,"d":"14,580"},{"v":21500,"d":"21,500"},130,{"v":4060,"d":"4,060"},{"v":19740,"d":"19,740"},{"v":23930,"d":"23,930"},"-",150,{"v":2390,"d":"2,390"},{"v":2540,"d":"2,540"},500,{"v":10770,"d":"10,770"},{"v":36710,"d":"36,710"},{"v":47980,"d":"47,980"},350,{"v":6170,"d":"6,170"},{"v":14200,"d":"14,200"},{"v":20730,"d":"20,730"},100,{"v":2840,"d":"2,840"},{"v":7630,"d":"7,630"},{"v":10560,"d":"10,560"},"-",160,{"v":1690,"d":"1,690"},{"v":1850,"d":"1,850"},450,{"v":9170,"d":"9,170"},{"v":23510,"d":"23,510"},{"v":33140,"d":"33,140"},350,{"v":5960,"d":"5,960"},{"v":15520,"d":"15,520"},{"v":21820,"d":"21,820"},120,{"v":2800,"d":"2,800"},{"v":13490,"d":"13,490"},{"v":16410,"d":"16,410"},10,380,{"v":4660,"d":"4,660"},{"v":5050,"d":"5,050"},470,{"v":9130,"d":"9,130"},{"v":33670,"d":"33,670"},{"v":43280,"d":"43,280"},290,{"v":5690,"d":"5,690"},{"v":16000,"d":"16,000"},{"v":21980,"d":"21,980"},100,{"v":2740,"d":"2,740"},{"v":13510,"d":"13,510"},{"v":16350,"d":"16,350"},10,560,{"v":7250,"d":"7,250"},{"v":7820,"d":"7,820"},400,{"v":8990,"d":"8,990"},{"v":36760,"d":"36,760"},{"v":46140,"d":"46,140"},"Management"]
["Framework - Man-Made Fibres",null,"-","-","-","-","-","-","-","-","-","-","-","-","-","-","-","-","-","-","-","-","-","-","-","-","-","-","-","-","-","-","-","-","-","-","-","-","-","-","-","-","-","-","-","-","-","-","-","-","-","-","-","-","-","-","-","-","-","-","-","-","-","-","-","-","-","-","-","-","-","-","-","-","-","-","-","-","-","-","-","-","-","-","-","-","-","-","-","-","-","-","-","-","-","-","-","-","-","-","-","-","-","-","-","-","-","-","-","-","-","-","-","-","-","-","-","-","-","-","-","-","-","-","-","-","-","-","-","-","-","-","-","-","-","-","-","-","-","-","-","-","-","-","-","-","-","-","-","-","-","-","-","-","-","-","-","-","-","-","-","-","-","-","-","-","-","-","-","-","-","-","-","-","-","-","-","-","-","-","-","-","-","-","-","-","-","-","-","-","Man-Made Fibres"]
["Framework - Marine Industry",null,10,"-","-",20,40,10,"-",40,50,10,"-",60,50,10,"-",50,70,50,"-",120,120,50,"-",170,110,20,"-",140,100,40,"-",150,220,70,"-",280,70,10,"-",70,70,30,"-",100,130,40,"-",170,50,10,"-",60,60,40,"-",100,110,50,"-",160,80,10,"-",90,50,40,"-",90,130,50,"-",180,100,30,"-",130,50,30,"-",80,150,60,"-",210,140,30,10,180,40,40,10,90,180,80,10,270,70,10,"-",80,80,50,"-",130,140,60,10,210,20,20,"-",40,"-",10,"-",10,"-","-","-","-",20,30,"-",50,20,60,80,160,10,30,"-",40,"-","-","-","-",30,90,80,200,40,50,30,110,"-","-","-","-","-","-","-","-",40,50,30,110,30,50,10,90,"-","-","-","-","-","-","-","-",30,50,10,90,20,40,50,110,"-","-","-","-","-","-","-","-",20,40,50,110,"Marine Industry"]
["Framework - Marketing and Communications",null,"-","-","-","-","-","-","-","-","-","-","-","-","-","-","-","-","-","-","-","-","-","-","-","-","-","-","-","-","-","-","-","-","-","-","-","-","-","-","-","-","-","-","-","-","-","-","-","-","-","-","-","-","-","-","-","-","-","-","-","-","-","-","-","-","-","-","-","-","-","-","-","-","-","-","-","-","-","-","-","-","-","-","-","-",10,10,"-",20,"-","-","-",10,10,10,"-",30,20,20,"-",40,10,10,10,20,20,20,10,60,70,60,10,140,50,60,10,110,"-","-","-","-",110,110,30,250,120,120,10,250,110,120,20,250,"-","-","-","-",220,240,40,500,120,130,10,260,90,140,10,230,"-","-","-","-",200,270,20,490,90,100,10,210,90,130,10,230,"-","-","-","-",180,230,30,440,100,70,10,180,160,190,20,370,"-","-","-","-",260,260,40,550,"Marketing and Communications"]
["Framework - Meat and Poultry Processing",null,110,100,"-",210,"-","-","-","-",110,100,"-",210,130,130,"-",260,"-","-","-",10,130,140,"-",260,90,70,"-",170,10,"-","-",10,100,80,"-",170,150,110,"-",260,"-",10,"-",10,150,110,"-",270,120,110,"-",230,"-",10,"-",10,120,120,"-",240,60,60,"-",120,"-","-","-","-",60,60,"-",120,"-","-","-","-","-","-","-","-","-","-","-","-","-","-","-","-","-","-","-","-","-","-","-","-","-","-","-","-","-","-","-","-","-","-","-","-","-","-","-","-","-","-","-","-","-","-","-","-","-","-","-","-","-","-","-","-","-","-","-","-","-","-","-","-","-","-","-","-","-","-","-","-","-","-","-","-","-","-","-","-","-","-","-","-","-","-","-","-","-","-","-","-","-","-","-","-","-","-","-","-","-","-","-","-","-","-","-","-","-","-","-","-","-","-","-","-","Meat and Poultry Processing"]
["Framework - MES Plumbing",null,{"v":1670,"d":"1,670"},420,"-",{"v":2090,"d":"2,090"},600,240,"-",850,{"v":2280,"d":"2,280"},660,"-",{"v":2930,"d":"2,930"},{"v":2360,"d":"2,360"},760,"-",{"v":3110,"d":"3,110"},960,560,"-",{"v":1520,"d":"1,520"},{"v":3310,"d":"3,310"},{"v":1320,"d":"1,320"},"-",{"v":4630,"d":"4,630"},{"v":2550,"d":"2,550"},970,"-",{"v":3530,"d":"3,530"},940,750,"-",{"v":1680,"d":"1,680"},{"v":3490,"d":"3,490"},{"v":1720,"d":"1,720"},"-",{"v":5210,"d":"5,210"},{"v":2040,"d":"2,040"},610,10,{"v":2660,"d":"2,660"},900,840,"-",{"v":1740,"d":"1,740"},{"v":2940,"d":"2,940"},{"v":1450,"d":"1,450"},10,{"v":4400,"d":"4,400"},{"v":2290,"d":"2,290"},700,"-",{"v":2990,"d":"2,990"},{"v":1060,"d":"1,060"},{"v":1260,"d":"1,260"},10,{"v":2330,"d":"2,330"},{"v":3350,"d":"3,350"},{"v":1960,"d":"1,960"},10,{"v":5310,"d":"5,310"},{"v":2960,"d":"2,960"},870,70,{"v":3900,"d":"3,900"},570,930,60,{"v":1560,"d":"1,560"},{"v":3530,"d":"3,530"},{"v":1800,"d":"1,800"},120,{"v":5460,"d":"5,460"},{"v":2170,"d":"2,170"},750,270,{"v":3190,"d":"3,190"},660,{"v":1020,"d":"1,020"},220,{"v":1900,"d":"1,900"},{"v":2830,"d":"2,830"},{"v":1770,"d":"1,770"},500,{"v":5090,"d":"5,090"},{"v":1960,"d":"1,960"},790,240,{"v":2980,"d":"2,980"},780,{"v":1170,"d":"1,170"},170,{"v":2120,"d":"2,120"},{"v":2740,"d":"2,740"},{"v":1950,"d":"1,950"},410,{"v":5100,"d":"5,100"},{"v":2090,"d":"2,090"},900,390,{"v":3380,"d":"3,380"},660,{"v":1070,"d":"1,070"},300,{"v":2030,"d":"2,030"},{"v":2750,"d":"2,750"},{"v":1970,"d":"1,970"},690,{"v":5410,"d":"5,410"},{"v":1980,"d":"1,980"},800,310,{"v":3100,"d":"3,100"},400,700,240,{"v":1340,"d":"1,340"},"-","-","-","-",{"v":2380,"d":"2,380"},{"v":1510,"d":"1,510"},550,{"v":4440,"d":"4,440"},{"v":1960,"d":"1,960"},880,270,{"v":3110,"d":"3,110"},400,780,220,{"v":1400,"d":"1,400"},"-","-","-","-",{"v":2360,"d":"2,360"},{"v":1660,"d":"1,660"},480,{"v":4500,"d":"4,500"},{"v":2100,"d":"2,100"},980,290,{"v":3360,"d":"3,360"},360,720,70,{"v":1150,"d":"1,150"},"-","-","-","-",{"v":2460,"d":"2,460"},{"v":1700,"d":"1,700"},350,{"v":4500,"d":"4,500"},{"v":2240,"d":"2,240"},{"v":1090,"d":"1,090"},340,{"v":3670,"d":"3,670"},390,860,170,{"v":1410,"d":"1,410"},"-","-","-","-",{"v":2630,"d":"2,630"},{"v":1950,"d":"1,950"},510,{"v":5090,"d":"5,090"},{"v":2430,"d":"2,430"},{"v":1160,"d":"1,160"},380,{"v":3970,"d":"3,970"},400,{"v":1000,"d":"1,000"},180,{"v":1580,"d":"1,580"},"-","-","-","-",{"v":2830,"d":"2,830"},{"v":2160,"d":"2,160"},570,{"v":5550,"d":"5,550"},"MES Plumbing"]
["Framework - Metal Processing and Allied Operations",null,"-","-","-","-","-","-","-","-","-","-","-","-","-","-","-","-","-","-","-","-","-","-","-","-","-","-","-","-","-","-","-","-","-","-","-","-","-","-","-","-","-","-","-","-","-","-","-","-","-","-","-","-","-","-","-","-","-","-","-","-","-","-","-","-","-","-","-","-","-","-","-","-","-","-","-","-","-","-","-","-","-","-","-","-","-","-","-","-","-","-","-","-","-","-","-","-","-","-","-","-","-","-","-","-","-","-","-","-","-","-","-","-","-","-","-","-","-","-","-","-","-","-","-","-","-","-","-","-","-","-",10,10,"-","-","-","-","-","-",10,10,"-","-","-","-","-","-","-","-","-","-","-","-","-","-","-","-","-","-","-","-",10,"-","-",10,"-","-","-","-",10,"-","-",10,"-","-","-","-","-","-","-","-","-","-","-","-","-","-","-","-","Metal Processing and Allied Operations"]
["Framework - Metals Processing",null,20,10,"-",30,30,20,"-",50,40,30,"-",70,30,20,"-",50,40,10,"-",50,70,30,"-",100,30,20,"-",50,30,20,"-",40,50,40,"-",100,10,10,"-",20,20,10,"-",20,30,10,"-",50,20,10,"-",30,20,10,"-",20,40,10,"-",50,20,"-","-",20,20,10,"-",20,30,10,"-",40,10,"-","-",10,10,10,"-",20,20,10,"-",30,"-","-","-","-",10,10,"-",20,20,10,"-",30,"-","-","-","-",20,"-","-",20,20,"-","-",20,"-","-","-","-","-","-","-","-","-","-","-","-","-","-","-","-","-","-","-","-","-","-","-","-","-","-","-","-","-","-","-","-","-","-","-","-","-","-","-","-","-","-","-","-","-","-","-","-","-","-","-","-","-","-","-","-","-","-","-","-","-","-","-","-","-","-","-","-","-","-","-","-","-","-","-","-","-","-","-","-","Metals Processing"]
["Framework - Mineral Products Technology",null,"-","-","-","-","-","-","-","-","-","-","-","-","-","-","-","-","-","-","-","-","-","-","-","-","-","-","-","-","-","-","-","-","-","-","-","-","-","-","-","-","-","-","-","-","-","-","-","-","-","-","-","-","-","-","-","-","-","-","-","-","-","-","-","-","-","-","-","-","-","-","-","-","-","-","-","-","-","-","-","-","-","-","-","-","-","-","-","-","-","-","-","-","-","-","-","-","-","-","-","-","-","-","-","-","-","-","-","-","-","-","-","-","-","-","-","-","-","-","-","-","-","-","-","-","-","-","-","-","-","-","-","-","-",10,"-",10,"-",10,"-",10,"-","-","-","-","-","-","-","-","-","-","-","-","-","-","-","-","-","-","-","-","-","-","-","-","-",30,"-",30,"-",30,"-",30,"-","-","-","-","-","-","-","-",10,20,"-",30,10,20,"-",30,"Mineral Products Technology"]
["Framework - Multi-skilled Vehicle Collision Repair",null,"-","-","-","-","-","-","-","-","-","-","-","-","-","-","-","-","-","-","-","-","-","-","-","-","-","-","-","-","-","-","-","-","-","-","-","-","-","-","-","-","-","-","-","-","-","-","-","-","-","-","-","-","-","-","-","-","-","-","-","-","-","-","-","-","-","-","-","-","-","-","-","-","-","-","-","-","-","-","-","-","-","-","-","-","-","-","-","-","-","-","-","-","-","-","-","-","-","-","-","-","-","-","-","-","-","-","-","-","-","-","-","-","-","-","-","-","-","-","-","-","-","-","-","-","-","-","-","-","-","-","-","-","-","-","-","-","-","-","-","-",40,30,"-",70,"-","-","-","-","-","-","-","-",40,30,"-",70,30,10,"-",40,"-","-","-","-","-","-","-","-",30,10,"-",40,20,10,10,40,"-","-","-","-","-","-","-","-",20,10,10,40,"Multi-skilled Vehicle Collision Repair"]
["Framework - Music Practitioner",null,"-","-","-","-","-","-","-","-","-","-","-","-","-","-","-","-","-","-","-","-","-","-","-","-","-","-","-","-","-","-","-","-","-","-","-","-","-","-","-","-","-","-","-","-","-","-","-","-","-","-","-","-","-","-","-","-","-","-","-","-","-","-","-","-","-","-","-","-","-","-","-","-","-","-","-","-",40,30,10,70,40,30,10,70,"-","-","-","-",50,30,10,100,50,30,10,100,"-","-","-","-",190,150,30,370,190,150,30,370,"-","-","-","-","-","-","-","-","-","-","-","-","-","-","-","-","-","-","-","-","-","-","-","-","-","-","-","-","-","-","-","-","-","-","-","-","-","-","-","-","-","-","-","-","-","-","-","-","-","-","-","-","-","-","-","-","-","-","-","-","-","-","-","-","-","-","-","-","-","-","-","-","-","-","-","-","-","-","-","-","Music Practitioner"]
["Framework - Nail Services",null,"-","-","-","-","-","-","-","-","-","-","-","-","-","-","-","-","-","-","-","-","-","-","-","-","-","-","-","-","-","-","-","-","-","-","-","-",20,"-","-",30,"-","-","-","-",20,"-","-",30,"-","-","-","-","-","-","-","-","-","-","-","-",10,"-","-",10,"-","-","-","-",10,"-","-",10,20,10,"-",30,"-","-","-","-",20,10,"-",30,60,10,10,90,10,10,"-",20,70,30,10,110,90,30,20,140,40,80,30,140,130,110,40,280,70,60,30,160,80,70,40,190,"-","-","-","-",150,140,70,360,40,50,30,130,60,70,40,170,"-","-","-","-",100,130,70,300,60,70,40,180,60,80,10,150,"-","-","-","-",120,160,60,330,40,80,70,180,60,70,60,190,"-","-","-","-",100,150,120,360,40,70,70,180,70,80,40,190,"-","-","-","-",110,150,110,370,"Nail Services"]
["Framework - Newspaper Industry",null,"-","-","-","-","-","-","-","-","-","-","-",10,"-","-","-","-","-","-","-","-","-","-","-",10,"-","-","-","-","-","-","-","-","-","-","-","-","-","-","-","-","-","-","-","-","-","-","-","-","-","-","-","-","-","-","-","-","-","-","-","-","-","-","-","-","-","-","-","-","-","-","-","-","-","-","-","-","-","-","-","-","-","-","-","-","-","-","-","-","-","-","-","-","-","-","-","-","-","-","-","-","-","-","-","-","-","-","-","-","-","-","-","-","-","-","-","-","-","-","-","-","-","-","-","-","-","-","-","-","-","-","-","-","-","-","-","-","-","-","-","-","-","-","-","-","-","-","-","-","-","-","-","-","-","-","-","-","-","-","-","-","-","-","-","-","-","-","-","-","-","-","-","-","-","-","-","-","-","-","-","-","-","-","-","-","-","-","-","-","Newspaper Industry"]
["Framework - Nursing Assistants in a Veterinary Environment",null,"-","-","-","-","-","-","-","-","-","-","-","-","-","-","-","-","-","-","-","-","-","-","-","-","-","-","-","-","-","-","-","-","-","-","-","-","-","-","-","-","-","-","-","-","-","-","-","-","-","-","-","-","-","-","-","-","-","-","-","-","-","-","-","-","-","-","-","-","-","-","-","-","-","-","-","-","-","-","-","-","-","-","-","-","-","-","-","-","-","-","-","-","-","-","-","-","-","-","-","-","-","-","-","-","-","-","-","-","-","-","-","-","-","-","-","-","-","-","-","-","-","-","-","-",20,20,20,60,"-","-","-","-","-","-","-","-",20,20,20,60,20,30,10,60,"-","-","-","-","-","-","-","-",20,30,10,60,20,30,30,70,"-","-","-","-","-","-","-","-",20,30,30,70,20,40,40,110,"-","-","-","-","-","-","-","-",20,40,40,110,"Nursing Assistants in a Veterinary Environment"]
["Framework - Occupational Health and Safety Practice",null,"-","-","-","-",10,50,"-",60,10,50,"-",60,"-","-","-","-","-",20,"-",20,"-",20,"-",20,"-","-","-","-","-","-","-","-","-","-","-","-","-","-","-","-","-","-","-","-","-","-","-","-","-","-","-","-","-","-","-","-","-","-","-","-","-","-","-","-","-","-","-","-","-","-","-","-","-","-","-","-","-","-","-","-","-","-","-","-","-","-","-","-","-","-","-","-","-","-","-","-","-","-","-","-","-","-","-","-","-","-","-","-","-","-","-","-","-","-","-","-","-","-","-","-","-","-","-","-","-","-","-","-","-","-","-","-","-","-","-","-","-","-","-","-","-","-","-","-","-","-","-","-","-","-","-","-","-","-","-","-","-","-","-","-","-","-","-","-","-","-","-","-","-","-","-","-","-","-","-","-","-","-","-","-","-","-","-","-","-","-","-","-","Occupational Health and Safety Practice"]
["Framework - Oil and Gas Extraction",null,70,20,"-",90,"-","-","-","-",70,20,"-",90,10,"-","-",10,"-","-","-","-",10,"-","-",20,20,"-","-",20,20,10,"-",20,30,10,"-",40,"-","-","-","-","-","-","-","-","-","-","-","-","-","-","-","-","-","-","-","-","-","-","-","-","-","-","-","-","-","-","-","-","-","-","-","-","-","-","-","-","-","-","-","-","-","-","-","-","-","-","-","-","-","-","-","-","-","-","-","-","-","-","-","-","-","-","-","-","-","-","-","-","-","-","-","-","-","-","-","-","-","-","-","-","-","-","-","-","-","-","-","-","-","-","-","-","-","-","-","-","-","-","-","-","-","-","-","-","-","-","-","-","-","-","-","-","-","-","-","-","-","-","-","-","-","-","-","-","-","-","-","-","-","-","-","-","-","-","-","-","-","-","-","-","-","-","-","-","-","-","-","-","Oil and Gas Extraction"]
["Framework - Operating Department Practice",null,"-","-","-","-","-","-","-","-","-","-","-","-","-","-","-","-","-","-","-","-","-","-","-","-","-","-","-","-","-","-","-","-","-","-","-","-","-","-","-","-","-","-","-","-","-","-","-","-","-","-","-","-","-","-","-","-","-","-","-","-","-","-","-","-","-","-","-","-","-","-","-","-","-","-","-","-","-","-","-","-","-","-","-","-","-","-","-","-","-","-","-","-","-","-","-","-","-","-","-","-","-","-","-","-","-","-","-","-","-","-","-","-","-","-","-","-","-","-","-","-","-","-","-","-","-","-","-","-","-","-","-","-","-","-","-","-","-","-","-","-","-","-","-","-","-","-","-","-","-","-","-","-","-","-","-","-","-","-","-","-","-","-","-","-","-","-","-","-","-","-","-","-","-","-","-","-","-","-","-","-","-","-","-","-","-","-","-","-","Operating Department Practice"]
["Framework - Operations and Quality Improvement",null,"-","-","-","-","-","-","-","-","-","-","-","-","-","-","-","-","-","-","-","-","-","-","-","-","-","-","-","-","-","-","-","-","-","-","-","-","-","-","-","-","-","-","-","-","-","-","-","-","-","-","-","-","-","-","-","-","-","-","-","-","-","-","-","-","-","-","-","-","-","-","-","-","-","-","-","-","-","-","-","-","-","-","-","-","-","-","-","-","-","-","-","-","-","-","-","-","-","-","-","-","-","-","-","-","-","-","-","-","-","-","-","-","-","-",120,130,"-","-","-","-","-","-",120,130,"-","-","-","-","-",40,750,790,"-","-","-","-","-",40,750,790,"-","-","-","-","-",20,120,140,"-","-","-","-","-",20,120,140,"-","-","-","-","-",30,400,440,"-","-","-","-","-",30,400,440,"-","-","-","-",10,60,530,590,"-","-","-","-",10,60,530,590,"Operations and Quality Improvement"]
["Framework - Optical",null,"-","-","-","-","-","-","-","-","-","-","-","-","-","-","-","-","-","-","-","-","-","-","-","-","-","-","-","-","-","-","-","-","-","-","-","-","-","-","-","-","-","-","-","-","-","-","-","-","-","-","-","-","-","-","-","-","-","-","-","-",20,70,10,100,"-",20,10,30,20,90,20,130,20,90,70,180,"-",30,40,70,20,120,110,250,20,160,100,280,"-",50,60,120,20,210,170,400,10,30,40,70,"-","-","-",10,10,30,40,80,"-","-","-","-","-","-","-","-","-","-","-","-","-","-","-","-","-","-","-","-","-","-","-","-","-","-","-","-","-","-","-","-","-","-","-","-","-","-","-","-","-","-","-","-","-","-","-","-","-","-","-","-","-","-","-","-","-","-","-","-","-","-","-","-","-","-","-","-","-","-","-","-","-","-","-","-","-","-","-","-","Optical"]
["Framework - Optical Advisor",null,"-","-","-","-","-","-","-","-","-","-","-","-",30,90,"-",120,"-",30,"-",30,30,120,"-",150,40,70,"-",110,"-",30,"-",30,40,100,"-",140,40,100,"-",130,"-",40,"-",50,40,140,"-",180,30,90,"-",110,"-",50,"-",50,30,130,"-",160,"-","-","-","-","-","-","-","-","-","-","-","-","-","-","-","-","-","-","-","-","-","-","-","-","-","-","-","-","-","-","-","-","-","-","-","-","-","-","-","-","-","-","-","-","-","-","-","-","-","-","-","-","-","-","-","-","-","-","-","-","-","-","-","-","-","-","-","-","-","-","-","-","-","-","-","-","-","-","-","-","-","-","-","-","-","-","-","-","-","-","-","-","-","-","-","-","-","-","-","-","-","-","-","-","-","-","-","-","-","-","-","-","-","-","-","-","-","-","-","-","-","-","-","-","-","-","-","-","Optical Advisor"]
["Framework - Paper Manufacture",null,"-","-","-","-","-","-","-","-","-","-","-","-","-","-","-","-","-","-","-","-","-","-","-","-","-","-","-","-","-","-","-","-","-","-","-","-","-","-","-","-","-","-","-","-","-","-","-","-","-","-","-","-","-","-","-","-","-","-","-","-","-","-","-","-","-","-","-","-","-","-","-","-","-","-","-","-","-","-","-","-","-","-","-","-","-","-","-","-","-","-","-","-","-","-","-","-","-","-","-","-","-","-","-","-","-","-","-","-","-","-","-","-","-","-","-","-","-","-","-","-","-","-","-","-","-","-","-",10,"-","-","-","-","-","-","-","-","-",10,"-",10,10,"-","-",10,"-","-","-","-","-","-","-","-",10,"-","-",10,"-","-","-","-","-","-","-","-","-","-","-","-","-","-","-","-","-","-","-","-","-","-","-","-","-","-","-","-","-","-","-","-","Paper Manufacture"]
["Framework - Payroll",null,"-","-","-","-","-","-","-","-","-","-","-","-","-",10,"-",10,"-","-","-","-","-",10,"-",10,"-","-","-","-","-","-","-","-","-",10,"-",10,"-","-","-",10,"-",10,"-",10,"-",10,"-",10,10,"-","-",10,"-","-","-","-",10,10,"-",10,"-",10,"-",10,"-","-","-","-","-",10,"-",10,"-",10,20,40,"-","-",10,20,"-",20,40,60,"-",20,40,60,"-","-","-",10,"-",20,40,70,"-",10,30,50,"-","-",10,10,"-",20,40,60,"-",10,20,30,"-","-",10,10,"-","-","-","-","-",10,30,50,10,10,20,40,"-","-",10,10,"-","-","-","-",10,10,20,40,20,30,10,60,"-","-","-","-","-","-","-","-",20,30,10,60,10,20,10,40,"-","-","-","-","-","-","-","-",10,20,10,40,20,20,"-",40,20,10,"-",30,"-","-","-","-",40,30,10,70,"Payroll"]
["Framework - Personnel",null,"-","-","-",10,"-","-","-","-","-","-","-",10,"-","-","-","-","-","-","-","-","-","-","-","-","-","-","-","-","-","-","-","-","-","-","-","-","-","-","-","-","-","-","-","-","-","-","-","-","-","-","-","-","-","-","-","-","-","-","-","-","-","-","-","-","-","-","-","-","-","-","-","-","-","-","-","-","-","-","-","-","-","-","-","-","-","-","-","-","-","-","-","-","-","-","-","-","-","-","-","-","-","-","-","-","-","-","-","-","-","-","-","-","-","-","-","-","-","-","-","-","-","-","-","-","-","-","-","-","-","-","-","-","-","-","-","-","-","-","-","-","-","-","-","-","-","-","-","-","-","-","-","-","-","-","-","-","-","-","-","-","-","-","-","-","-","-","-","-","-","-","-","-","-","-","-","-","-","-","-","-","-","-","-","-","-","-","-","-","Personnel"]
["Framework - Pharmacy Technicians",null,"-","-","-","-","-","-","-",10,"-","-","-",10,"-","-","-","-","-","-","-","-","-","-","-","-",10,10,"-",20,20,10,60,90,20,30,60,110,20,20,"-",40,10,10,20,50,30,30,20,80,10,20,"-",20,20,20,"-",40,20,40,"-",60,10,30,"-",40,20,30,"-",50,30,60,"-",90,20,60,30,110,20,90,120,240,40,150,160,340,"-",10,10,20,30,100,90,230,30,110,110,250,20,60,140,230,40,190,340,580,60,260,490,810,"-","-",20,30,10,20,20,50,"-","-","-","-",20,20,40,80,"-","-","-",10,"-","-",10,10,"-","-","-","-","-",10,10,20,"-","-","-","-","-","-",10,10,"-","-","-","-","-","-",10,10,"-","-","-","-","-","-","-","-","-","-","-","-","-","-","-","-","-","-","-","-","-","-","-","-","-","-","-","-","-","-","-","-","Pharmacy Technicians"]
["Framework - Photo Imaging",null,"-","-","-","-",10,10,"-",20,10,10,"-",20,"-","-","-","-","-",10,"-",10,"-",10,"-",20,"-","-","-","-","-",10,"-",10,"-",10,"-",10,"-","-","-","-","-","-","-","-","-","-","-","-","-","-","-","-","-","-","-","-","-","-","-","-","-","-","-","-","-","-","-","-","-","-","-","-","-","-","-","-","-","-","-","-","-","-","-","-","-","-","-","-","-","-","-","-","-","-","-","-","-","-","-","-","-","-","-","-","-","-","-","-","-","-","-","-","-","-","-","-","-","-","-","-","-","-","-","-","-","-","-","-","-","-","-","-","-","-","-","-","-","-","-","-","-","-","-","-","-","-","-","-","-","-","-","-","-","-","-","-","-","-","-","-","-","-","-","-","-","-","-","-","-","-","-","-","-","-","-","-","-","-","-","-","-","-","-","-","-","-","-","-","Photo Imaging"]
["Framework - Photo Imaging for Staff Photographers",null,"-","-","-","-","-","-","-","-","-","-","-","-","-","-","-","-","-","-","-","-","-","-","-","-","-","-","-","-","-","-","-","-","-","-","-","-","-","-","-","-","-","-","-","-","-","-","-","-","-","-","-","-","-","-","-","-","-","-","-","-","-","-","-","-","-","-","-","-","-","-","-","-","-","-","-","-","-",10,20,30,"-",10,20,30,"-","-","-","-","-",10,20,30,"-",10,20,30,"-","-","-","-","-","-",10,10,"-","-",10,10,"-","-","-","-","-","-",10,20,"-","-","-","-","-","-",10,20,"-","-","-","-","-","-","-",10,"-","-","-","-","-","-","-",10,"-","-","-","-",10,"-","-",10,"-","-","-","-",10,"-","-",10,"-","-","-","-",10,10,10,30,"-","-","-","-",10,10,10,30,"-","-","-","-",10,10,10,20,"-","-","-","-",10,10,10,20,"Photo Imaging for Staff Photographers"]
["Framework - Physiological Measurement Technicians (AMA only)",null,"-",10,"-",10,"-","-","-","-","-",10,"-",10,"-","-","-","-","-","-","-","-","-","-","-","-","-","-","-","-","-","-","-","-","-","-","-","-","-","-","-","-","-","-","-","-","-","-","-","-","-","-","-","-","-","-","-","-","-","-","-","-","-","-","-","-","-","-","-","-","-","-","-","-","-","-","-","-","-","-","-","-","-","-","-","-","-","-","-","-","-","-","-","-","-","-","-","-","-","-","-","-","-","-","-","-","-","-","-","-","-","-","-","-","-","-","-","-","-","-","-","-","-","-","-","-","-","-","-","-","-","-","-","-","-","-","-","-","-","-","-","-","-","-","-","-","-","-","-","-","-","-","-","-","-","-","-","-","-","-","-","-","-","-","-","-","-","-","-","-","-","-","-","-","-","-","-","-","-","-","-","-","-","-","-","-","-","-","-","-","Physiological Measurement Technicians (AMA only)"]
["Framework - Policing",null,"-","-","-","-","-","-","-","-","-","-","-","-","-","-","-","-","-","-","-","-","-","-","-","-","-","-","-","-","-","-","-","-","-","-","-","-","-","-","-","-","-","-","-","-","-","-","-","-","-","-","-","-","-","-","-","-","-","-","-","-","-","-","-","-","-","-","-","-","-","-","-","-","-","-","-","-","-","-","-","-","-","-","-","-","-","-","-","-","-","-","-","-","-","-","-","-","-","-","-","-",10,70,10,90,10,70,10,90,"-","-","-","-",30,160,40,230,"-","-","-","-",30,160,40,230,"-","-","-","-","-",140,50,190,"-","-","-","-","-",140,50,190,"-","-","-","-","-",160,20,180,"-","-","-","-","-",160,20,180,"-","-","-","-",10,160,20,190,"-","-","-","-",10,160,20,190,"-","-","-","-",10,150,80,230,"-","-","-","-",10,150,80,230,"Policing"]
["Framework - Polymer Processing and Signmaking",null,10,"-","-",10,10,"-","-",10,10,"-","-",10,30,10,"-",40,10,10,"-",10,30,20,"-",50,50,20,"-",60,"-","-","-",10,50,20,"-",70,30,10,"-",40,"-","-","-","-",30,10,"-",40,40,10,"-",40,"-","-","-","-",40,10,"-",50,40,10,"-",50,"-","-","-","-",40,10,"-",50,30,10,"-",40,"-","-","-","-",30,10,"-",40,30,20,"-",50,"-","-","-","-",30,20,"-",50,30,30,60,110,"-","-","-","-",30,30,60,110,10,"-",30,40,"-",10,"-",10,"-","-","-","-",10,10,30,40,10,10,40,50,"-",10,40,60,"-","-","-","-",10,20,80,100,10,10,20,40,"-",10,"-",10,"-","-","-","-",10,20,30,50,"-",10,20,20,10,20,10,30,"-","-","-","-",10,20,20,50,10,10,20,40,10,10,10,30,"-","-","-","-",20,20,30,70,"Polymer Processing and Signmaking"]
["Framework - Ports Industry",null,"-","-","-","-","-","-","-","-","-","-","-","-","-","-","-","-","-","-","-","-","-","-","-","-",10,20,"-",30,"-","-","-","-",10,20,"-",30,10,10,"-",20,"-","-","-","-",10,10,"-",20,"-",10,"-",10,"-","-","-","-","-",10,"-",10,"-","-","-","-","-","-","-","-","-","-","-","-","-","-","-","-","-","-","-","-","-","-","-","-","-","-","-","-","-","-","-","-","-","-","-","-","-","-","-","-","-","-","-","-","-","-","-","-","-","-","-","-","-","-","-","-","-","-","-","-","-","-","-","-","-","-","-","-","-","-","-","-","-","-","-","-","-","-","-","-","-","-","-","-","-","-","-","-","-","-","-","-","-","-","-","-","-","-","-","-","-","-","-","-","-","-","-","-","-","-","-","-","-","-","-","-","-","-","-","-","-","-","-","-","-","-","-","-","Ports Industry"]
["Framework - Power Industry",null,30,10,"-",30,110,50,"-",170,140,60,"-",200,"-","-","-",10,120,80,"-",190,120,80,"-",200,40,10,"-",50,120,60,"-",180,170,70,"-",230,10,10,"-",20,140,70,"-",210,150,80,"-",230,"-","-","-","-",90,50,"-",140,90,50,"-",150,10,10,"-",20,90,60,"-",150,90,70,"-",160,"-","-","-","-",90,100,20,210,90,110,20,210,10,10,"-",20,70,60,20,150,80,60,20,170,30,70,40,140,20,10,10,40,60,80,50,180,30,40,30,100,50,50,"-",100,"-","-","-","-",70,90,40,200,90,120,40,250,40,50,30,120,"-","-","-","-",130,170,70,370,90,90,50,230,10,20,"-",40,"-","-","-","-",100,110,50,270,20,20,10,60,20,20,10,50,"-","-","-","-",50,50,20,110,10,10,10,30,20,20,"-",40,"-","-","-","-",30,30,10,70,"Power Industry"]
["Framework - Print and Printed Packaging",null,80,40,"-",130,100,110,"-",210,180,150,"-",330,70,50,"-",120,120,190,"-",310,190,240,"-",430,80,50,"-",120,130,150,"-",280,200,200,"-",400,80,40,"-",110,110,110,"-",220,180,140,"-",330,40,20,"-",60,60,100,"-",160,100,120,"-",210,40,40,20,90,60,100,70,240,100,140,90,320,40,10,30,80,50,70,60,180,90,90,90,260,50,30,20,100,40,50,30,110,90,80,40,210,60,40,30,130,60,60,110,220,110,100,140,350,60,70,40,180,90,70,50,200,"-","-","-","-",150,140,90,380,50,50,30,130,70,60,70,210,"-","-","-","-",130,120,100,340,80,60,40,180,60,80,30,180,"-","-","-","-",140,140,70,350,70,70,10,150,50,80,30,150,"-","-","-","-",120,150,40,300,80,60,30,170,60,80,30,170,"-","-","-","-",140,140,60,330,"Print and Printed Packaging"]
["Framework - Process Technology",null,10,"-","-",10,50,20,"-",70,60,30,"-",80,20,10,"-",30,20,30,"-",50,50,40,"-",80,20,10,"-",30,30,40,"-",70,50,40,"-",90,10,10,"-",20,80,30,"-",110,90,50,"-",140,10,10,"-",10,130,40,"-",180,140,50,"-",190,20,10,"-",20,130,60,"-",200,140,70,"-",220,10,"-","-",20,130,40,"-",170,140,40,"-",180,20,10,"-",40,120,40,"-",160,140,50,"-",200,20,20,"-",40,110,40,"-",150,130,60,"-",190,20,10,10,40,90,20,10,120,"-","-","-","-",100,30,20,160,40,20,40,100,80,20,"-",100,"-","-","-","-",110,40,40,190,40,40,20,100,30,10,"-",50,"-","-","-","-",70,50,20,140,50,20,10,80,50,50,10,120,"-","-","-","-",100,70,20,200,50,20,"-",70,60,80,10,150,"-","-","-","-",110,100,10,220,"Process Technology"]
["Framework - Procurement",null,"-","-","-","-","-","-","-","-","-","-","-",10,"-","-","-","-","-","-","-","-","-","-","-","-","-","-","-","-","-","-","-","-","-","-","-","-","-","-","-","-","-","-","-","-","-","-","-","-","-","-","-","-","-","-","-","-","-","-","-","-","-","-","-","-","-","-","-","-","-","-","-","-","-","-","-","-","-","-","-","-","-","-","-","-","-","-","-","-","-","-","-","-","-","-","-","-","-","-","-","-","-","-","-","-","-","-","-","-","-","-","-","-","-","-","-","-","-","-","-","-","-","-","-","-","-","-","-","-","-","-","-","-","-","-","-","-","-","-","-","-","-","-","-","-","-","-","-","-","-","-","-","-","-","-","-","-","-","-","-","-","-",20,20,40,"-","-","-","-","-",20,20,40,"-","-","-","-",20,40,10,70,"-","-","-","-",20,40,10,70,"Procurement"]
["Framework - Production Horticulture",null,"-","-","-","-","-","-","-","-","-","-","-","-","-","-","-","-","-","-","-","-","-","-","-","-",20,10,"-",20,"-",10,"-",10,20,10,"-",30,10,"-","-",10,"-","-","-","-",10,"-","-",10,10,10,"-",20,"-","-","-","-",10,10,"-",20,10,"-","-",10,"-","-","-","-",10,10,"-",10,10,"-",10,20,"-","-","-","-",10,"-",10,20,"-","-","-","-","-","-","-","-","-","-","-","-","-","-","-","-","-","-","-","-","-","-","-","-","-","-","-","-","-","-","-","-","-","-","-","-","-","-","-","-","-","-","-","-","-","-","-","-","-","-","-","-","-","-","-","-","-","-","-","-","-","-","-","-","-","-","-","-","-","-","-","-","-","-","-","-","-","-","-","-","-","-","-","-","-","-","-","-","-","-","-","-","-","-","-","-","-","-","-","-","-","-","-","-","Production Horticulture"]
["Framework - Professional Services",null,"-","-","-","-","-","-","-","-","-","-","-","-","-","-","-","-","-","-","-","-","-","-","-","-","-","-","-","-","-","-","-","-","-","-","-","-","-","-","-","-","-","-","-","-","-","-","-","-","-","-","-","-","-","-","-","-","-","-","-","-","-","-","-","-","-","-","-","-","-","-","-","-","-","-","-","-","-","-","-","-","-","-","-","-","-","-","-","-","-","-","-","-","-","-","-","-","-","-","-","-","-","-","-","-","-","-","-","-","-","-","-","-","-","-","-","-","-","-","-","-","-","-","-","-","-","-","-","-","-","-","-","-",50,60,10,110,50,60,10,110,"-","-","-","-","-","-","-","-",140,150,10,290,140,150,10,290,"-","-","-","-","-","-","-","-",140,180,"-",320,140,180,"-",320,"-","-","-","-","-","-","-","-",200,150,20,370,200,150,20,370,"Professional Services"]
["Framework - Project Management",null,"-","-","-","-","-","-","-","-","-","-","-","-","-","-","-","-","-","-","-","-","-","-","-","-","-","-","-","-","-","-","-","-","-","-","-","-","-","-","-","-","-","-","-","-","-","-","-","-","-","-","-","-","-","-","-","-","-","-","-","-","-","-","-","-","-","-","-","-","-","-","-","-","-","-","-","-","-","-","-","-","-","-","-","-","-","-","-","-","-","-","-","-","-","-","-","-","-","-","-","-","-","-","-","-","-","-","-","-","-","-","-","-","-","-","-","-","-","-","-","-","-","-","-","-","-","-","-","-","-","-","-","-",30,30,10,70,30,30,10,70,"-","-","-","-","-","-","-","-",60,100,10,160,60,100,10,160,"-","-","-","-","-","-","-","-",60,140,170,370,60,140,170,370,"-","-","-","-","-","-","-","-",100,150,40,290,100,150,40,290,"Project Management"]
["Framework - Property Services",null,40,30,"-",70,10,50,"-",60,50,80,"-",130,50,70,"-",120,40,170,"-",210,80,240,"-",320,60,80,"-",140,10,80,"-",90,70,170,"-",230,70,90,"-",160,20,100,"-",120,90,190,"-",280,50,80,"-",130,10,100,"-",110,60,180,"-",240,80,160,30,260,30,210,110,350,100,370,140,610,10,30,40,80,"-",80,150,230,20,110,180,310,30,30,20,80,10,50,60,110,40,80,80,200,40,70,70,170,100,110,60,270,140,170,130,440,70,80,110,260,40,100,50,190,"-","-","-","-",110,180,160,450,150,160,140,450,20,120,270,410,"-","-","-","-",170,280,410,850,210,290,40,540,20,170,190,390,"-","-","-","-",240,460,240,930,300,240,60,600,30,200,220,440,"-","-","-","-",330,430,280,{"v":1040,"d":"1,040"},560,300,140,990,60,320,480,860,"-","-","-","-",610,620,620,{"v":1850,"d":"1,850"},"Property Services"]
["Framework - Providing Financial Advice",null,"-","-","-","-","-","-","-","-","-","-","-","-","-","-","-","-","-","-","-","-","-","-","-","-","-","-","-","-","-","-","-","-","-","-","-","-","-","-","-","-","-","-","-","-","-","-","-","-","-","-","-","-","-","-","-","-","-","-","-","-","-","-","-","-","-","-","-","-","-","-","-","-","-","-","-","-","-","-","-","-","-","-","-","-","-","-","-","-","-","-","-","-","-","-","-","-","-","-","-","-","-","-","-","-","-","-","-","-","-","-","-","-","-","-","-","-","-","-","-","-","-","-","-","-","-","-","-","-","-","-","-","-","-","-","-",10,"-","-","-",10,"-","-","-","-","-","-","-","-","-","-","-","-","-","-","-","-","-","-","-","-","-","-","-","-","-","-","-","-","-","-","-","-","-","-","-","-","-","-","-","-","-","-","-","-","-","-","-","-","Providing Financial Advice"]
["Framework - Providing Financial Services",null,"-","-","-","-","-","-","-","-","-","-","-","-","-","-","-","-","-","-","-","-","-","-","-","-","-","-","-","-","-","-","-","-","-","-","-","-","-","-","-","-","-","-","-","-","-","-","-","-",40,100,"-",130,20,70,"-",90,60,160,"-",220,60,260,110,420,20,110,20,140,80,360,120,560,40,240,200,480,10,180,280,480,50,420,490,950,40,300,140,480,20,250,230,490,60,550,370,970,50,110,100,260,30,230,270,520,70,340,370,780,180,190,110,470,40,340,410,780,"-","-","-","-",220,530,510,{"v":1260,"d":"1,260"},280,660,300,{"v":1230,"d":"1,230"},100,530,930,{"v":1560,"d":"1,560"},"-","-","-","-",370,{"v":1190,"d":"1,190"},{"v":1230,"d":"1,230"},{"v":2790,"d":"2,790"},330,890,490,{"v":1710,"d":"1,710"},170,670,310,{"v":1150,"d":"1,150"},"-","-","-","-",500,{"v":1560,"d":"1,560"},800,{"v":2860,"d":"2,860"},500,780,500,{"v":1780,"d":"1,780"},320,780,600,{"v":1700,"d":"1,700"},"-","-","-","-",810,{"v":1560,"d":"1,560"},{"v":1100,"d":"1,100"},{"v":3480,"d":"3,480"},430,580,490,{"v":1500,"d":"1,500"},390,840,950,{"v":2170,"d":"2,170"},"-","-","-","-",810,{"v":1420,"d":"1,420"},{"v":1440,"d":"1,440"},{"v":3670,"d":"3,670"},"Providing Financial Services"]
["Framework - Providing Financial Services (Banks and Building Societies)",null,"-","-","-","-",10,10,"-",20,10,10,"-",20,"-","-","-","-","-",20,"-",20,"-",20,"-",20,"-","-","-","-","-","-","-","-","-","-","-","-","-","-","-","-","-","-","-","-","-","-","-","-","-","-","-","-","-","-","-","-","-","-","-","-","-","-","-","-","-","-","-","-","-","-","-","-","-","-","-","-","-","-","-","-","-","-","-","-","-","-","-","-","-","-","-","-","-","-","-","-","-","-","-","-","-","-","-","-","-","-","-","-","-","-","-","-","-","-","-","-","-","-","-","-","-","-","-","-","-","-","-","-","-","-","-","-","-","-","-","-","-","-","-","-","-","-","-","-","-","-","-","-","-","-","-","-","-","-","-","-","-","-","-","-","-","-","-","-","-","-","-","-","-","-","-","-","-","-","-","-","-","-","-","-","-","-","-","-","-","-","-","-","Providing Financial Services (Banks and Building Societies)"]
["Framework - Providing Mortgage Advice",null,"-","-","-","-","-","-","-","-","-","-","-","-","-","-","-","-","-","-","-","-","-","-","-","-","-","-","-","-","-","-","-","-","-","-","-","-","-","-","-","-","-","-","-","-","-","-","-","-","-","-","-","-","-","-","-","-","-","-","-","-","-","-","-","-","-","-","-","-","-","-","-","-","-","-","-","-","-","-","-","-","-","-","-","-","-","-","-","-","-","-","-","-","-","-","-","-","-","-","-","-","-","-","-","-","-","-","-","-","-","-","-","-","-","-","-","-","-","-","-","-","-","-","-","-","-","-","-","-","-","-","-","-","-","-","-","-","-","-","-","-","-","-","-","-","-","-","-","-","-","-","-","-","-","-","-","-","-","-","-","-","-","-","-","-","-","-","-","-","-","-","-","-","-","-","-","-","-","-","-","-","-","-","-","-","-","-","-","-","Providing Mortgage Advice"]
["Framework - Providing Security Services",null,"-","-","-","-","-","-","-","-","-","-","-","-","-","-","-","-","-","-","-","-","-","-","-","-","-","-","-","-","-","-","-","-","-","-","-","-","-","-","-","-","-","-","-","-","-","-","-","-","-","-","-","-","-","-","-","-","-","-","-","-","-","-","-","-","-","-","-","-","-","-","-","-","-",10,"-",10,"-","-","-","-","-",10,"-",10,300,920,240,{"v":1450,"d":"1,450"},"-","-","-","-",300,920,240,{"v":1450,"d":"1,450"},720,{"v":1270,"d":"1,270"},{"v":1360,"d":"1,360"},{"v":3350,"d":"3,350"},"-","-","-","-",720,{"v":1270,"d":"1,270"},{"v":1360,"d":"1,360"},{"v":3350,"d":"3,350"},690,790,{"v":1400,"d":"1,400"},{"v":2870,"d":"2,870"},10,40,"-",40,"-","-","-","-",690,820,{"v":1400,"d":"1,400"},{"v":2910,"d":"2,910"},250,930,{"v":1880,"d":"1,880"},{"v":3050,"d":"3,050"},20,50,90,150,"-","-","-","-",270,980,{"v":1960,"d":"1,960"},{"v":3210,"d":"3,210"},140,640,{"v":1070,"d":"1,070"},{"v":1850,"d":"1,850"},"-",10,"-",10,"-","-","-","-",150,650,{"v":1070,"d":"1,070"},{"v":1860,"d":"1,860"},190,480,{"v":1030,"d":"1,030"},{"v":1700,"d":"1,700"},10,30,10,60,"-","-","-","-",200,510,{"v":1050,"d":"1,050"},{"v":1750,"d":"1,750"},210,320,750,{"v":1280,"d":"1,280"},10,40,"-",50,"-","-","-","-",220,350,750,{"v":1330,"d":"1,330"},"Providing Security Services"]
["Framework - Public Relations",null,"-","-","-","-","-","-","-","-","-","-","-","-","-","-","-","-","-","-","-","-","-","-","-","-","-","-","-","-","-","-","-","-","-","-","-","-","-","-","-","-","-","-","-","-","-","-","-","-","-","-","-","-","-","-","-","-","-","-","-","-","-","-","-","-","-","-","-","-","-","-","-","-","-","-","-","-","-","-","-","-","-","-","-","-","-","-","-","-","-","-","-","-","-","-","-","-","-","-","-","-","-","-","-","-","-","-","-","-","-","-","-","-","-","-","-","-","-","-","-","-","-","-","-","-","-","-","-","-","-","-","-","-",30,50,"-",80,30,50,"-",80,"-","-","-","-","-","-","-","-",10,20,"-",30,10,20,"-",30,"-","-","-","-","-","-","-","-",20,20,"-",40,20,20,"-",40,"-","-","-","-","-","-","-","-",10,20,"-",30,10,20,"-",30,"Public Relations"]
["Framework - Public Services",null,"-","-","-","-","-","-","-","-","-","-","-","-","-","-","-","-","-","-","-","-","-","-","-","-",250,90,"-",330,"-","-","-","-",250,90,"-",330,220,70,"-",290,"-","-","-","-",220,70,"-",290,490,400,"-",890,"-","-","-","-",490,410,"-",890,590,690,20,{"v":1300,"d":"1,300"},"-","-","-","-",590,690,20,{"v":1300,"d":"1,300"},610,990,160,{"v":1760,"d":"1,760"},"-","-","-","-",610,990,160,{"v":1760,"d":"1,760"},440,950,200,{"v":1590,"d":"1,590"},"-","-","-","-",440,950,200,{"v":1590,"d":"1,590"},260,700,150,{"v":1110,"d":"1,110"},"-","-","-","-",260,700,150,{"v":1110,"d":"1,110"},800,{"v":2120,"d":"2,120"},440,{"v":3360,"d":"3,360"},"-","-","-","-","-","-","-","-",800,{"v":2120,"d":"2,120"},440,{"v":3360,"d":"3,360"},{"v":1170,"d":"1,170"},{"v":2460,"d":"2,460"},580,{"v":4220,"d":"4,220"},"-","-","-","-","-","-","-","-",{"v":1170,"d":"1,170"},{"v":2460,"d":"2,460"},580,{"v":4220,"d":"4,220"},{"v":1320,"d":"1,320"},{"v":2520,"d":"2,520"},640,{"v":4470,"d":"4,470"},"-","-","-","-","-","-","-","-",{"v":1320,"d":"1,320"},{"v":2520,"d":"2,520"},640,{"v":4470,"d":"4,470"},{"v":1970,"d":"1,970"},{"v":3940,"d":"3,940"},{"v":1080,"d":"1,080"},{"v":7000,"d":"7,000"},"-","-","-","-","-","-","-","-",{"v":1970,"d":"1,970"},{"v":3940,"d":"3,940"},{"v":1080,"d":"1,080"},{"v":7000,"d":"7,000"},{"v":1960,"d":"1,960"},{"v":2710,"d":"2,710"},670,{"v":5330,"d":"5,330"},"-","-","-","-","-","-","-","-",{"v":1960,"d":"1,960"},{"v":2710,"d":"2,710"},670,{"v":5330,"d":"5,330"},"Public Services"]
["Framework - Purchasing and Supply Management",null,"-","-","-","-","-","-","-","-","-","-","-","-","-","-","-","-","-","-","-","-","-","-","-","-","-","-","-","-","-","-","-","-","-","-","-","-","-","-","-","-","-","-","-","-","-","-","-","-","-","-","-","-","-","-","-","-","-","-","-","-","-","-","-","-","-","-","-","-","-","-","-","-","-","-","-","-","-","-","-","-","-","-","-","-","-",50,210,260,"-","-","-","-","-",50,210,260,10,120,170,300,"-","-",10,10,10,120,180,310,10,30,140,180,"-","-","-",10,"-","-","-","-",10,30,150,180,"-","-","-",10,"-","-","-","-","-","-","-","-","-","-",10,10,"-","-","-","-","-","-","-","-","-","-","-","-","-","-","-","-","-","-","-","-","-","-","-","-","-","-","-","-","-","-","-","-","-","-","-","-","-","-","-","-","-","-","-","-","-","-","-","-","Purchasing and Supply Management"]
["Framework - QA Games Testing",null,"-","-","-","-","-","-","-","-","-","-","-","-","-","-","-","-","-","-","-","-","-","-","-","-","-","-","-","-","-","-","-","-","-","-","-","-","-","-","-","-","-","-","-","-","-","-","-","-","-","-","-","-","-","-","-","-","-","-","-","-","-",10,"-",10,"-","-","-","-","-",10,"-",10,"-","-","-","-","-","-","-","-","-","-","-","-","-","-","-","-","-","-","-","-","-","-","-","-","-","-","-","-","-","-","-","-","-","-","-","-","-","-","-","-","-","-","-","-","-","-","-","-","-","-","-","-","-","-","-","-","-","-","-","-","-","-","-","-","-","-","-","-","-","-","-","-","-","-","-","-","-","-","-","-","-","-","-","-","-","-","-","-","-","-","-","-","-","-","-","-","-","-","-","-","-","-","-","-","-","-","-","-","-","-","-","-","-","-","-","-","QA Games Testing"]
["Framework - Rail Engineering Overhead Line Construction",null,"-","-","-","-","-","-","-","-","-","-","-","-","-","-","-","-","-","-","-","-","-","-","-","-","-","-","-","-","-","-","-","-","-","-","-","-","-","-","-","-","-","-","-","-","-","-","-","-","-","-","-","-","-","-","-","-","-","-","-","-","-","-","-","-","-","-","-","-","-","-","-","-","-","-","-","-","-","-","-","-","-","-","-","-","-","-","-","-","-","-","-","-","-","-","-","-","-","-","-","-","-","-","-","-","-","-","-","-","-","-","-","-","-","-","-","-","-","-","-","-","-","-","-","-","-","-","-","-","-","-","-","-","-","-","-","-","-","-","-","-","-","-","-","-","-","-","-","-","-","-","-","-","-","-","-","-",10,10,"-",20,"-","-","-","-","-","-","-","-",10,10,"-",20,"-","-","-","-","-","-","-","-","-","-","-","-","-","-","-","-","Rail Engineering Overhead Line Construction"]
["Framework - Rail Infrastructure Engineering",null,"-","-","-","-","-","-","-","-","-","-","-","-","-","-","-","-","-","-","-","-","-","-","-","-","-","-","-","-","-","-","-","-","-","-","-","-","-","-","-","-","-","-","-","-","-","-","-","-","-","-","-","-","-","-","-","-","-","-","-","-","-","-","-","-","-","-","-","-","-","-","-","-","-","-","-","-","-","-","-","-","-","-","-","-","-","-","-","-","-","-","-","-","-","-","-","-","-","-","-","-","-","-","-","-","-","-","-","-","-","-","-","-",180,200,50,420,"-","-","-","-",180,200,50,420,"-","-","-","-",300,200,30,520,"-","-","-","-",300,200,30,520,240,120,"-",370,200,190,30,410,"-","-","-","-",440,310,30,780,200,150,70,420,170,420,60,650,"-","-","-","-",370,570,140,{"v":1070,"d":"1,070"},510,250,40,800,110,110,20,230,"-","-","-","-",620,360,50,{"v":1030,"d":"1,030"},"Rail Infrastructure Engineering"]
["Framework - Rail Services",null,"-","-","-","-","-","-","-","-","-","-","-","-",10,"-","-",10,"-","-","-","-",10,"-","-",10,10,"-","-",10,"-","-","-","-",10,"-","-",10,10,"-","-",10,"-","-","-","-",10,"-","-",10,10,"-","-",10,"-","-","-","-",10,"-","-",10,30,20,70,110,"-","-","-","-",30,20,70,110,10,20,40,70,"-","-","-","-",10,20,40,70,20,"-","-",20,"-","-","-","-",20,"-","-",20,10,10,10,20,"-","-","-","-",10,10,10,20,10,120,550,680,"-","-",30,30,"-","-","-","-",10,130,570,710,10,40,200,250,"-","-",20,20,"-","-","-","-",10,40,220,270,20,70,260,340,"-","-","-","-","-","-","-","-",20,70,260,340,10,50,210,270,"-","-","-","-","-","-","-","-",10,50,210,270,20,30,180,220,"-","-","-","-","-","-","-","-",20,30,180,220,"Rail Services"]
["Framework - Rail Traction and Rolling Stock Engineering",null,"-","-","-","-","-","-","-","-","-","-","-","-","-","-","-","-","-","-","-","-","-","-","-","-","-","-","-","-","-","-","-","-","-","-","-","-","-","-","-","-","-","-","-","-","-","-","-","-","-","-","-","-","-","-","-","-","-","-","-","-","-","-","-","-","-","-","-","-","-","-","-","-","-","-","-","-","-","-","-","-","-","-","-","-","-","-","-","-","-","-","-","-","-","-","-","-","-","-","-","-","-","-","-","-","-","-","-","-","-","-","-","-",10,10,"-",20,"-","-","-","-",10,10,"-",20,"-","-","-","-",10,20,"-",30,"-","-","-","-",10,20,"-",30,"-","-","-","-",10,10,"-",20,"-","-","-","-",10,10,"-",20,"-","-",10,10,10,"-","-",10,"-","-","-","-",10,"-",10,20,"-","-","-","-",40,40,10,90,"-","-","-","-",40,40,10,90,"Rail Traction and Rolling Stock Engineering"]
["Framework - Rail Transport Engineering",null,10,"-","-",10,30,30,"-",60,40,30,"-",70,20,10,"-",40,40,30,"-",70,60,50,"-",110,20,50,"-",60,50,30,"-",80,70,70,"-",140,50,100,"-",150,190,90,"-",270,230,190,"-",430,50,70,"-",120,30,10,"-",40,80,80,"-",160,110,130,50,290,30,20,"-",50,130,150,60,340,370,280,260,910,20,20,10,40,390,300,260,950,700,120,20,830,10,10,"-",20,710,130,20,850,{"v":1920,"d":"1,920"},340,50,{"v":2310,"d":"2,310"},10,10,40,60,{"v":1930,"d":"1,930"},360,90,{"v":2370,"d":"2,370"},{"v":1560,"d":"1,560"},570,240,{"v":2360,"d":"2,360"},"-","-","-",10,"-","-","-","-",{"v":1560,"d":"1,560"},570,240,{"v":2370,"d":"2,370"},440,610,260,{"v":1300,"d":"1,300"},"-","-","-","-","-","-","-","-",440,610,260,{"v":1300,"d":"1,300"},700,580,230,{"v":1510,"d":"1,510"},"-","-","-","-","-","-","-","-",700,580,230,{"v":1510,"d":"1,510"},670,450,150,{"v":1280,"d":"1,280"},"-","-","-","-","-","-","-","-",670,450,150,{"v":1280,"d":"1,280"},330,240,160,720,"-","-","-","-","-","-","-","-",330,240,160,720,"Rail Transport Engineering"]
["Framework - Recruitment",null,"-","-","-","-","-","-","-","-","-","-","-","-","-","-","-","-","-","-","-","-","-","-","-","-","-","-","-","-","-","-","-","-","-","-","-","-","-","-","-","-","-","-","-","-","-","-","-","-","-","-","-","-","-","-","-","-","-","-","-","-","-","-","-","-","-","-","-","-","-","-","-","-","-","-","-","-","-","-","-","-","-","-","-","-","-","-","-","-","-","-","-","-","-","-","-","-","-","-","-","-","-","-","-","-","-","-","-","-","-","-","-","-","-","-","-","-","-","-","-","-","-","-","-","-","-","-","-","-",10,70,110,200,"-","-","-","-",10,70,120,200,"-","-","-",10,30,80,30,150,"-","-","-","-",40,90,30,150,140,180,140,470,40,180,210,430,"-","-","-","-",180,360,360,900,210,200,130,540,40,210,290,530,"-","-",20,20,250,410,440,{"v":1100,"d":"1,100"},"Recruitment"]
["Framework - Retail",null,{"v":6300,"d":"6,300"},{"v":5350,"d":"5,350"},"-",{"v":11650,"d":"11,650"},220,{"v":1330,"d":"1,330"},"-",{"v":1550,"d":"1,550"},{"v":6520,"d":"6,520"},{"v":6680,"d":"6,680"},"-",{"v":13200,"d":"13,200"},{"v":5590,"d":"5,590"},{"v":5250,"d":"5,250"},"-",{"v":10840,"d":"10,840"},160,{"v":1180,"d":"1,180"},"-",{"v":1330,"d":"1,330"},{"v":5750,"d":"5,750"},{"v":6420,"d":"6,420"},"-",{"v":12170,"d":"12,170"},{"v":4380,"d":"4,380"},{"v":3660,"d":"3,660"},"-",{"v":8040,"d":"8,040"},110,810,"-",920,{"v":4480,"d":"4,480"},{"v":4470,"d":"4,470"},"-",{"v":8950,"d":"8,950"},{"v":3450,"d":"3,450"},{"v":3260,"d":"3,260"},"-",{"v":6710,"d":"6,710"},80,550,"-",630,{"v":3530,"d":"3,530"},{"v":3810,"d":"3,810"},"-",{"v":7340,"d":"7,340"},{"v":3250,"d":"3,250"},{"v":3780,"d":"3,780"},10,{"v":7040,"d":"7,040"},110,990,"-",{"v":1100,"d":"1,100"},{"v":3360,"d":"3,360"},{"v":4770,"d":"4,770"},20,{"v":8140,"d":"8,140"},{"v":3570,"d":"3,570"},{"v":5120,"d":"5,120"},{"v":1030,"d":"1,030"},{"v":9720,"d":"9,720"},110,{"v":1240,"d":"1,240"},770,{"v":2120,"d":"2,120"},{"v":3690,"d":"3,690"},{"v":6360,"d":"6,360"},{"v":1800,"d":"1,800"},{"v":11840,"d":"11,840"},{"v":2740,"d":"2,740"},{"v":3930,"d":"3,930"},{"v":2330,"d":"2,330"},{"v":9000,"d":"9,000"},90,890,960,{"v":1940,"d":"1,940"},{"v":2830,"d":"2,830"},{"v":4820,"d":"4,820"},{"v":3290,"d":"3,290"},{"v":10940,"d":"10,940"},{"v":3520,"d":"3,520"},{"v":9850,"d":"9,850"},{"v":1650,"d":"1,650"},{"v":15020,"d":"15,020"},110,{"v":1060,"d":"1,060"},730,{"v":1900,"d":"1,900"},{"v":3630,"d":"3,630"},{"v":10920,"d":"10,920"},{"v":2370,"d":"2,370"},{"v":16910,"d":"16,910"},{"v":3170,"d":"3,170"},{"v":10950,"d":"10,950"},{"v":23810,"d":"23,810"},{"v":37930,"d":"37,930"},140,{"v":1600,"d":"1,600"},{"v":1740,"d":"1,740"},{"v":3470,"d":"3,470"},{"v":3310,"d":"3,310"},{"v":12550,"d":"12,550"},{"v":25550,"d":"25,550"},{"v":41410,"d":"41,410"},{"v":4050,"d":"4,050"},{"v":9660,"d":"9,660"},{"v":11020,"d":"11,020"},{"v":24730,"d":"24,730"},120,{"v":2380,"d":"2,380"},{"v":4010,"d":"4,010"},{"v":6510,"d":"6,510"},"-","-","-","-",{"v":4170,"d":"4,170"},{"v":12050,"d":"12,050"},{"v":15030,"d":"15,030"},{"v":31240,"d":"31,240"},{"v":3110,"d":"3,110"},{"v":7730,"d":"7,730"},{"v":6800,"d":"6,800"},{"v":17640,"d":"17,640"},180,{"v":3010,"d":"3,010"},{"v":4300,"d":"4,300"},{"v":7490,"d":"7,490"},"-","-","-","-",{"v":3300,"d":"3,300"},{"v":10740,"d":"10,740"},{"v":11090,"d":"11,090"},{"v":25130,"d":"25,130"},{"v":2690,"d":"2,690"},{"v":5760,"d":"5,760"},{"v":4830,"d":"4,830"},{"v":13270,"d":"13,270"},170,{"v":1520,"d":"1,520"},{"v":1590,"d":"1,590"},{"v":3290,"d":"3,290"},"-","-","-","-",{"v":2850,"d":"2,850"},{"v":7280,"d":"7,280"},{"v":6430,"d":"6,430"},{"v":16560,"d":"16,560"},{"v":2900,"d":"2,900"},{"v":4260,"d":"4,260"},{"v":3530,"d":"3,530"},{"v":10700,"d":"10,700"},160,{"v":1330,"d":"1,330"},{"v":2100,"d":"2,100"},{"v":3590,"d":"3,590"},"-","-","-","-",{"v":3060,"d":"3,060"},{"v":5590,"d":"5,590"},{"v":5630,"d":"5,630"},{"v":14290,"d":"14,290"},{"v":2280,"d":"2,280"},{"v":3140,"d":"3,140"},{"v":2800,"d":"2,800"},{"v":8220,"d":"8,220"},160,{"v":1160,"d":"1,160"},{"v":1670,"d":"1,670"},{"v":2980,"d":"2,980"},"-","-","-","-",{"v":2440,"d":"2,440"},{"v":4300,"d":"4,300"},{"v":4470,"d":"4,470"},{"v":11210,"d":"11,210"},"Retail"]
["Framework - Retail Management",null,"-","-","-","-","-","-","-","-","-","-","-","-","-","-","-","-","-","-","-","-","-","-","-","-","-","-","-","-","-","-","-","-","-","-","-","-","-","-","-","-","-","-","-","-","-","-","-","-","-","-","-","-","-","-","-","-","-","-","-","-","-","-","-","-","-","-","-","-","-","-","-","-","-","-","-","-","-","-","-","-","-","-","-","-","-","-","-","-","-","-","-","-","-","-","-","-","-","-","-","-","-","-","-","-","-","-","-","-","-","-","-","-","-","-","-","-","-","-","-","-","-","-","-","-","-","-","-","-","-","-","-","-","-","-","-","-","-","-","-","-","-","-","-","-","-","-","-","-","-","-","-","-","-","-","-","-","-","-","-","-","-","-","-","-","-",10,20,20,"-",10,20,20,"-","-","-","-","-","-","-","-","-","-",10,10,"-","-",10,10,"Retail Management"]
["Framework - Road Passenger Transport - Bus and Coach",null,"-","-","-","-","-","-","-","-","-","-","-","-","-","-","-","-","-","-","-","-","-","-","-","-","-","-","-","-","-","-","-","-","-","-","-","-","-",20,"-",20,"-","-","-","-","-",20,"-",20,"-","-","-","-","-","-","-","-","-","-","-","-","-","-","-","-","-","-","-","-","-","-","-","-","-","-",60,70,"-","-","-","-","-","-",60,70,"-","-",40,40,"-","-","-","-","-","-",40,40,"-",110,{"v":1800,"d":"1,800"},{"v":1910,"d":"1,910"},"-","-","-","-","-",110,{"v":1800,"d":"1,800"},{"v":1910,"d":"1,910"},"-",140,{"v":2140,"d":"2,140"},{"v":2280,"d":"2,280"},"-","-","-","-","-","-","-","-","-",140,{"v":2140,"d":"2,140"},{"v":2280,"d":"2,280"},"-",190,{"v":1980,"d":"1,980"},{"v":2170,"d":"2,170"},"-","-","-","-","-","-","-","-","-",190,{"v":1980,"d":"1,980"},{"v":2170,"d":"2,170"},"-",80,690,770,"-","-","-","-","-","-","-","-","-",80,690,770,"-",150,{"v":1740,"d":"1,740"},{"v":1890,"d":"1,890"},"-","-","-","-","-","-","-","-","-",150,{"v":1740,"d":"1,740"},{"v":1890,"d":"1,890"},"-",140,{"v":1830,"d":"1,830"},{"v":1970,"d":"1,970"},"-","-","-","-","-","-","-","-","-",140,{"v":1830,"d":"1,830"},{"v":1970,"d":"1,970"},"Road Passenger Transport - Bus and Coach"]
["Framework - Roadside Assistance and Recovery",null,"-","-","-","-","-","-","-","-","-","-","-","-","-","-","-","-","-","-","-","-","-","-","-","-","-","-","-","-","-","-","-","-","-","-","-","-","-","-","-","-","-","-","-","-","-","-","-","-",100,40,"-",140,"-","-","-","-",100,40,"-",140,50,20,"-",80,"-","-","-","-",50,20,"-",80,20,60,10,100,"-","-","-","-",20,60,10,100,30,60,10,100,"-",20,10,30,30,90,20,130,10,20,10,40,"-",50,30,80,10,70,40,110,"-","-","-",10,"-",20,30,40,"-","-","-","-","-",20,30,50,"-","-","-","-","-","-","-","-","-","-","-","-","-","-","-","-","-","-","-","-","-","-","-","-","-","-","-","-","-","-","-","-","-","-","-","-","-","-","-","-","-","-","-","-","-","-","-","-","-","-","-","-","-","-","-","-","-","-","-","-","-","-","-","-","Roadside Assistance and Recovery"]
["Framework - Saddlery",null,"-","-","-","-","-","-","-","-","-","-","-","-","-","-","-",10,"-","-","-","-","-",10,"-",10,"-","-","-","-","-","-","-",10,"-","-","-",10,"-","-","-","-","-","-","-","-","-","-","-","-","-","-","-","-","-","-","-","-","-","-","-",10,"-","-","-","-","-","-","-","-","-","-","-","-","-","-","-","-","-","-","-","-","-","-","-",10,"-","-","-","-","-","-","-","-","-","-","-","-","-","-","-","-","-","-","-","-","-","-","-","-","-","-","-","-","-","-","-","-","-","-","-","-","-","-","-","-","-","-","-","-","-","-","-","-","-","-","-","-","-","-","-","-","-","-","-","-","-","-","-","-","-","-","-","-","-","-","-","-","-","-","-","-","-","-","-","-","-","-","-","-","-","-","-","-","-","-","-","-","-","-","-","-","-","-","-","-","-","-","-","-","Saddlery"]
["Framework - Sales and Telesales",null,"-","-","-","-","-","-","-","-","-","-","-","-",10,80,"-",90,"-","-","-","-",10,80,"-",90,20,60,"-",80,"-",10,"-",10,20,70,"-",80,20,110,"-",130,"-",10,"-",10,20,120,"-",140,20,140,"-",160,"-","-","-","-",30,140,"-",160,150,910,380,{"v":1430,"d":"1,430"},"-",30,30,60,150,930,410,{"v":1490,"d":"1,490"},180,{"v":1430,"d":"1,430"},780,{"v":2390,"d":"2,390"},10,170,130,300,190,{"v":1600,"d":"1,600"},910,{"v":2690,"d":"2,690"},310,930,390,{"v":1620,"d":"1,620"},20,320,280,620,330,{"v":1250,"d":"1,250"},670,{"v":2240,"d":"2,240"},470,780,520,{"v":1760,"d":"1,760"},60,80,110,260,530,860,630,{"v":2020,"d":"2,020"},340,{"v":1020,"d":"1,020"},{"v":1170,"d":"1,170"},{"v":2520,"d":"2,520"},50,590,{"v":1310,"d":"1,310"},{"v":1950,"d":"1,950"},"-","-","-","-",380,{"v":1620,"d":"1,620"},{"v":2470,"d":"2,470"},{"v":4470,"d":"4,470"},520,{"v":1480,"d":"1,480"},{"v":1050,"d":"1,050"},{"v":3060,"d":"3,060"},90,470,690,{"v":1250,"d":"1,250"},"-","-","-","-",610,{"v":1950,"d":"1,950"},{"v":1740,"d":"1,740"},{"v":4300,"d":"4,300"},710,{"v":1260,"d":"1,260"},820,{"v":2780,"d":"2,780"},160,520,920,{"v":1600,"d":"1,600"},"-","-","-","-",870,{"v":1780,"d":"1,780"},{"v":1740,"d":"1,740"},{"v":4390,"d":"4,390"},600,990,660,{"v":2260,"d":"2,260"},120,350,510,980,"-","-","-","-",720,{"v":1340,"d":"1,340"},{"v":1170,"d":"1,170"},{"v":3230,"d":"3,230"},530,590,390,{"v":1510,"d":"1,510"},90,170,170,430,"-","-","-","-",620,760,560,{"v":1950,"d":"1,950"},"Sales and Telesales"]
["Framework - Sea Fishing",null,"-","-","-","-","-",10,"-",10,"-",10,"-",10,10,10,"-",10,"-","-","-","-",10,10,"-",10,20,10,"-",20,"-","-","-","-",20,10,"-",20,20,10,"-",30,"-","-","-","-",20,10,"-",30,20,10,"-",30,"-","-","-","-",20,10,"-",30,20,10,"-",20,"-","-","-","-",20,10,"-",20,20,10,"-",20,"-","-","-","-",20,10,"-",20,20,10,"-",30,"-","-","-","-",20,10,"-",30,10,20,"-",30,"-","-","-","-",10,20,"-",30,"-","-","-",10,"-","-","-","-","-","-","-","-","-","-","-",10,"-","-","-","-","-","-","-","-","-","-","-","-","-","-","-","-","-","-","-","-","-","-","-","-","-","-","-","-","-","-","-","-","-","-","-","-","-","-","-","-","-","-","-","-","-","-","-","-","-","-","-","-","-","-","-","-","-","-","-","-","-","-","-","-","Sea Fishing"]
["Framework - Security Industry",null,90,110,"-",200,30,10,"-",40,130,120,"-",240,200,180,"-",380,50,30,"-",80,250,210,"-",460,230,430,"-",660,50,30,"-",80,280,460,"-",740,250,430,"-",680,50,70,"-",120,300,500,"-",800,230,710,"-",940,60,70,"-",140,290,780,"-",{"v":1080,"d":"1,080"},290,630,20,930,40,50,"-",90,330,680,20,{"v":1030,"d":"1,030"},100,530,50,680,20,30,20,70,120,560,70,750,"-",10,"-",10,"-",10,"-",10,"-",20,"-",20,"-","-","-","-","-","-","-","-","-","-","-","-","-","-","-","-","-","-","-","-","-","-","-","-","-","-","-","-","-","-","-","-","-","-","-","-","-","-","-","-","-","-","-","-","-","-","-","-","-","-","-","-","-","-","-","-","-","-","-","-","-","-","-","-","-","-","-","-","-","-","-","-","-","-","-","-","-","-","-","-","-","-","-","-","-","-","-","-","-","-","-","-","Security Industry"]
["Framework - Security Systems",null,"-","-","-","-","-","-","-","-","-","-","-","-","-","-","-","-","-","-","-","-","-","-","-","-","-","-","-","-","-","-","-","-","-","-","-","-","-","-","-","-","-","-","-","-","-","-","-","-","-","-","-","-","-","-","-","-","-","-","-","-","-","-","-","-","-","-","-","-","-","-","-","-",40,30,"-",80,"-","-","-","-",40,30,"-",80,60,40,"-",110,10,40,"-",50,70,80,"-",160,90,60,10,160,20,70,10,100,110,130,20,250,70,20,"-",90,"-","-","-","-","-","-","-","-",70,20,"-",90,"-","-","-","-","-","-","-","-","-","-","-","-","-","-","-","-","-","-","-","-","-","-","-","-","-","-","-","-","-","-","-","-","-","-","-","-","-","-","-","-","-","-","-","-","-","-","-","-","-","-","-","-","-","-","-","-","-","-","-","-","-","-","-","-","Security Systems"]
["Framework - Set Crafts",null,"-","-","-","-","-","-","-","-","-","-","-","-","-","-","-","-","-","-","-","-","-","-","-","-","-","-","-","-","-","-","-","-","-","-","-","-","-","-","-","-","-","-","-","-","-","-","-","-","-","-","-","-","-","-","-","-","-","-","-","-","-","-","-","-","-","-","-","-","-","-","-","-","-","-","-","-","-",10,"-",10,"-",10,"-",10,"-","-","-","-","-","-","-","-","-","-","-","-","-","-","-","-","-","-","-",10,"-","-","-",10,"-","-","-","-","-","-","-","-","-","-","-","-","-","-","-","-","-","-","-","-","-","-","-","-","-","-","-","-","-","-","-","-","-","-","-","-","-","-","-","-","-","-","-","-","-","-","-","-","-","-","-","-","-","-","-","-","-","-","-","-","-","-","-","-","-","-","-","-","-","-","-","-","-","-","-","-","-","-","-","-","Set Crafts"]
["Framework - Signmaking",null,10,"-","-",10,"-","-","-","-",10,"-","-",10,"-","-","-","-","-","-","-",10,10,"-","-",10,"-","-","-","-","-","-","-","-","-","-","-","-","-","-","-","-","-","-","-","-","-","-","-","-","-","-","-","-","-","-","-","-","-","-","-","-","-","-","-","-","-","-","-",10,10,"-","-",10,"-","-","-","-","-",10,"-",10,"-",10,"-",10,"-","-","-","-","-",10,"-",10,"-",10,"-",10,10,"-","-",10,"-",10,"-",10,10,10,"-",20,70,30,"-",100,"-",10,"-",10,"-","-","-","-",70,30,"-",110,60,30,"-",90,"-",10,"-",20,"-","-","-","-",60,40,"-",100,60,40,"-",100,10,"-","-",10,"-","-","-","-",60,40,"-",110,60,50,10,110,"-",10,"-",10,"-","-","-","-",60,50,10,120,70,50,20,140,10,10,"-",20,"-","-","-","-",80,50,20,160,"Signmaking"]
[{"$f":"\"Framework - \"&GI202","v":"Framework - Smart Meter Installations (Dual Fuel)"},null,"-","-","-","-","-","-","-","-","-","-","-","-","-","-","-","-","-","-","-","-","-","-","-","-","-","-","-","-","-","-","-","-","-","-","-","-","-","-","-","-","-","-","-","-","-","-","-","-","-","-","-","-","-","-","-","-","-","-","-","-","-","-","-","-","-","-","-","-","-","-","-","-","-","-","-","-","-","-","-","-","-","-","-","-","-","-","-","-","-","-","-","-","-","-","-","-","-","-","-","-","-","-","-","-","-","-","-","-","-","-","-","-","-","-","-","-","-","-","-","-","-","-","-","-","-",20,30,50,"-","-","-","-","-","-","-","-","-",20,30,50,10,90,90,180,"-","-","-","-","-","-","-","-",10,90,90,180,30,270,340,640,"-","-","-","-","-","-","-","-",30,270,340,640,20,270,480,760,"-","-","-","-","-","-","-","-",20,270,480,760,"Smart Meter Installations (Dual Fuel)"]
["Framework - Social Media and Digital Marketing",null,"-","-","-","-","-","-","-","-","-","-","-","-","-","-","-","-","-","-","-","-","-","-","-","-","-","-","-","-","-","-","-","-","-","-","-","-","-","-","-","-","-","-","-","-","-","-","-","-","-","-","-","-","-","-","-","-","-","-","-","-","-","-","-","-","-","-","-","-","-","-","-","-","-","-","-","-","-","-","-","-","-","-","-","-","-","-","-","-","-","-","-","-","-","-","-","-","-","-","-","-","-","-","-","-","-","-","-","-","-","-","-","-","-","-","-","-","-","-","-","-","-","-","-","-","-","-","-","-",40,40,10,80,"-","-","-","-",40,40,10,80,"-","-","-","-",410,210,10,630,"-",10,20,20,410,210,20,650,"-","-","-","-",{"v":1120,"d":"1,120"},650,140,{"v":1910,"d":"1,910"},10,20,"-",30,{"v":1130,"d":"1,130"},670,140,{"v":1940,"d":"1,940"},"-","-","-","-",{"v":1570,"d":"1,570"},980,450,{"v":3010,"d":"3,010"},40,120,10,170,{"v":1620,"d":"1,620"},{"v":1100,"d":"1,100"},460,{"v":3180,"d":"3,180"},"Social Media and Digital Marketing"]
["Framework - Sound Recording, Engineering and Studio Facilities",null,"-","-","-","-","-","-","-","-","-","-","-","-","-","-","-","-","-","-","-","-","-","-","-","-","-","-","-","-","-","-","-","-","-","-","-","-","-","-","-","-","-","-","-","-","-","-","-","-","-","-","-","-","-","-","-","-","-","-","-","-","-","-","-","-","-","-","-","-","-","-","-","-","-","-","-","-","-","-","-","-","-","-","-","-","-","-","-","-","-","-","-","-","-","-","-","-","-","-","-","-","-","-","-","-","-","-","-","-","-","-","-","-","-","-","-","-","-","-","-","-","-","-","-","-","-","-","-","-","-","-","-","-","-","-","-","-","-","-","-","-","-","-","-","-","-","-","-","-","-","-","-","-","-","-","-",10,"-","-","-","-","-","-","-","-","-","-","-","-","-","-","-","-","-","-","-","-","-",10,"-",10,"-","-","-","-",10,10,"-",10,"Sound Recording, Engineering and Studio Facilities"]
["Framework - Spa Therapy",null,"-","-","-","-","-","-","-","-","-","-","-","-","-","-","-","-","-","-","-","-","-","-","-","-","-","-","-","-","-","-","-","-","-","-","-","-","-","-","-","-","-","-","-","-","-","-","-","-","-","-","-","-","-","-","-","-","-","-","-","-","-","-","-","-","-","-","-","-","-","-","-","-","-","-","-","-",10,"-","-",10,10,"-","-",10,"-","-","-","-",10,"-","-",10,10,"-","-",10,"-","-","-","-",10,10,"-",20,10,10,"-",20,"-","-","-","-",20,10,"-",30,"-","-","-","-",20,10,"-",30,"-","-","-","-",20,20,10,40,"-","-","-","-",20,20,10,40,"-","-","-","-",20,10,"-",30,"-","-","-","-",20,10,"-",30,"-","-","-","-",20,10,"-",30,"-","-","-","-",20,10,"-",30,"-","-","-","-",10,10,10,30,"-","-","-","-",10,10,10,30,"Spa Therapy"]
["Framework - Specialized Process Operations (Nuclear)",null,"-","-","-","-","-","-","-","-","-","-","-","-","-","-","-","-","-","-","-","-","-","-","-","-","-","-","-","-","-","-","-","-","-","-","-","-","-","-","-","-","-","-","-","-","-","-","-","-","-","-","-","-","-","-","-","-","-","-","-","-","-","-","-","-","-","-","-","-","-","-","-","-","-","-","-","-","-","-","-","-","-","-","-","-",20,10,"-",20,"-","-","-","-",20,10,"-",20,"-","-","-",10,"-","-","-","-","-","-","-",10,"-","-","-","-","-","-","-","-","-","-","-","-","-","-","-","-","-","-","-","-","-","-","-","-","-","-","-","-","-","-","-","-",10,10,"-",10,"-","-","-","-","-","-","-","-",10,10,"-",10,10,10,"-",20,"-","-","-","-","-","-","-","-",10,10,"-",20,10,"-","-",10,"-","-","-","-","-","-","-","-",10,"-","-",10,"Specialized Process Operations (Nuclear)"]
["Framework - Sporting Excellence",null,"-","-","-","-","-","-","-","-","-","-","-","-","-","-","-","-","-","-","-","-","-","-","-","-",60,110,"-",160,{"v":1050,"d":"1,050"},20,"-",{"v":1060,"d":"1,060"},{"v":1110,"d":"1,110"},120,"-",{"v":1230,"d":"1,230"},"-",10,"-",10,460,20,"-",480,460,30,"-",490,"-","-","-","-",610,20,"-",630,610,20,"-",630,10,"-","-",10,760,20,"-",790,770,30,"-",800,"-","-","-","-",{"v":1590,"d":"1,590"},30,"-",{"v":1620,"d":"1,620"},{"v":1590,"d":"1,590"},30,"-",{"v":1620,"d":"1,620"},"-","-","-","-",{"v":1610,"d":"1,610"},30,"-",{"v":1630,"d":"1,630"},{"v":1610,"d":"1,610"},30,"-",{"v":1630,"d":"1,630"},"-","-","-","-",{"v":1780,"d":"1,780"},30,"-",{"v":1820,"d":"1,820"},{"v":1780,"d":"1,780"},30,"-",{"v":1820,"d":"1,820"},"-","-","-","-",{"v":2640,"d":"2,640"},20,"-",{"v":2660,"d":"2,660"},"-","-","-","-",{"v":2640,"d":"2,640"},20,"-",{"v":2660,"d":"2,660"},"-","-","-","-",{"v":1840,"d":"1,840"},40,"-",{"v":1880,"d":"1,880"},"-","-","-","-",{"v":1840,"d":"1,840"},40,"-",{"v":1880,"d":"1,880"},"-","-","-","-",{"v":1550,"d":"1,550"},20,"-",{"v":1560,"d":"1,560"},"-","-","-","-",{"v":1550,"d":"1,550"},20,"-",{"v":1560,"d":"1,560"},"-","-","-","-",{"v":2130,"d":"2,130"},10,"-",{"v":2140,"d":"2,140"},"-","-","-","-",{"v":2130,"d":"2,130"},10,"-",{"v":2140,"d":"2,140"},"-","-","-","-",{"v":2500,"d":"2,500"},10,"-",{"v":2510,"d":"2,510"},"-","-","-","-",{"v":2500,"d":"2,500"},10,"-",{"v":2510,"d":"2,510"},"Sporting Excellence"]
["Framework - Supply Chain Management",null,"-","-","-","-","-","-","-","-","-","-","-","-","-","-","-","-","-","-","-","-","-","-","-","-","-","-","-","-","-","-","-","-","-","-","-","-","-","-","-","-","-","-","-","-","-","-","-","-","-","-","-","-","-","-","-","-","-","-","-","-","-","-","-","-","-","-","-","-","-","-","-","-","-","-","-","-","-","-","-","-","-","-","-","-","-","-","-","-","-","-","-","-","-","-","-","-","-","-","-","-","-","-","-","-","-","-","-","-","-","-",10,10,"-","-","-","-","-","-","-","-","-","-",10,20,10,10,20,30,10,10,60,70,10,"-","-",10,20,20,80,110,10,10,10,30,10,20,20,40,10,10,"-",20,20,40,30,90,20,20,20,50,10,20,20,50,10,10,"-",20,30,40,50,120,10,20,20,50,10,10,20,40,10,10,"-",20,30,30,50,100,"Supply Chain Management"]
["Framework - Support Services in Healthcare",null,"-","-","-","-","-","-","-","-","-","-","-","-","-","-","-","-","-","-","-","-","-","-","-","-","-","-","-","-","-","-","-","-","-","-","-","-",40,40,"-",80,"-","-","-","-",40,40,"-",80,10,70,"-",80,"-","-","-","-",10,70,"-",80,60,50,20,120,"-","-","-","-",60,50,20,120,80,60,50,190,"-","-","-","-",80,60,50,190,40,30,30,110,"-","-","-","-",40,30,30,110,40,30,30,90,"-","-","-","-",40,30,30,90,"-","-","-","-","-","-","-","-","-","-","-","-","-","-","-","-","-","-","-","-","-","-","-","-","-","-","-","-","-","-","-","-","-","-","-","-","-","-","-","-","-","-","-","-","-","-","-","-","-","-","-","-","-","-","-","-","-","-","-","-","-","-","-","-","-","-","-","-","-","-","-","-","-","-","-","-","-","-","-","-","Support Services in Healthcare"]
["Framework - Supporting Teaching and Learning in Physical Education and School Sport",null,"-","-","-","-","-","-","-","-","-","-","-","-","-","-","-","-","-","-","-","-","-","-","-","-","-","-","-","-","-","-","-","-","-","-","-","-","-","-","-","-","-","-","-","-","-","-","-","-","-","-","-","-","-","-","-","-","-","-","-","-","-","-","-","-","-","-","-","-","-","-","-","-","-","-","-","-","-","-","-","-","-","-","-","-","-","-","-","-","-","-","-","-","-","-","-","-","-","-","-","-","-","-","-","-","-","-","-","-","-","-","-","-","-","-","-","-","-","-","-","-","-","-","-","-","-","-","-","-","-","-","-","-","-","-","-","-","-","-","-","-","-","-","-","-",50,60,30,140,"-","-","-","-",50,60,30,140,"-","-","-","-",360,400,110,870,"-","-","-","-",360,400,110,870,"-","-","-","-",590,560,120,{"v":1270,"d":"1,270"},"-","-","-","-",590,560,120,{"v":1270,"d":"1,270"},"Supporting Teaching and Learning in Physical Education and School Sport"]
["Framework - Supporting Teaching and Learning in Schools",null,"-","-","-","-","-","-","-","-","-","-","-","-","-","-","-","-","-",10,"-",10,"-",10,"-",10,10,"-","-",10,"-","-","-","-",10,"-","-",10,20,20,"-",50,20,30,"-",50,40,50,"-",90,50,10,"-",60,10,10,"-",20,50,20,"-",80,80,20,30,130,"-",20,150,170,80,40,180,300,70,50,140,270,20,90,660,770,100,140,800,{"v":1040,"d":"1,040"},200,90,100,390,50,100,270,410,250,190,370,800,260,240,460,960,100,320,{"v":2620,"d":"2,620"},{"v":3050,"d":"3,050"},360,560,{"v":3080,"d":"3,080"},{"v":4010,"d":"4,010"},330,260,800,{"v":1390,"d":"1,390"},200,560,{"v":4090,"d":"4,090"},{"v":4840,"d":"4,840"},"-","-","-","-",520,830,{"v":4880,"d":"4,880"},{"v":6230,"d":"6,230"},450,410,760,{"v":1620,"d":"1,620"},240,700,{"v":4330,"d":"4,330"},{"v":5270,"d":"5,270"},"-","-","-","-",700,{"v":1110,"d":"1,110"},{"v":5090,"d":"5,090"},{"v":6890,"d":"6,890"},660,570,540,{"v":1770,"d":"1,770"},360,670,{"v":1350,"d":"1,350"},{"v":2380,"d":"2,380"},"-","-","-","-",{"v":1020,"d":"1,020"},{"v":1230,"d":"1,230"},{"v":1890,"d":"1,890"},{"v":4150,"d":"4,150"},770,650,930,{"v":2340,"d":"2,340"},490,960,{"v":2840,"d":"2,840"},{"v":4280,"d":"4,280"},"-","-","-","-",{"v":1250,"d":"1,250"},{"v":1610,"d":"1,610"},{"v":3760,"d":"3,760"},{"v":6620,"d":"6,620"},910,780,900,{"v":2590,"d":"2,590"},470,{"v":1180,"d":"1,180"},{"v":3070,"d":"3,070"},{"v":4730,"d":"4,730"},"-","-","-","-",{"v":1390,"d":"1,390"},{"v":1960,"d":"1,960"},{"v":3970,"d":"3,970"},{"v":7310,"d":"7,310"},"Supporting Teaching and Learning in Schools"]
["Framework - Surveying",null,"-","-","-","-","-","-","-","-","-","-","-","-","-","-","-","-","-","-","-","-","-","-","-","-","-","-","-","-","-","-","-","-","-","-","-","-","-","-","-","-","-","-","-","-","-","-","-","-","-","-","-","-","-","-","-","-","-","-","-","-","-","-","-","-","-","-","-","-","-","-","-","-","-","-","-","-","-","-","-","-","-","-","-","-","-","-","-","-","-","-","-","-","-","-","-","-","-","-","-","-","-","-","-","-","-","-","-","-","-","-","-","-",60,30,10,90,"-","-","-","-",60,30,10,90,"-","-","-","-",50,20,"-",80,"-","-","-","-",50,20,"-",80,"-","-","-","-",70,40,"-",110,"-","-","-","-",70,40,"-",110,"-","-","-","-",70,50,"-",130,"-","-","-","-",70,50,"-",130,"-","-","-","-",40,30,10,80,"-","-","-","-",40,30,10,80,"Surveying"]
["Framework - Sustainable Resource Management",null,"-","-","-","-","-","-","-","-","-","-","-","-","-","-","-","-","-","-","-","-","-","-","-","-","-","-","-","-","-","-","-","-","-","-","-","-","-","-","-","-","-","-","-","-","-","-","-","-","-","-","-","-","-","-","-","-","-","-","-","-","-","-","-","-","-","-","-","-","-","-","-","-","-","-","-","-","-","-","-","-","-","-","-","-","-","-","-","-","-","-","-","-","-","-","-","-",20,70,240,330,"-",10,90,100,20,80,330,430,110,200,620,940,"-",10,190,200,"-","-","-","-",110,200,810,{"v":1130,"d":"1,130"},40,190,610,830,"-",10,220,240,"-","-","-","-",40,200,830,{"v":1070,"d":"1,070"},20,110,720,850,"-",10,70,80,"-","-","-","-",20,110,800,930,30,150,600,780,"-",20,290,300,"-",10,20,30,40,180,900,{"v":1110,"d":"1,110"},20,60,220,300,"-",20,220,240,"-","-",100,100,20,80,550,640,"Sustainable Resource Management"]
["Framework - Textiles",null,20,20,"-",40,10,10,"-",10,30,30,"-",60,590,490,"-",{"v":1080,"d":"1,080"},10,30,"-",40,600,520,"-",{"v":1120,"d":"1,120"},510,450,"-",970,"-",30,"-",30,520,480,"-",{"v":1010,"d":"1,010"},130,170,"-",300,10,20,"-",30,140,180,"-",330,60,80,"-",140,"-",10,"-",10,70,90,"-",150,70,70,20,170,"-",10,"-",20,70,80,30,180,10,10,"-",30,10,"-",10,10,20,10,10,40,"-","-","-","-","-","-","-","-","-","-","-","-","-","-","-","-","-","-","-","-","-","-","-","-","-","-","-","-","-","-","-","-","-","-","-","-","-","-","-","-","-","-","-","-","-","-","-","-","-","-","-","-","-","-","-","-","-","-","-","-","-","-","-","-","-","-","-","-","-","-","-","-","-","-","-","-","-","-","-","-","-","-","-","-","-","-","-","-","-","-","-","-","-","-","-","-","-","-","-","-","-","-","-","-","Textiles"]
["Framework - Trade Business Services",null,"-","-","-","-","-","-","-","-","-","-","-","-","-","-","-","-","-","-","-","-","-","-","-","-","-","-","-","-","-","-","-","-","-","-","-","-","-","-","-","-","-","-","-","-","-","-","-","-","-","-","-","-","-","-","-","-","-","-","-","-","-","-","-","-","-","-","-","-","-","-","-","-","-","-","-","-","-","-","-","-","-","-","-","-","-","-","-","-","-","-","-","-","-","-","-","-","-","-","-","-","-","-","-","-","-","-","-","-","-","-","-","-","-","-","-","-","-","-","-","-","-","-","-","-","-","-","-","-","-","-","-","-","-","-","-","-","-","-","-","-",230,10,40,280,"-","-","-","-","-","-","-","-",230,10,40,280,350,80,20,440,"-","-","-","-","-","-","-","-",350,80,20,440,430,160,50,640,"-","-","-","-","-","-","-","-",430,160,50,640,"Trade Business Services"]
["Framework - Traffic Office",null,"-","-","-","-","-","-","-","-","-","-","-","-","-","-","-","-","-","-","-","-","-","-","-","-","-","-","-","-","-","-","-","-","-","-","-","-",20,20,"-",40,"-","-","-",10,20,20,"-",40,20,50,"-",60,"-",20,"-",20,20,70,"-",80,20,30,"-",50,"-",10,10,20,20,40,10,70,20,10,30,60,"-","-","-","-",20,20,30,60,10,10,30,50,"-","-","-","-",20,10,30,50,"-",10,20,30,"-",10,40,50,10,20,60,80,20,30,50,100,"-",10,30,40,"-","-","-","-",20,40,90,150,20,20,40,70,"-",20,120,140,"-","-","-","-",20,40,150,210,20,40,10,70,"-",10,10,20,"-","-","-","-",20,50,20,90,40,50,40,130,"-",10,50,60,"-","-","-","-",50,60,90,200,30,40,30,90,"-",10,30,50,"-","-","-","-",30,50,60,140,"Traffic Office"]
["Framework - Transport Engineering and Maintenance",null,60,"-","-",60,80,10,"-",100,140,10,"-",160,90,10,"-",100,40,10,"-",50,130,20,"-",150,40,20,"-",60,20,30,"-",50,60,50,"-",110,50,20,"-",80,70,30,"-",100,130,50,"-",180,90,10,"-",100,40,40,"-",80,130,50,"-",180,120,40,"-",150,50,40,"-",90,170,80,"-",250,100,30,"-",130,60,50,"-",100,150,80,"-",230,40,10,"-",60,40,70,"-",110,90,80,"-",170,60,20,"-",80,50,80,"-",140,110,100,10,220,70,60,"-",130,10,30,"-",40,"-","-","-","-",80,80,"-",170,80,50,10,130,10,70,10,90,"-","-","-","-",90,110,20,210,80,70,10,160,20,80,"-",100,"-","-","-","-",100,150,10,260,80,80,100,260,20,60,10,90,"-","-","-","-",100,150,110,350,120,100,20,230,20,120,20,160,"-","-","-","-",140,210,40,390,"Transport Engineering and Maintenance"]
["Framework - Travel Services",null,110,70,"-",180,{"v":1240,"d":"1,240"},480,"-",{"v":1720,"d":"1,720"},{"v":1350,"d":"1,350"},550,"-",{"v":1900,"d":"1,900"},150,90,"-",240,940,360,"-",{"v":1300,"d":"1,300"},{"v":1090,"d":"1,090"},450,"-",{"v":1540,"d":"1,540"},420,60,"-",480,910,240,"-",{"v":1150,"d":"1,150"},{"v":1330,"d":"1,330"},300,"-",{"v":1630,"d":"1,630"},730,120,"-",850,280,80,"-",360,{"v":1010,"d":"1,010"},200,"-",{"v":1210,"d":"1,210"},760,120,"-",870,290,160,"-",450,{"v":1050,"d":"1,050"},280,"-",{"v":1330,"d":"1,330"},600,150,60,810,320,190,30,540,920,340,90,{"v":1340,"d":"1,340"},550,180,40,770,250,150,40,440,800,340,80,{"v":1210,"d":"1,210"},260,130,20,410,230,200,30,450,490,330,50,870,390,90,10,490,170,230,30,420,560,320,40,910,250,60,10,320,130,210,40,380,"-","-","-","-",380,270,60,710,200,130,20,350,120,110,30,260,"-","-","-","-",320,240,50,610,190,110,"-",310,70,140,"-",210,"-","-","-","-",260,260,"-",520,270,120,20,400,60,120,10,180,"-","-","-","-",330,230,20,580,300,90,10,400,100,120,10,220,"-","-","-","-",400,200,10,610,"Travel Services"]
["Framework - Trees and Timber",null,10,"-","-",10,"-","-","-","-",10,"-","-",10,20,"-","-",20,"-","-","-","-",20,"-","-",30,30,10,"-",40,10,"-","-",10,40,10,"-",50,30,10,"-",50,"-","-","-","-",30,10,"-",50,20,20,"-",40,"-","-","-","-",20,20,"-",40,50,30,"-",90,"-","-","-","-",50,30,"-",90,70,30,"-",100,"-","-","-","-",70,30,"-",100,60,50,10,110,"-","-","-","-",60,50,10,110,60,40,40,150,"-","-","-",10,60,50,40,150,70,90,20,180,"-",10,10,20,"-","-","-","-",70,100,30,200,100,90,10,190,"-",20,"-",20,"-","-","-","-",100,100,20,220,100,110,20,230,"-",10,"-",20,"-","-","-","-",100,120,20,240,100,90,30,220,10,10,10,20,"-","-","-","-",110,100,40,240,120,120,30,270,10,20,10,30,"-","-","-","-",120,140,40,300,"Trees and Timber"]
["Framework - TV Production",null,"-","-","-","-","-","-","-","-","-","-","-","-","-","-","-","-","-","-","-","-","-","-","-","-","-","-","-","-","-","-","-","-","-","-","-","-","-","-","-","-","-","-","-","-","-","-","-","-","-","-","-","-","-","-","-","-","-","-","-","-","-","-","-","-",10,10,"-",20,10,10,"-",20,"-","-","-","-",10,10,"-",20,10,10,"-",20,"-","-","-","-","-","-","-","-","-","-","-","-","-","-","-","-","-","-","-","-","-","-","-","-","-","-","-","-","-","-","-","-","-","-","-","-","-","-","-","-","-","-","-","-","-","-","-","-","-","-","-","-","-","-","-","-","-","-","-","-","-","-","-","-","-","-","-","-","-","-","-","-","-","-","-","-","-","-","-","-","-","-","-","-","-","-","-","-","-","-","-","-","-","-","-","-","-","-","-","-","-","-","-","-","TV Production"]
["Framework - Vehicle Body and Paint Operations",null,"-","-","-","-","-","-","-","-","-","-","-","-","-","-","-","-","-","-","-","-","-","-","-","-","-","-","-","-","-","-","-","-","-","-","-","-",790,160,"-",940,200,130,"-",330,990,290,"-",{"v":1280,"d":"1,280"},800,140,"-",950,190,200,"-",390,990,350,"-",{"v":1340,"d":"1,340"},980,280,10,{"v":1260,"d":"1,260"},160,290,"-",450,{"v":1130,"d":"1,130"},570,10,{"v":1710,"d":"1,710"},610,170,10,790,140,250,20,400,750,410,30,{"v":1190,"d":"1,190"},550,170,10,730,140,280,20,440,690,450,30,{"v":1170,"d":"1,170"},540,160,10,710,140,280,110,530,680,440,120,{"v":1240,"d":"1,240"},490,140,20,650,90,210,90,390,"-","-","-","-",580,350,110,{"v":1040,"d":"1,040"},460,180,80,720,90,190,140,420,"-","-","-","-",550,370,230,{"v":1140,"d":"1,140"},530,250,270,{"v":1050,"d":"1,050"},70,170,160,400,"-","-","-","-",600,420,430,{"v":1450,"d":"1,450"},640,250,200,{"v":1090,"d":"1,090"},60,180,90,330,"-","-","-","-",700,430,290,{"v":1420,"d":"1,420"},780,290,100,{"v":1180,"d":"1,180"},80,200,70,360,"-","-","-","-",870,500,180,{"v":1540,"d":"1,540"},"Vehicle Body and Paint Operations"]
["Framework - Vehicle Fitting",null,"-","-","-","-","-","-","-","-","-","-","-","-","-","-","-","-","-","-","-","-","-","-","-","-","-","-","-","-","-","-","-","-","-","-","-","-",800,70,"-",870,"-","-","-","-",800,70,"-",870,890,110,"-",990,"-","-","-",10,890,110,"-",{"v":1000,"d":"1,000"},{"v":1190,"d":"1,190"},240,"-",{"v":1430,"d":"1,430"},"-","-","-","-",{"v":1190,"d":"1,190"},240,"-",{"v":1430,"d":"1,430"},430,90,10,530,"-","-","-","-",430,90,10,530,510,110,"-",630,"-","-","-","-",520,110,"-",630,720,150,30,890,"-",30,60,90,720,180,80,980,460,100,20,590,"-",10,20,40,"-","-","-","-",470,120,40,620,440,50,10,490,"-",10,10,10,"-","-","-","-",440,50,10,510,260,50,10,330,"-","-","-","-","-","-","-","-",260,60,10,330,270,40,10,320,"-","-","-","-","-","-","-","-",270,40,10,320,260,30,10,300,"-",10,"-",10,"-","-","-","-",260,30,10,310,"Vehicle Fitting"]
["Framework - Vehicle Maintenance and Repair",null,"-","-","-","-","-","-","-","-","-","-","-","-","-","-","-","-","-","-","-","-","-","-","-","-",20,"-","-",20,"-","-","-","-",20,"-","-",20,{"v":4340,"d":"4,340"},620,"-",{"v":4960,"d":"4,960"},{"v":1030,"d":"1,030"},680,"-",{"v":1710,"d":"1,710"},{"v":5370,"d":"5,370"},{"v":1300,"d":"1,300"},"-",{"v":6660,"d":"6,660"},{"v":5340,"d":"5,340"},770,"-",{"v":6110,"d":"6,110"},{"v":1430,"d":"1,430"},{"v":1300,"d":"1,300"},"-",{"v":2730,"d":"2,730"},{"v":6780,"d":"6,780"},{"v":2060,"d":"2,060"},"-",{"v":8840,"d":"8,840"},{"v":6460,"d":"6,460"},{"v":1770,"d":"1,770"},60,{"v":8290,"d":"8,290"},{"v":1780,"d":"1,780"},{"v":2420,"d":"2,420"},40,{"v":4240,"d":"4,240"},{"v":8240,"d":"8,240"},{"v":4190,"d":"4,190"},100,{"v":12520,"d":"12,520"},{"v":4560,"d":"4,560"},970,80,{"v":5620,"d":"5,620"},{"v":1210,"d":"1,210"},{"v":1980,"d":"1,980"},100,{"v":3280,"d":"3,280"},{"v":5770,"d":"5,770"},{"v":2950,"d":"2,950"},180,{"v":8900,"d":"8,900"},{"v":4630,"d":"4,630"},{"v":1010,"d":"1,010"},60,{"v":5690,"d":"5,690"},{"v":1430,"d":"1,430"},{"v":2420,"d":"2,420"},120,{"v":3970,"d":"3,970"},{"v":6060,"d":"6,060"},{"v":3430,"d":"3,430"},180,{"v":9660,"d":"9,660"},{"v":4360,"d":"4,360"},{"v":1040,"d":"1,040"},140,{"v":5550,"d":"5,550"},{"v":1320,"d":"1,320"},{"v":2000,"d":"2,000"},180,{"v":3510,"d":"3,510"},{"v":5680,"d":"5,680"},{"v":3050,"d":"3,050"},330,{"v":9060,"d":"9,060"},{"v":3980,"d":"3,980"},980,140,{"v":5110,"d":"5,110"},{"v":1100,"d":"1,100"},{"v":1670,"d":"1,670"},270,{"v":3040,"d":"3,040"},"-","-","-","-",{"v":5090,"d":"5,090"},{"v":2650,"d":"2,650"},410,{"v":8150,"d":"8,150"},{"v":4110,"d":"4,110"},{"v":1000,"d":"1,000"},180,{"v":5280,"d":"5,280"},{"v":1150,"d":"1,150"},{"v":1700,"d":"1,700"},250,{"v":3100,"d":"3,100"},"-","-","-","-",{"v":5270,"d":"5,270"},{"v":2700,"d":"2,700"},430,{"v":8390,"d":"8,390"},{"v":4260,"d":"4,260"},{"v":1210,"d":"1,210"},150,{"v":5610,"d":"5,610"},{"v":1070,"d":"1,070"},{"v":1700,"d":"1,700"},120,{"v":2890,"d":"2,890"},"-","-","-","-",{"v":5340,"d":"5,340"},{"v":2900,"d":"2,900"},270,{"v":8500,"d":"8,500"},{"v":4440,"d":"4,440"},{"v":1310,"d":"1,310"},160,{"v":5900,"d":"5,900"},{"v":1060,"d":"1,060"},{"v":1790,"d":"1,790"},260,{"v":3110,"d":"3,110"},"-","-","-","-",{"v":5500,"d":"5,500"},{"v":3100,"d":"3,100"},420,{"v":9010,"d":"9,010"},{"v":4530,"d":"4,530"},{"v":1380,"d":"1,380"},200,{"v":6110,"d":"6,110"},{"v":1040,"d":"1,040"},{"v":2040,"d":"2,040"},310,{"v":3390,"d":"3,390"},"-","-","-","-",{"v":5570,"d":"5,570"},{"v":3410,"d":"3,410"},510,{"v":9500,"d":"9,500"},"Vehicle Maintenance and Repair"]
["Framework - Vehicle Parts Operations",null,"-","-","-","-","-","-","-","-","-","-","-","-","-","-","-","-","-","-","-","-","-","-","-","-","-","-","-","-","-","-","-","-","-","-","-","-",190,60,"-",250,60,50,"-",110,260,110,"-",370,300,100,"-",400,40,60,"-",100,340,160,"-",500,330,190,10,520,60,170,10,240,390,360,20,760,170,130,40,330,20,110,"-",130,190,240,40,460,270,160,60,480,20,140,40,210,290,310,100,690,280,120,80,480,40,110,20,160,310,230,100,640,240,100,10,350,50,140,30,210,"-","-","-","-",290,240,40,560,290,140,40,460,40,130,20,190,"-","-","-","-",320,260,60,650,320,140,30,490,40,110,"-",150,"-","-","-","-",360,240,40,640,330,150,20,500,50,130,10,180,"-","-","-","-",370,280,30,680,310,110,10,430,60,150,10,220,"-","-","-","-",370,260,10,640,"Vehicle Parts Operations"]
["Framework - Vehicle Restoration",null,"-","-","-","-","-","-","-","-","-","-","-","-","-","-","-","-","-","-","-","-","-","-","-","-","-","-","-","-","-","-","-","-","-","-","-","-","-","-","-","-","-","-","-","-","-","-","-","-","-","-","-","-","-","-","-","-","-","-","-","-","-","-","-","-","-","-","-","-","-","-","-","-","-","-","-","-","-","-","-","-","-","-","-","-","-","-","-","-","-","-","-","-","-","-","-","-","-","-","-","-","-","-","-","-","-","-","-","-","-","-","-","-","-","-","-","-","-","-","-","-","-","-","-","-","-","-","-","-","-","-","-","-","-","-","-","-","-","-","-","-","-","-","-","-","-","-","-","-","-","-","-","-","-","-","-","-",10,"-","-",10,"-","-","-","-","-","-","-","-",10,"-","-",10,20,10,"-",20,"-","-","-","-","-","-","-","-",20,10,"-",20,"Vehicle Restoration"]
["Framework - Vehicle Sales",null,"-","-","-","-","-","-","-","-","-","-","-","-","-","-","-","-","-","-","-","-","-","-","-","-","-","-","-","-","-","-","-","-","-","-","-","-","-",40,"-",50,10,20,"-",30,10,60,"-",70,10,60,"-",70,"-",30,"-",30,10,90,10,110,"-",50,"-",60,"-",10,"-",10,"-",60,10,70,"-",70,50,120,"-","-","-",10,"-",80,50,130,20,90,30,140,"-",20,10,30,20,110,40,170,20,130,130,280,"-",10,"-",10,20,140,130,290,10,30,"-",50,"-",10,30,30,"-","-","-","-",10,40,30,80,40,130,10,170,70,20,"-",90,"-","-","-","-",110,150,10,260,30,90,20,130,"-",30,"-",30,"-","-","-","-",30,120,20,170,60,60,20,140,"-",30,"-",40,"-","-","-","-",60,100,20,180,30,70,30,120,"-",20,"-",20,"-","-","-","-",30,90,30,150,"Vehicle Sales"]
["Framework - Veterinary Nursing",null,"-","-","-","-","-","-","-","-","-","-","-","-","-","-","-","-","-","-","-","-","-","-","-","-",40,130,"-",180,10,130,"-",140,60,260,"-",320,90,200,"-",290,20,270,"-",290,100,470,"-",580,90,280,"-",380,20,280,"-",300,110,560,"-",680,90,320,20,430,20,290,30,340,110,610,50,770,70,330,110,500,20,300,100,420,90,630,200,920,80,260,50,380,10,280,100,390,90,540,150,770,"-","-",10,10,90,620,230,940,90,630,230,940,"-","-","-","-",70,340,150,560,"-","-","-","-",70,340,150,560,"-","-","-","-",90,300,120,510,"-","-","-","-",90,300,120,510,"-","-","-","-",60,280,80,420,"-","-","-","-",60,280,80,420,"-","-","-","-",80,350,130,560,"-","-","-","-",80,350,130,560,"-","-","-","-",110,410,180,710,"-","-","-","-",110,410,180,710,"Veterinary Nursing"]
["Framework - Volunteer Management",null,"-","-","-","-","-","-","-","-","-","-","-","-","-","-","-","-","-","-","-","-","-","-","-","-","-","-","-","-","-","-","-","-","-","-","-","-","-","-","-","-","-","-","-","-","-","-","-","-","-","-","-","-","-","-","-","-","-","-","-","-","-","-","-","-","-","-","-","-","-","-","-","-","-","-","-","-","-","-","-","-","-","-","-","-","-","-","-","-","-","-","-","-","-","-","-","-","-","-","-","-","-","-","-","-","-","-","-","-","-","-","-","-","-",10,60,70,"-","-","-","-","-",10,60,70,"-","-","-","-","-",10,60,70,"-","-","-","-","-",10,60,70,"-","-","-","-","-",10,60,70,"-","-","-","-","-",10,60,70,"-","-","-","-","-","-",30,30,"-","-","-","-","-","-",30,30,"-","-","-","-","-","-","-","-","-","-","-","-","-","-","-","-","Volunteer Management"]
["Framework - Warehousing and Storage",null,"-","-","-","-","-","-","-","-","-","-","-","-","-","-","-","-","-","-","-","-","-","-","-","-",70,110,"-",170,"-","-","-","-",70,110,"-",180,170,360,"-",530,"-","-","-","-",170,360,"-",530,210,520,10,740,"-",50,"-",50,210,580,10,800,180,420,150,740,"-",40,60,100,180,450,200,840,360,630,640,{"v":1630,"d":"1,630"},"-",20,70,90,360,650,710,{"v":1720,"d":"1,720"},850,{"v":1020,"d":"1,020"},900,{"v":2770,"d":"2,770"},"-","-",30,30,850,{"v":1020,"d":"1,020"},930,{"v":2800,"d":"2,800"},{"v":1550,"d":"1,550"},{"v":1680,"d":"1,680"},{"v":2730,"d":"2,730"},{"v":5960,"d":"5,960"},"-","-","-","-",{"v":1550,"d":"1,550"},{"v":1680,"d":"1,680"},{"v":2730,"d":"2,730"},{"v":5960,"d":"5,960"},{"v":1380,"d":"1,380"},{"v":2070,"d":"2,070"},{"v":3400,"d":"3,400"},{"v":6850,"d":"6,850"},"-",30,130,160,"-","-","-","-",{"v":1380,"d":"1,380"},{"v":2100,"d":"2,100"},{"v":3530,"d":"3,530"},{"v":7010,"d":"7,010"},{"v":1340,"d":"1,340"},{"v":2180,"d":"2,180"},{"v":3010,"d":"3,010"},{"v":6530,"d":"6,530"},10,100,430,530,"-","-","-","-",{"v":1350,"d":"1,350"},{"v":2280,"d":"2,280"},{"v":3440,"d":"3,440"},{"v":7070,"d":"7,070"},{"v":1500,"d":"1,500"},{"v":2420,"d":"2,420"},{"v":2920,"d":"2,920"},{"v":6850,"d":"6,850"},10,100,160,260,"-","-","-","-",{"v":1510,"d":"1,510"},{"v":2520,"d":"2,520"},{"v":3080,"d":"3,080"},{"v":7110,"d":"7,110"},{"v":1750,"d":"1,750"},{"v":2560,"d":"2,560"},{"v":3640,"d":"3,640"},{"v":7950,"d":"7,950"},30,100,360,490,"-","-","-","-",{"v":1780,"d":"1,780"},{"v":2660,"d":"2,660"},{"v":4000,"d":"4,000"},{"v":8440,"d":"8,440"},{"v":1630,"d":"1,630"},{"v":2100,"d":"2,100"},{"v":3810,"d":"3,810"},{"v":7540,"d":"7,540"},20,140,380,530,"-","-","-","-",{"v":1650,"d":"1,650"},{"v":2240,"d":"2,240"},{"v":4180,"d":"4,180"},{"v":8070,"d":"8,070"},"Warehousing and Storage"]
["Framework - Water Industry",null,"-","-","-","-","-","-","-","-","-","-","-","-","-","-","-","-","-","-","-","-","-","-","-","-","-","-","-","-","-","-","-","-","-","-","-","-","-","-","-","-","-","-","-","-","-","-","-","-","-","-","-","-","-","-","-","-","-","-","-","-","-",10,10,20,10,10,50,60,10,20,60,80,10,20,50,80,"-",30,110,140,10,50,160,220,"-",60,"-",60,10,10,30,60,20,70,30,110,"-",20,120,140,"-",10,60,70,"-",20,190,210,"-",20,90,110,20,30,20,70,"-","-","-","-",20,40,110,180,10,30,20,50,10,20,20,40,"-","-","-","-",20,40,40,90,"-","-","-","-",10,10,10,40,"-","-","-","-",20,20,10,40,10,20,10,40,"-",10,"-",10,"-","-","-","-",10,30,10,50,40,50,10,90,20,20,10,50,"-","-","-","-",50,70,20,140,"Water Industry"]
["Framework - Wholesale, Distribution, Warehousing and Storage",null,940,{"v":1040,"d":"1,040"},"-",{"v":1970,"d":"1,970"},10,60,"-",70,940,{"v":1100,"d":"1,100"},"-",{"v":2040,"d":"2,040"},640,880,"-",{"v":1520,"d":"1,520"},10,80,"-",90,650,960,"-",{"v":1610,"d":"1,610"},520,590,"-",{"v":1100,"d":"1,100"},10,50,"-",60,520,640,"-",{"v":1160,"d":"1,160"},450,470,"-",920,"-",30,"-",30,450,500,"-",950,460,470,"-",930,"-",40,"-",40,460,510,"-",980,360,480,180,{"v":1020,"d":"1,020"},"-",30,20,50,360,510,200,{"v":1080,"d":"1,080"},50,80,100,220,"-","-",10,10,50,80,110,240,"-",10,"-",10,"-","-","-","-","-",10,"-",10,"-","-","-","-","-","-","-","-","-","-","-","-","-","-","-","-","-","-","-","-","-","-","-","-","-","-","-","-","-","-","-","-","-","-","-","-","-","-","-","-","-","-","-","-","-","-","-","-","-","-","-","-","-","-","-","-","-","-","-","-","-","-","-","-","-","-","-","-","-","-","-","-","-","-","-","-","-","-","-","-","-","-","-","-","-","-","-","-","-","-","-","-","Wholesale, Distribution, Warehousing and Storage"]
["Framework - Wood and Timber Processing and Merchants Industry",null,"-","-","-","-","-","-","-","-","-","-","-","-","-","-","-","-","-","-","-","-","-","-","-","-","-","-","-","-","-","-","-","-","-","-","-","-","-","-","-","-","-","-","-","-","-","-","-","-","-","-","-","-","-","-","-","-","-","-","-","-","-","-","-","-","-","-","-","-","-","-","-","-","-","-","-","-","-","-","-","-","-","-","-","-","-","-","-","-","-","-","-","-","-","-","-","-","-","-","-","-","-","-","-","-","-","-","-","-","-","-","-","-","-","-","-","-","-","-","-","-","-","-","-","-","-",10,"-",10,"-","-","-","-","-","-","-","-","-",10,"-",10,20,20,20,50,"-","-","-","-","-","-","-","-",20,20,20,50,10,10,"-",30,"-","-","-","-","-","-","-","-",10,10,"-",30,10,20,10,50,"-","-","-","-","-","-","-","-",10,20,10,50,"Wood and Timber Processing and Merchants Industry"]
["Framework - Youth Work",null,"-","-","-","-","-","-","-","-","-","-","-","-","-","-","-","-","-","-","-","-","-","-","-","-","-","-","-","-","-","-","-","-","-","-","-","-",20,10,"-",30,"-","-","-","-",20,10,"-",30,10,10,"-",20,"-","-","-","-",10,10,"-",20,40,20,10,70,"-","-","-","-",40,20,10,70,30,20,10,50,"-","-","-","-",30,20,10,50,160,100,10,270,10,20,30,70,170,130,40,330,80,70,10,150,10,60,40,110,90,120,50,260,100,100,40,250,30,80,90,200,"-","-","-","-",130,190,130,440,90,90,20,200,20,90,60,170,"-","-","-","-",110,170,80,360,50,80,30,160,20,60,40,120,"-","-","-","-",70,140,60,270,30,50,10,90,10,50,30,100,"-","-","-","-",40,100,40,190,40,60,40,140,20,60,40,110,"-","-","-","-",50,120,80,250,"Youth Work"]
["Framework - Other",null,330,160,"-",490,50,80,"-",130,380,240,"-",620,10,10,"-",10,10,10,"-",10,10,10,"-",30,"-","-","-","-","-","-","-","-","-",10,"-",10,"-","-","-","-","-","-","-","-","-","-","-","-","-","-","-","-","-","-","-","-","-","-","-","-","-","-","-","-","-","-","-","-","-","-","-","-","-","-","-","-","-","-","-","-","-","-","-","-","-","-","-","-","-","-","-","-","-","-","-","-","-","-","-","-","-","-","-","-","-","-","-","-","-","-","-","-","-","-","-","-","-","-","-","-","-","-","-","-","-","-","-","-","-","-","-","-","-","-","-","-","-","-","-","-","-","-","-","-","-","-","-","-","-","-","-","-","-","-","-","-","-","-","-","-","-","-","-","-","-","-","-","-","-","-","-","-","-","-","-","-","-","-","-","-","-","-","-","-","-","-","-","-","Other"]
["Framework - Non-SASE Compliant",null,"-","-","-","-","-","-","-","-","-","-","-","-","-","-","-","-","-","-","-","-","-","-","-","-","-","-","-","-","-","-","-","-","-","-","-","-","-","-","-","-","-","-","-","-","-","-","-","-","-","-","-","-","-","-","-","-","-","-","-","-","-","-","-","-","-","-","-","-","-","-","-","-","-","-","-","-","-","-","-","-","-","-","-","-","-","-","-","-","-","-","-","-","-","-","-","-","-","-","-","-","-","-","-","-","-","-","-","-","-","-","-","-","-","-","-","-","-","-","-","-","-","-","-","-","-","-","-","-",30,"-","-",30,"-","-","-","-",30,"-","-",30,"-",80,90,180,50,20,50,110,"-","-","-","-",50,100,140,290,20,30,10,60,130,130,70,330,70,80,100,250,220,260,250,720,10,"-","-",20,"-","-","-","-",10,20,"-",30,20,20,"-",50,"Non-SASE Compliant"]
[]
["of which apprenticeship standard",{"$nulls":173},"","","","","","","","","","","","","","","","","of which apprenticeship standard"]
[{"$f":"\"Standard - \"&GI238","v":"Standard - Able Seafarer (Deck)"},null,"n/a","n/a","n/a","n/a","n/a","n/a","n/a","n/a","n/a","n/a","n/a","n/a","n/a","n/a","n/a","n/a","n/a","n/a","n/a","n/a","n/a","n/a","n/a","n/a","n/a","n/a","n/a","n/a","n/a","n/a","n/a","n/a","n/a","n/a","n/a","n/a","n/a","n/a","n/a","n/a","n/a","n/a","n/a","n/a","n/a","n/a","n/a","n/a","n/a","n/a","n/a","n/a","n/a","n/a","n/a","n/a","n/a","n/a","n/a","n/a","n/a","n/a","n/a","n/a","n/a","n/a","n/a","n/a","n/a","n/a","n/a","n/a","n/a","n/a","n/a","n/a","n/a","n/a","n/a","n/a","n/a","n/a","n/a","n/a","n/a","n/a","n/a","n/a","n/a","n/a","n/a","n/a","n/a","n/a","n/a","n/a","n/a","n/a","n/a","n/a","n/a","n/a","n/a","n/a","n/a","n/a","n/a","n/a","n/a","n/a","n/a","n/a","n/a","n/a","n/a","n/a","n/a","n/a","n/a","n/a","n/a","n/a","n/a","n/a","n/a","n/a","n/a","n/a","n/a","n/a","n/a","n/a","n/a","n/a","n/a","n/a","n/a","n/a","n/a","n/a","n/a","n/a","n/a","n/a","n/a","n/a","n/a","n/a","n/a","n/a","n/a","n/a","n/a","n/a","n/a","n/a","-","-","-","-","-","-","-","-","-","-","-","-","-","-","-","-","-","-","-",10,"-","-","-","-","-","-","-","-","-","-","-",10,"Able Seafarer (Deck)"]
["Standard - Actuarial Technician",null,"n/a","n/a","n/a","n/a","n/a","n/a","n/a","n/a","n/a","n/a","n/a","n/a","n/a","n/a","n/a","n/a","n/a","n/a","n/a","n/a","n/a","n/a","n/a","n/a","n/a","n/a","n/a","n/a","n/a","n/a","n/a","n/a","n/a","n/a","n/a","n/a","n/a","n/a","n/a","n/a","n/a","n/a","n/a","n/a","n/a","n/a","n/a","n/a","n/a","n/a","n/a","n/a","n/a","n/a","n/a","n/a","n/a","n/a","n/a","n/a","n/a","n/a","n/a","n/a","n/a","n/a","n/a","n/a","n/a","n/a","n/a","n/a","n/a","n/a","n/a","n/a","n/a","n/a","n/a","n/a","n/a","n/a","n/a","n/a","n/a","n/a","n/a","n/a","n/a","n/a","n/a","n/a","n/a","n/a","n/a","n/a","n/a","n/a","n/a","n/a","n/a","n/a","n/a","n/a","n/a","n/a","n/a","n/a","n/a","n/a","n/a","n/a","n/a","n/a","n/a","n/a","n/a","n/a","n/a","n/a","n/a","n/a","n/a","n/a","n/a","n/a","n/a","n/a","n/a","n/a","n/a","n/a","n/a","n/a","n/a","n/a","n/a","n/a","n/a","n/a","n/a","n/a","n/a","n/a","n/a","n/a","n/a","n/a","n/a","n/a","n/a","n/a","n/a","n/a","n/a","n/a","-","-","-","-","-","-","-","-","-","-","-","-","-","-","-","-","-","-","-","-","-","-","-","-","-",10,"-",10,"-",10,"-",10,"Actuarial Technician"]
["Standard - Aerospace Engineer",null,"n/a","n/a","n/a","n/a","n/a","n/a","n/a","n/a","n/a","n/a","n/a","n/a","n/a","n/a","n/a","n/a","n/a","n/a","n/a","n/a","n/a","n/a","n/a","n/a","n/a","n/a","n/a","n/a","n/a","n/a","n/a","n/a","n/a","n/a","n/a","n/a","n/a","n/a","n/a","n/a","n/a","n/a","n/a","n/a","n/a","n/a","n/a","n/a","n/a","n/a","n/a","n/a","n/a","n/a","n/a","n/a","n/a","n/a","n/a","n/a","n/a","n/a","n/a","n/a","n/a","n/a","n/a","n/a","n/a","n/a","n/a","n/a","n/a","n/a","n/a","n/a","n/a","n/a","n/a","n/a","n/a","n/a","n/a","n/a","n/a","n/a","n/a","n/a","n/a","n/a","n/a","n/a","n/a","n/a","n/a","n/a","n/a","n/a","n/a","n/a","n/a","n/a","n/a","n/a","n/a","n/a","n/a","n/a","n/a","n/a","n/a","n/a","n/a","n/a","n/a","n/a","n/a","n/a","n/a","n/a","n/a","n/a","n/a","n/a","n/a","n/a","n/a","n/a","n/a","n/a","n/a","n/a","n/a","n/a","n/a","n/a","n/a","n/a","n/a","n/a","n/a","n/a","n/a","n/a","n/a","n/a","n/a","n/a","n/a","n/a","n/a","n/a","n/a","n/a","n/a","n/a","-","-","-","-","-","-","-","-","-","-","-","-","-","-","-","-","-","-","-","-","-","-","-","-",20,10,"-",20,20,10,"-",20,"Aerospace Engineer"]
["Standard - Aerospace Manufacturing Fitter",null,"n/a","n/a","n/a","n/a","n/a","n/a","n/a","n/a","n/a","n/a","n/a","n/a","n/a","n/a","n/a","n/a","n/a","n/a","n/a","n/a","n/a","n/a","n/a","n/a","n/a","n/a","n/a","n/a","n/a","n/a","n/a","n/a","n/a","n/a","n/a","n/a","n/a","n/a","n/a","n/a","n/a","n/a","n/a","n/a","n/a","n/a","n/a","n/a","n/a","n/a","n/a","n/a","n/a","n/a","n/a","n/a","n/a","n/a","n/a","n/a","n/a","n/a","n/a","n/a","n/a","n/a","n/a","n/a","n/a","n/a","n/a","n/a","n/a","n/a","n/a","n/a","n/a","n/a","n/a","n/a","n/a","n/a","n/a","n/a","n/a","n/a","n/a","n/a","n/a","n/a","n/a","n/a","n/a","n/a","n/a","n/a","n/a","n/a","n/a","n/a","n/a","n/a","n/a","n/a","n/a","n/a","n/a","n/a","n/a","n/a","n/a","n/a","n/a","n/a","n/a","n/a","n/a","n/a","n/a","n/a","n/a","n/a","n/a","n/a","n/a","n/a","n/a","n/a","n/a","n/a","n/a","n/a","n/a","n/a","n/a","n/a","n/a","n/a","n/a","n/a","n/a","n/a","n/a","n/a","n/a","n/a","n/a","n/a","n/a","n/a","n/a","n/a","n/a","n/a","n/a","n/a","-","-","-","-","-","-","-","-","-","-","-","-","-","-","-","-","-","-","-","-",10,20,"-",30,"-","-","-","-",10,20,"-",30,"Aerospace Manufacturing Fitter"]
["Standard - Aerospace Manufacturing Electrical, Mechanical and Systems Fitter",null,"n/a","n/a","n/a","n/a","n/a","n/a","n/a","n/a","n/a","n/a","n/a","n/a","n/a","n/a","n/a","n/a","n/a","n/a","n/a","n/a","n/a","n/a","n/a","n/a","n/a","n/a","n/a","n/a","n/a","n/a","n/a","n/a","n/a","n/a","n/a","n/a","n/a","n/a","n/a","n/a","n/a","n/a","n/a","n/a","n/a","n/a","n/a","n/a","n/a","n/a","n/a","n/a","n/a","n/a","n/a","n/a","n/a","n/a","n/a","n/a","n/a","n/a","n/a","n/a","n/a","n/a","n/a","n/a","n/a","n/a","n/a","n/a","n/a","n/a","n/a","n/a","n/a","n/a","n/a","n/a","n/a","n/a","n/a","n/a","n/a","n/a","n/a","n/a","n/a","n/a","n/a","n/a","n/a","n/a","n/a","n/a","n/a","n/a","n/a","n/a","n/a","n/a","n/a","n/a","n/a","n/a","n/a","n/a","n/a","n/a","n/a","n/a","n/a","n/a","n/a","n/a","n/a","n/a","n/a","n/a","n/a","n/a","n/a","n/a","n/a","n/a","n/a","n/a","n/a","n/a","n/a","n/a","n/a","n/a","n/a","n/a","n/a","n/a","n/a","n/a","n/a","n/a","n/a","n/a","n/a","n/a","n/a","n/a","n/a","n/a","n/a","n/a","n/a","n/a","n/a","n/a","-","-","-","-","-","-","-","-","-","-","-","-","-","-","-","-","-","-","-","-","-","-","-",10,"-","-","-","-","-","-","-",10,"Aerospace Manufacturing Electrical, Mechanical and Systems Fitter"]
["Standard - Aerospace Software Development Engineer",null,"n/a","n/a","n/a","n/a","n/a","n/a","n/a","n/a","n/a","n/a","n/a","n/a","n/a","n/a","n/a","n/a","n/a","n/a","n/a","n/a","n/a","n/a","n/a","n/a","n/a","n/a","n/a","n/a","n/a","n/a","n/a","n/a","n/a","n/a","n/a","n/a","n/a","n/a","n/a","n/a","n/a","n/a","n/a","n/a","n/a","n/a","n/a","n/a","n/a","n/a","n/a","n/a","n/a","n/a","n/a","n/a","n/a","n/a","n/a","n/a","n/a","n/a","n/a","n/a","n/a","n/a","n/a","n/a","n/a","n/a","n/a","n/a","n/a","n/a","n/a","n/a","n/a","n/a","n/a","n/a","n/a","n/a","n/a","n/a","n/a","n/a","n/a","n/a","n/a","n/a","n/a","n/a","n/a","n/a","n/a","n/a","n/a","n/a","n/a","n/a","n/a","n/a","n/a","n/a","n/a","n/a","n/a","n/a","n/a","n/a","n/a","n/a","n/a","n/a","n/a","n/a","n/a","n/a","n/a","n/a","n/a","n/a","n/a","n/a","n/a","n/a","n/a","n/a","n/a","n/a","n/a","n/a","n/a","n/a","n/a","n/a","n/a","n/a","n/a","n/a","n/a","n/a","n/a","n/a","n/a","n/a","n/a","n/a","n/a","n/a","n/a","n/a","n/a","n/a","n/a","n/a","-","-","-","-","-","-","-","-","-","-","-","-","-","-","-","-","-","-","-","-","-","-","-","-",10,10,"-",20,10,10,"-",20,"Aerospace Software Development Engineer"]
["Standard - Aircraft Maintenance Fitter / Technician (fixed and rotary wing)",null,"n/a","n/a","n/a","n/a","n/a","n/a","n/a","n/a","n/a","n/a","n/a","n/a","n/a","n/a","n/a","n/a","n/a","n/a","n/a","n/a","n/a","n/a","n/a","n/a","n/a","n/a","n/a","n/a","n/a","n/a","n/a","n/a","n/a","n/a","n/a","n/a","n/a","n/a","n/a","n/a","n/a","n/a","n/a","n/a","n/a","n/a","n/a","n/a","n/a","n/a","n/a","n/a","n/a","n/a","n/a","n/a","n/a","n/a","n/a","n/a","n/a","n/a","n/a","n/a","n/a","n/a","n/a","n/a","n/a","n/a","n/a","n/a","n/a","n/a","n/a","n/a","n/a","n/a","n/a","n/a","n/a","n/a","n/a","n/a","n/a","n/a","n/a","n/a","n/a","n/a","n/a","n/a","n/a","n/a","n/a","n/a","n/a","n/a","n/a","n/a","n/a","n/a","n/a","n/a","n/a","n/a","n/a","n/a","n/a","n/a","n/a","n/a","n/a","n/a","n/a","n/a","n/a","n/a","n/a","n/a","n/a","n/a","n/a","n/a","n/a","n/a","n/a","n/a","n/a","n/a","n/a","n/a","n/a","n/a","n/a","n/a","n/a","n/a","n/a","n/a","n/a","n/a","n/a","n/a","n/a","n/a","n/a","n/a","n/a","n/a","n/a","n/a","n/a","n/a","n/a","n/a","-","-","-","-","-","-","-","-","-","-","-","-","-","-","-","-","-","-","-","-","-","-","-","-","-","-","-","-","-","-","-","-","Aircraft Maintenance Fitter / Technician (fixed and rotary wing)"]
["Standard - Assistant Accountant",null,"n/a","n/a","n/a","n/a","n/a","n/a","n/a","n/a","n/a","n/a","n/a","n/a","n/a","n/a","n/a","n/a","n/a","n/a","n/a","n/a","n/a","n/a","n/a","n/a","n/a","n/a","n/a","n/a","n/a","n/a","n/a","n/a","n/a","n/a","n/a","n/a","n/a","n/a","n/a","n/a","n/a","n/a","n/a","n/a","n/a","n/a","n/a","n/a","n/a","n/a","n/a","n/a","n/a","n/a","n/a","n/a","n/a","n/a","n/a","n/a","n/a","n/a","n/a","n/a","n/a","n/a","n/a","n/a","n/a","n/a","n/a","n/a","n/a","n/a","n/a","n/a","n/a","n/a","n/a","n/a","n/a","n/a","n/a","n/a","n/a","n/a","n/a","n/a","n/a","n/a","n/a","n/a","n/a","n/a","n/a","n/a","n/a","n/a","n/a","n/a","n/a","n/a","n/a","n/a","n/a","n/a","n/a","n/a","n/a","n/a","n/a","n/a","n/a","n/a","n/a","n/a","n/a","n/a","n/a","n/a","n/a","n/a","n/a","n/a","n/a","n/a","n/a","n/a","n/a","n/a","n/a","n/a","n/a","n/a","n/a","n/a","n/a","n/a","n/a","n/a","n/a","n/a","n/a","n/a","n/a","n/a","n/a","n/a","n/a","n/a","n/a","n/a","n/a","n/a","n/a","n/a","-","-","-","-","-","-","-","-","-","-","-","-","-","-","-","-","-","-","-","-","-","-","-","-","-","-","-","-","-","-","-","-","Assistant Accountant"]
["Standard - Associate Project Manager",null,"n/a","n/a","n/a","n/a","n/a","n/a","n/a","n/a","n/a","n/a","n/a","n/a","n/a","n/a","n/a","n/a","n/a","n/a","n/a","n/a","n/a","n/a","n/a","n/a","n/a","n/a","n/a","n/a","n/a","n/a","n/a","n/a","n/a","n/a","n/a","n/a","n/a","n/a","n/a","n/a","n/a","n/a","n/a","n/a","n/a","n/a","n/a","n/a","n/a","n/a","n/a","n/a","n/a","n/a","n/a","n/a","n/a","n/a","n/a","n/a","n/a","n/a","n/a","n/a","n/a","n/a","n/a","n/a","n/a","n/a","n/a","n/a","n/a","n/a","n/a","n/a","n/a","n/a","n/a","n/a","n/a","n/a","n/a","n/a","n/a","n/a","n/a","n/a","n/a","n/a","n/a","n/a","n/a","n/a","n/a","n/a","n/a","n/a","n/a","n/a","n/a","n/a","n/a","n/a","n/a","n/a","n/a","n/a","n/a","n/a","n/a","n/a","n/a","n/a","n/a","n/a","n/a","n/a","n/a","n/a","n/a","n/a","n/a","n/a","n/a","n/a","n/a","n/a","n/a","n/a","n/a","n/a","n/a","n/a","n/a","n/a","n/a","n/a","n/a","n/a","n/a","n/a","n/a","n/a","n/a","n/a","n/a","n/a","n/a","n/a","n/a","n/a","n/a","n/a","n/a","n/a","-","-","-","-","-","-","-","-","-","-","-","-","-","-","-","-","-","-","-","-","-","-","-","-","-","-","-","-","-","-","-","-","Associate Project Manager"]
["Standard - Boatbuilder",null,"n/a","n/a","n/a","n/a","n/a","n/a","n/a","n/a","n/a","n/a","n/a","n/a","n/a","n/a","n/a","n/a","n/a","n/a","n/a","n/a","n/a","n/a","n/a","n/a","n/a","n/a","n/a","n/a","n/a","n/a","n/a","n/a","n/a","n/a","n/a","n/a","n/a","n/a","n/a","n/a","n/a","n/a","n/a","n/a","n/a","n/a","n/a","n/a","n/a","n/a","n/a","n/a","n/a","n/a","n/a","n/a","n/a","n/a","n/a","n/a","n/a","n/a","n/a","n/a","n/a","n/a","n/a","n/a","n/a","n/a","n/a","n/a","n/a","n/a","n/a","n/a","n/a","n/a","n/a","n/a","n/a","n/a","n/a","n/a","n/a","n/a","n/a","n/a","n/a","n/a","n/a","n/a","n/a","n/a","n/a","n/a","n/a","n/a","n/a","n/a","n/a","n/a","n/a","n/a","n/a","n/a","n/a","n/a","n/a","n/a","n/a","n/a","n/a","n/a","n/a","n/a","n/a","n/a","n/a","n/a","n/a","n/a","n/a","n/a","n/a","n/a","n/a","n/a","n/a","n/a","n/a","n/a","n/a","n/a","n/a","n/a","n/a","n/a","n/a","n/a","n/a","n/a","n/a","n/a","n/a","n/a","n/a","n/a","n/a","n/a","n/a","n/a","n/a","n/a","n/a","n/a","-","-","-","-","-","-","-","-","-","-","-","-","-","-","-","-","-","-","-","-","-","-","-","-","-","-","-","-","-","-","-","-","Boatbuilder"]
["Standard - Broadcast Production Assistant",null,"n/a","n/a","n/a","n/a","n/a","n/a","n/a","n/a","n/a","n/a","n/a","n/a","n/a","n/a","n/a","n/a","n/a","n/a","n/a","n/a","n/a","n/a","n/a","n/a","n/a","n/a","n/a","n/a","n/a","n/a","n/a","n/a","n/a","n/a","n/a","n/a","n/a","n/a","n/a","n/a","n/a","n/a","n/a","n/a","n/a","n/a","n/a","n/a","n/a","n/a","n/a","n/a","n/a","n/a","n/a","n/a","n/a","n/a","n/a","n/a","n/a","n/a","n/a","n/a","n/a","n/a","n/a","n/a","n/a","n/a","n/a","n/a","n/a","n/a","n/a","n/a","n/a","n/a","n/a","n/a","n/a","n/a","n/a","n/a","n/a","n/a","n/a","n/a","n/a","n/a","n/a","n/a","n/a","n/a","n/a","n/a","n/a","n/a","n/a","n/a","n/a","n/a","n/a","n/a","n/a","n/a","n/a","n/a","n/a","n/a","n/a","n/a","n/a","n/a","n/a","n/a","n/a","n/a","n/a","n/a","n/a","n/a","n/a","n/a","n/a","n/a","n/a","n/a","n/a","n/a","n/a","n/a","n/a","n/a","n/a","n/a","n/a","n/a","n/a","n/a","n/a","n/a","n/a","n/a","n/a","n/a","n/a","n/a","n/a","n/a","n/a","n/a","n/a","n/a","n/a","n/a","-","-","-","-","-","-","-","-","-","-","-","-","-","-","-","-","-","-","-","-","-","-","-","-","-","-","-","-","-","-","-","-","Broadcast Production Assistant"]
["Standard - Butcher",null,"n/a","n/a","n/a","n/a","n/a","n/a","n/a","n/a","n/a","n/a","n/a","n/a","n/a","n/a","n/a","n/a","n/a","n/a","n/a","n/a","n/a","n/a","n/a","n/a","n/a","n/a","n/a","n/a","n/a","n/a","n/a","n/a","n/a","n/a","n/a","n/a","n/a","n/a","n/a","n/a","n/a","n/a","n/a","n/a","n/a","n/a","n/a","n/a","n/a","n/a","n/a","n/a","n/a","n/a","n/a","n/a","n/a","n/a","n/a","n/a","n/a","n/a","n/a","n/a","n/a","n/a","n/a","n/a","n/a","n/a","n/a","n/a","n/a","n/a","n/a","n/a","n/a","n/a","n/a","n/a","n/a","n/a","n/a","n/a","n/a","n/a","n/a","n/a","n/a","n/a","n/a","n/a","n/a","n/a","n/a","n/a","n/a","n/a","n/a","n/a","n/a","n/a","n/a","n/a","n/a","n/a","n/a","n/a","n/a","n/a","n/a","n/a","n/a","n/a","n/a","n/a","n/a","n/a","n/a","n/a","n/a","n/a","n/a","n/a","n/a","n/a","n/a","n/a","n/a","n/a","n/a","n/a","n/a","n/a","n/a","n/a","n/a","n/a","n/a","n/a","n/a","n/a","n/a","n/a","n/a","n/a","n/a","n/a","n/a","n/a","n/a","n/a","n/a","n/a","n/a","n/a","-","-","-","-","-","-","-","-","-","-","-","-","-","-","-","-",20,10,10,40,"-","-","-","-","-","-","-","-",20,10,10,40,"Butcher"]
["Standard - Chartered Manager Degree Apprenticeship",null,"n/a","n/a","n/a","n/a","n/a","n/a","n/a","n/a","n/a","n/a","n/a","n/a","n/a","n/a","n/a","n/a","n/a","n/a","n/a","n/a","n/a","n/a","n/a","n/a","n/a","n/a","n/a","n/a","n/a","n/a","n/a","n/a","n/a","n/a","n/a","n/a","n/a","n/a","n/a","n/a","n/a","n/a","n/a","n/a","n/a","n/a","n/a","n/a","n/a","n/a","n/a","n/a","n/a","n/a","n/a","n/a","n/a","n/a","n/a","n/a","n/a","n/a","n/a","n/a","n/a","n/a","n/a","n/a","n/a","n/a","n/a","n/a","n/a","n/a","n/a","n/a","n/a","n/a","n/a","n/a","n/a","n/a","n/a","n/a","n/a","n/a","n/a","n/a","n/a","n/a","n/a","n/a","n/a","n/a","n/a","n/a","n/a","n/a","n/a","n/a","n/a","n/a","n/a","n/a","n/a","n/a","n/a","n/a","n/a","n/a","n/a","n/a","n/a","n/a","n/a","n/a","n/a","n/a","n/a","n/a","n/a","n/a","n/a","n/a","n/a","n/a","n/a","n/a","n/a","n/a","n/a","n/a","n/a","n/a","n/a","n/a","n/a","n/a","n/a","n/a","n/a","n/a","n/a","n/a","n/a","n/a","n/a","n/a","n/a","n/a","n/a","n/a","n/a","n/a","n/a","n/a","-","-","-","-","-","-","-","-","-","-","-","-","-","-","-","-","-","-","-","-","-","-","-","-",20,30,10,60,20,30,10,60,"Chartered Manager Degree Apprenticeship"]
["Standard - Chartered Surveyor",null,"n/a","n/a","n/a","n/a","n/a","n/a","n/a","n/a","n/a","n/a","n/a","n/a","n/a","n/a","n/a","n/a","n/a","n/a","n/a","n/a","n/a","n/a","n/a","n/a","n/a","n/a","n/a","n/a","n/a","n/a","n/a","n/a","n/a","n/a","n/a","n/a","n/a","n/a","n/a","n/a","n/a","n/a","n/a","n/a","n/a","n/a","n/a","n/a","n/a","n/a","n/a","n/a","n/a","n/a","n/a","n/a","n/a","n/a","n/a","n/a","n/a","n/a","n/a","n/a","n/a","n/a","n/a","n/a","n/a","n/a","n/a","n/a","n/a","n/a","n/a","n/a","n/a","n/a","n/a","n/a","n/a","n/a","n/a","n/a","n/a","n/a","n/a","n/a","n/a","n/a","n/a","n/a","n/a","n/a","n/a","n/a","n/a","n/a","n/a","n/a","n/a","n/a","n/a","n/a","n/a","n/a","n/a","n/a","n/a","n/a","n/a","n/a","n/a","n/a","n/a","n/a","n/a","n/a","n/a","n/a","n/a","n/a","n/a","n/a","n/a","n/a","n/a","n/a","n/a","n/a","n/a","n/a","n/a","n/a","n/a","n/a","n/a","n/a","n/a","n/a","n/a","n/a","n/a","n/a","n/a","n/a","n/a","n/a","n/a","n/a","n/a","n/a","n/a","n/a","n/a","n/a","-","-","-","-","-","-","-","-","-","-","-","-","-","-","-","-","-","-","-","-","-","-","-","-",10,40,20,70,10,40,20,70,"Chartered Surveyor"]
["Standard - Commis Chef",null,"n/a","n/a","n/a","n/a","n/a","n/a","n/a","n/a","n/a","n/a","n/a","n/a","n/a","n/a","n/a","n/a","n/a","n/a","n/a","n/a","n/a","n/a","n/a","n/a","n/a","n/a","n/a","n/a","n/a","n/a","n/a","n/a","n/a","n/a","n/a","n/a","n/a","n/a","n/a","n/a","n/a","n/a","n/a","n/a","n/a","n/a","n/a","n/a","n/a","n/a","n/a","n/a","n/a","n/a","n/a","n/a","n/a","n/a","n/a","n/a","n/a","n/a","n/a","n/a","n/a","n/a","n/a","n/a","n/a","n/a","n/a","n/a","n/a","n/a","n/a","n/a","n/a","n/a","n/a","n/a","n/a","n/a","n/a","n/a","n/a","n/a","n/a","n/a","n/a","n/a","n/a","n/a","n/a","n/a","n/a","n/a","n/a","n/a","n/a","n/a","n/a","n/a","n/a","n/a","n/a","n/a","n/a","n/a","n/a","n/a","n/a","n/a","n/a","n/a","n/a","n/a","n/a","n/a","n/a","n/a","n/a","n/a","n/a","n/a","n/a","n/a","n/a","n/a","n/a","n/a","n/a","n/a","n/a","n/a","n/a","n/a","n/a","n/a","n/a","n/a","n/a","n/a","n/a","n/a","n/a","n/a","n/a","n/a","n/a","n/a","n/a","n/a","n/a","n/a","n/a","n/a","-","-","-","-","-","-","-","-","-","-","-","-","-","-","-","-","-","-","-","-","-","-","-","-","-","-","-","-","-","-","-","-","Commis Chef"]
["Standard - Control/Technical Support Engineer",null,"n/a","n/a","n/a","n/a","n/a","n/a","n/a","n/a","n/a","n/a","n/a","n/a","n/a","n/a","n/a","n/a","n/a","n/a","n/a","n/a","n/a","n/a","n/a","n/a","n/a","n/a","n/a","n/a","n/a","n/a","n/a","n/a","n/a","n/a","n/a","n/a","n/a","n/a","n/a","n/a","n/a","n/a","n/a","n/a","n/a","n/a","n/a","n/a","n/a","n/a","n/a","n/a","n/a","n/a","n/a","n/a","n/a","n/a","n/a","n/a","n/a","n/a","n/a","n/a","n/a","n/a","n/a","n/a","n/a","n/a","n/a","n/a","n/a","n/a","n/a","n/a","n/a","n/a","n/a","n/a","n/a","n/a","n/a","n/a","n/a","n/a","n/a","n/a","n/a","n/a","n/a","n/a","n/a","n/a","n/a","n/a","n/a","n/a","n/a","n/a","n/a","n/a","n/a","n/a","n/a","n/a","n/a","n/a","n/a","n/a","n/a","n/a","n/a","n/a","n/a","n/a","n/a","n/a","n/a","n/a","n/a","n/a","n/a","n/a","n/a","n/a","n/a","n/a","n/a","n/a","n/a","n/a","n/a","n/a","n/a","n/a","n/a","n/a","n/a","n/a","n/a","n/a","n/a","n/a","n/a","n/a","n/a","n/a","n/a","n/a","n/a","n/a","n/a","n/a","n/a","n/a","-","-","-","-","-","-","-","-","-","-","-","-","-","-","-","-","-","-","-","-","-","-","-","-","-",10,"-",10,"-",10,"-",10,"Control/Technical Support Engineer"]
["Standard - Conveyancing Technician",null,"n/a","n/a","n/a","n/a","n/a","n/a","n/a","n/a","n/a","n/a","n/a","n/a","n/a","n/a","n/a","n/a","n/a","n/a","n/a","n/a","n/a","n/a","n/a","n/a","n/a","n/a","n/a","n/a","n/a","n/a","n/a","n/a","n/a","n/a","n/a","n/a","n/a","n/a","n/a","n/a","n/a","n/a","n/a","n/a","n/a","n/a","n/a","n/a","n/a","n/a","n/a","n/a","n/a","n/a","n/a","n/a","n/a","n/a","n/a","n/a","n/a","n/a","n/a","n/a","n/a","n/a","n/a","n/a","n/a","n/a","n/a","n/a","n/a","n/a","n/a","n/a","n/a","n/a","n/a","n/a","n/a","n/a","n/a","n/a","n/a","n/a","n/a","n/a","n/a","n/a","n/a","n/a","n/a","n/a","n/a","n/a","n/a","n/a","n/a","n/a","n/a","n/a","n/a","n/a","n/a","n/a","n/a","n/a","n/a","n/a","n/a","n/a","n/a","n/a","n/a","n/a","n/a","n/a","n/a","n/a","n/a","n/a","n/a","n/a","n/a","n/a","n/a","n/a","n/a","n/a","n/a","n/a","n/a","n/a","n/a","n/a","n/a","n/a","n/a","n/a","n/a","n/a","n/a","n/a","n/a","n/a","n/a","n/a","n/a","n/a","n/a","n/a","n/a","n/a","n/a","n/a","-","-","-","-","-","-","-","-","-","-","-","-","-","-","-","-","-","-","-","-","-","-","-","-","-","-","-","-","-","-","-","-","Conveyancing Technician"]
["Standard - Credit Controller/Collector",null,"n/a","n/a","n/a","n/a","n/a","n/a","n/a","n/a","n/a","n/a","n/a","n/a","n/a","n/a","n/a","n/a","n/a","n/a","n/a","n/a","n/a","n/a","n/a","n/a","n/a","n/a","n/a","n/a","n/a","n/a","n/a","n/a","n/a","n/a","n/a","n/a","n/a","n/a","n/a","n/a","n/a","n/a","n/a","n/a","n/a","n/a","n/a","n/a","n/a","n/a","n/a","n/a","n/a","n/a","n/a","n/a","n/a","n/a","n/a","n/a","n/a","n/a","n/a","n/a","n/a","n/a","n/a","n/a","n/a","n/a","n/a","n/a","n/a","n/a","n/a","n/a","n/a","n/a","n/a","n/a","n/a","n/a","n/a","n/a","n/a","n/a","n/a","n/a","n/a","n/a","n/a","n/a","n/a","n/a","n/a","n/a","n/a","n/a","n/a","n/a","n/a","n/a","n/a","n/a","n/a","n/a","n/a","n/a","n/a","n/a","n/a","n/a","n/a","n/a","n/a","n/a","n/a","n/a","n/a","n/a","n/a","n/a","n/a","n/a","n/a","n/a","n/a","n/a","n/a","n/a","n/a","n/a","n/a","n/a","n/a","n/a","n/a","n/a","n/a","n/a","n/a","n/a","n/a","n/a","n/a","n/a","n/a","n/a","n/a","n/a","n/a","n/a","n/a","n/a","n/a","n/a","-","-","-","-","-","-","-","-","-","-","-","-","-","-","-","-","-","-","-","-","-","-","-","-","-","-","-","-","-","-","-","-","Credit Controller/Collector"]
["Standard - Customer Service Practitioner",null,"n/a","n/a","n/a","n/a","n/a","n/a","n/a","n/a","n/a","n/a","n/a","n/a","n/a","n/a","n/a","n/a","n/a","n/a","n/a","n/a","n/a","n/a","n/a","n/a","n/a","n/a","n/a","n/a","n/a","n/a","n/a","n/a","n/a","n/a","n/a","n/a","n/a","n/a","n/a","n/a","n/a","n/a","n/a","n/a","n/a","n/a","n/a","n/a","n/a","n/a","n/a","n/a","n/a","n/a","n/a","n/a","n/a","n/a","n/a","n/a","n/a","n/a","n/a","n/a","n/a","n/a","n/a","n/a","n/a","n/a","n/a","n/a","n/a","n/a","n/a","n/a","n/a","n/a","n/a","n/a","n/a","n/a","n/a","n/a","n/a","n/a","n/a","n/a","n/a","n/a","n/a","n/a","n/a","n/a","n/a","n/a","n/a","n/a","n/a","n/a","n/a","n/a","n/a","n/a","n/a","n/a","n/a","n/a","n/a","n/a","n/a","n/a","n/a","n/a","n/a","n/a","n/a","n/a","n/a","n/a","n/a","n/a","n/a","n/a","n/a","n/a","n/a","n/a","n/a","n/a","n/a","n/a","n/a","n/a","n/a","n/a","n/a","n/a","n/a","n/a","n/a","n/a","n/a","n/a","n/a","n/a","n/a","n/a","n/a","n/a","n/a","n/a","n/a","n/a","n/a","n/a","-","-","-","-","-","-","-","-","-","-","-","-","-","-","-","-","-","-",30,30,"-","-","-","-","-","-","-","-","-","-",30,30,"Customer Service Practitioner"]
["Standard - Cyber Intrusion Analyst",null,"n/a","n/a","n/a","n/a","n/a","n/a","n/a","n/a","n/a","n/a","n/a","n/a","n/a","n/a","n/a","n/a","n/a","n/a","n/a","n/a","n/a","n/a","n/a","n/a","n/a","n/a","n/a","n/a","n/a","n/a","n/a","n/a","n/a","n/a","n/a","n/a","n/a","n/a","n/a","n/a","n/a","n/a","n/a","n/a","n/a","n/a","n/a","n/a","n/a","n/a","n/a","n/a","n/a","n/a","n/a","n/a","n/a","n/a","n/a","n/a","n/a","n/a","n/a","n/a","n/a","n/a","n/a","n/a","n/a","n/a","n/a","n/a","n/a","n/a","n/a","n/a","n/a","n/a","n/a","n/a","n/a","n/a","n/a","n/a","n/a","n/a","n/a","n/a","n/a","n/a","n/a","n/a","n/a","n/a","n/a","n/a","n/a","n/a","n/a","n/a","n/a","n/a","n/a","n/a","n/a","n/a","n/a","n/a","n/a","n/a","n/a","n/a","n/a","n/a","n/a","n/a","n/a","n/a","n/a","n/a","n/a","n/a","n/a","n/a","n/a","n/a","n/a","n/a","n/a","n/a","n/a","n/a","n/a","n/a","n/a","n/a","n/a","n/a","n/a","n/a","n/a","n/a","n/a","n/a","n/a","n/a","n/a","n/a","n/a","n/a","n/a","n/a","n/a","n/a","n/a","n/a","-","-","-","-","-","-","-","-","-","-","-","-","-","-","-","-","-","-","-","-","-","-","-","-","-","-","-","-","-","-","-","-","Cyber Intrusion Analyst"]
["Standard - Cyber Security Technologist",null,"n/a","n/a","n/a","n/a","n/a","n/a","n/a","n/a","n/a","n/a","n/a","n/a","n/a","n/a","n/a","n/a","n/a","n/a","n/a","n/a","n/a","n/a","n/a","n/a","n/a","n/a","n/a","n/a","n/a","n/a","n/a","n/a","n/a","n/a","n/a","n/a","n/a","n/a","n/a","n/a","n/a","n/a","n/a","n/a","n/a","n/a","n/a","n/a","n/a","n/a","n/a","n/a","n/a","n/a","n/a","n/a","n/a","n/a","n/a","n/a","n/a","n/a","n/a","n/a","n/a","n/a","n/a","n/a","n/a","n/a","n/a","n/a","n/a","n/a","n/a","n/a","n/a","n/a","n/a","n/a","n/a","n/a","n/a","n/a","n/a","n/a","n/a","n/a","n/a","n/a","n/a","n/a","n/a","n/a","n/a","n/a","n/a","n/a","n/a","n/a","n/a","n/a","n/a","n/a","n/a","n/a","n/a","n/a","n/a","n/a","n/a","n/a","n/a","n/a","n/a","n/a","n/a","n/a","n/a","n/a","n/a","n/a","n/a","n/a","n/a","n/a","n/a","n/a","n/a","n/a","n/a","n/a","n/a","n/a","n/a","n/a","n/a","n/a","n/a","n/a","n/a","n/a","n/a","n/a","n/a","n/a","n/a","n/a","n/a","n/a","n/a","n/a","n/a","n/a","n/a","n/a","-","-","-","-","-","-","-","-","-","-","-","-","-","-","-","-","-","-","-","-","-","-","-","-","-","-","-","-","-","-","-","-","Cyber Security Technologist"]
["Standard - Data Analyst",null,"n/a","n/a","n/a","n/a","n/a","n/a","n/a","n/a","n/a","n/a","n/a","n/a","n/a","n/a","n/a","n/a","n/a","n/a","n/a","n/a","n/a","n/a","n/a","n/a","n/a","n/a","n/a","n/a","n/a","n/a","n/a","n/a","n/a","n/a","n/a","n/a","n/a","n/a","n/a","n/a","n/a","n/a","n/a","n/a","n/a","n/a","n/a","n/a","n/a","n/a","n/a","n/a","n/a","n/a","n/a","n/a","n/a","n/a","n/a","n/a","n/a","n/a","n/a","n/a","n/a","n/a","n/a","n/a","n/a","n/a","n/a","n/a","n/a","n/a","n/a","n/a","n/a","n/a","n/a","n/a","n/a","n/a","n/a","n/a","n/a","n/a","n/a","n/a","n/a","n/a","n/a","n/a","n/a","n/a","n/a","n/a","n/a","n/a","n/a","n/a","n/a","n/a","n/a","n/a","n/a","n/a","n/a","n/a","n/a","n/a","n/a","n/a","n/a","n/a","n/a","n/a","n/a","n/a","n/a","n/a","n/a","n/a","n/a","n/a","n/a","n/a","n/a","n/a","n/a","n/a","n/a","n/a","n/a","n/a","n/a","n/a","n/a","n/a","n/a","n/a","n/a","n/a","n/a","n/a","n/a","n/a","n/a","n/a","n/a","n/a","n/a","n/a","n/a","n/a","n/a","n/a","-","-","-","-","-","-","-","-","-","-","-","-","-","-","-","-","-","-","-","-","-","-","-","-","-","-","-","-","-","-","-","-","Data Analyst"]
["Standard - Dental Nurse",null,"n/a","n/a","n/a","n/a","n/a","n/a","n/a","n/a","n/a","n/a","n/a","n/a","n/a","n/a","n/a","n/a","n/a","n/a","n/a","n/a","n/a","n/a","n/a","n/a","n/a","n/a","n/a","n/a","n/a","n/a","n/a","n/a","n/a","n/a","n/a","n/a","n/a","n/a","n/a","n/a","n/a","n/a","n/a","n/a","n/a","n/a","n/a","n/a","n/a","n/a","n/a","n/a","n/a","n/a","n/a","n/a","n/a","n/a","n/a","n/a","n/a","n/a","n/a","n/a","n/a","n/a","n/a","n/a","n/a","n/a","n/a","n/a","n/a","n/a","n/a","n/a","n/a","n/a","n/a","n/a","n/a","n/a","n/a","n/a","n/a","n/a","n/a","n/a","n/a","n/a","n/a","n/a","n/a","n/a","n/a","n/a","n/a","n/a","n/a","n/a","n/a","n/a","n/a","n/a","n/a","n/a","n/a","n/a","n/a","n/a","n/a","n/a","n/a","n/a","n/a","n/a","n/a","n/a","n/a","n/a","n/a","n/a","n/a","n/a","n/a","n/a","n/a","n/a","n/a","n/a","n/a","n/a","n/a","n/a","n/a","n/a","n/a","n/a","n/a","n/a","n/a","n/a","n/a","n/a","n/a","n/a","n/a","n/a","n/a","n/a","n/a","n/a","n/a","n/a","n/a","n/a","-","-","-","-","-","-","-","-","-","-","-","-","-","-","-","-","-","-","-","-","-","-","-","-","-","-","-","-","-","-","-","-","Dental Nurse"]
["Standard - Digital and Technology Solutions Professional",null,"n/a","n/a","n/a","n/a","n/a","n/a","n/a","n/a","n/a","n/a","n/a","n/a","n/a","n/a","n/a","n/a","n/a","n/a","n/a","n/a","n/a","n/a","n/a","n/a","n/a","n/a","n/a","n/a","n/a","n/a","n/a","n/a","n/a","n/a","n/a","n/a","n/a","n/a","n/a","n/a","n/a","n/a","n/a","n/a","n/a","n/a","n/a","n/a","n/a","n/a","n/a","n/a","n/a","n/a","n/a","n/a","n/a","n/a","n/a","n/a","n/a","n/a","n/a","n/a","n/a","n/a","n/a","n/a","n/a","n/a","n/a","n/a","n/a","n/a","n/a","n/a","n/a","n/a","n/a","n/a","n/a","n/a","n/a","n/a","n/a","n/a","n/a","n/a","n/a","n/a","n/a","n/a","n/a","n/a","n/a","n/a","n/a","n/a","n/a","n/a","n/a","n/a","n/a","n/a","n/a","n/a","n/a","n/a","n/a","n/a","n/a","n/a","n/a","n/a","n/a","n/a","n/a","n/a","n/a","n/a","n/a","n/a","n/a","n/a","n/a","n/a","n/a","n/a","n/a","n/a","n/a","n/a","n/a","n/a","n/a","n/a","n/a","n/a","n/a","n/a","n/a","n/a","n/a","n/a","n/a","n/a","n/a","n/a","n/a","n/a","n/a","n/a","n/a","n/a","n/a","n/a","-","-","-","-","-","-","-","-","-","-","-","-","-","-","-","-","-","-","-","-","-","-","-","-",60,250,30,350,60,250,30,350,"Digital and Technology Solutions Professional"]
["Standard - Digital Marketer",null,"n/a","n/a","n/a","n/a","n/a","n/a","n/a","n/a","n/a","n/a","n/a","n/a","n/a","n/a","n/a","n/a","n/a","n/a","n/a","n/a","n/a","n/a","n/a","n/a","n/a","n/a","n/a","n/a","n/a","n/a","n/a","n/a","n/a","n/a","n/a","n/a","n/a","n/a","n/a","n/a","n/a","n/a","n/a","n/a","n/a","n/a","n/a","n/a","n/a","n/a","n/a","n/a","n/a","n/a","n/a","n/a","n/a","n/a","n/a","n/a","n/a","n/a","n/a","n/a","n/a","n/a","n/a","n/a","n/a","n/a","n/a","n/a","n/a","n/a","n/a","n/a","n/a","n/a","n/a","n/a","n/a","n/a","n/a","n/a","n/a","n/a","n/a","n/a","n/a","n/a","n/a","n/a","n/a","n/a","n/a","n/a","n/a","n/a","n/a","n/a","n/a","n/a","n/a","n/a","n/a","n/a","n/a","n/a","n/a","n/a","n/a","n/a","n/a","n/a","n/a","n/a","n/a","n/a","n/a","n/a","n/a","n/a","n/a","n/a","n/a","n/a","n/a","n/a","n/a","n/a","n/a","n/a","n/a","n/a","n/a","n/a","n/a","n/a","n/a","n/a","n/a","n/a","n/a","n/a","n/a","n/a","n/a","n/a","n/a","n/a","n/a","n/a","n/a","n/a","n/a","n/a","-","-","-","-","-","-","-","-","-","-","-","-","-","-","-","-","-","-","-","-","-","-","-","-","-","-","-","-","-","-","-","-","Digital Marketer"]
["Standard - Dual Fuel Smart Meter Installer",null,"n/a","n/a","n/a","n/a","n/a","n/a","n/a","n/a","n/a","n/a","n/a","n/a","n/a","n/a","n/a","n/a","n/a","n/a","n/a","n/a","n/a","n/a","n/a","n/a","n/a","n/a","n/a","n/a","n/a","n/a","n/a","n/a","n/a","n/a","n/a","n/a","n/a","n/a","n/a","n/a","n/a","n/a","n/a","n/a","n/a","n/a","n/a","n/a","n/a","n/a","n/a","n/a","n/a","n/a","n/a","n/a","n/a","n/a","n/a","n/a","n/a","n/a","n/a","n/a","n/a","n/a","n/a","n/a","n/a","n/a","n/a","n/a","n/a","n/a","n/a","n/a","n/a","n/a","n/a","n/a","n/a","n/a","n/a","n/a","n/a","n/a","n/a","n/a","n/a","n/a","n/a","n/a","n/a","n/a","n/a","n/a","n/a","n/a","n/a","n/a","n/a","n/a","n/a","n/a","n/a","n/a","n/a","n/a","n/a","n/a","n/a","n/a","n/a","n/a","n/a","n/a","n/a","n/a","n/a","n/a","n/a","n/a","n/a","n/a","n/a","n/a","n/a","n/a","n/a","n/a","n/a","n/a","n/a","n/a","n/a","n/a","n/a","n/a","n/a","n/a","n/a","n/a","n/a","n/a","n/a","n/a","n/a","n/a","n/a","n/a","n/a","n/a","n/a","n/a","n/a","n/a","-","-","-","-","-","-","-","-","-","-","-","-","-","-","-","-",90,120,230,440,"-","-","-","-","-","-","-","-",90,120,230,440,"Dual Fuel Smart Meter Installer"]
["Standard - Electrical/Electronic Technical Support Engineer",null,"n/a","n/a","n/a","n/a","n/a","n/a","n/a","n/a","n/a","n/a","n/a","n/a","n/a","n/a","n/a","n/a","n/a","n/a","n/a","n/a","n/a","n/a","n/a","n/a","n/a","n/a","n/a","n/a","n/a","n/a","n/a","n/a","n/a","n/a","n/a","n/a","n/a","n/a","n/a","n/a","n/a","n/a","n/a","n/a","n/a","n/a","n/a","n/a","n/a","n/a","n/a","n/a","n/a","n/a","n/a","n/a","n/a","n/a","n/a","n/a","n/a","n/a","n/a","n/a","n/a","n/a","n/a","n/a","n/a","n/a","n/a","n/a","n/a","n/a","n/a","n/a","n/a","n/a","n/a","n/a","n/a","n/a","n/a","n/a","n/a","n/a","n/a","n/a","n/a","n/a","n/a","n/a","n/a","n/a","n/a","n/a","n/a","n/a","n/a","n/a","n/a","n/a","n/a","n/a","n/a","n/a","n/a","n/a","n/a","n/a","n/a","n/a","n/a","n/a","n/a","n/a","n/a","n/a","n/a","n/a","n/a","n/a","n/a","n/a","n/a","n/a","n/a","n/a","n/a","n/a","n/a","n/a","n/a","n/a","n/a","n/a","n/a","n/a","n/a","n/a","n/a","n/a","n/a","n/a","n/a","n/a","n/a","n/a","n/a","n/a","n/a","n/a","n/a","n/a","n/a","n/a","-","-","-","-","-","-","-","-","-",10,"-",10,"-",10,"-",10,"-","-","-","-","-","-","-","-",30,10,"-",40,30,10,"-",40,"Electrical/Electronic Technical Support Engineer"]
["Standard - Financial Services Administrator",null,"n/a","n/a","n/a","n/a","n/a","n/a","n/a","n/a","n/a","n/a","n/a","n/a","n/a","n/a","n/a","n/a","n/a","n/a","n/a","n/a","n/a","n/a","n/a","n/a","n/a","n/a","n/a","n/a","n/a","n/a","n/a","n/a","n/a","n/a","n/a","n/a","n/a","n/a","n/a","n/a","n/a","n/a","n/a","n/a","n/a","n/a","n/a","n/a","n/a","n/a","n/a","n/a","n/a","n/a","n/a","n/a","n/a","n/a","n/a","n/a","n/a","n/a","n/a","n/a","n/a","n/a","n/a","n/a","n/a","n/a","n/a","n/a","n/a","n/a","n/a","n/a","n/a","n/a","n/a","n/a","n/a","n/a","n/a","n/a","n/a","n/a","n/a","n/a","n/a","n/a","n/a","n/a","n/a","n/a","n/a","n/a","n/a","n/a","n/a","n/a","n/a","n/a","n/a","n/a","n/a","n/a","n/a","n/a","n/a","n/a","n/a","n/a","n/a","n/a","n/a","n/a","n/a","n/a","n/a","n/a","n/a","n/a","n/a","n/a","n/a","n/a","n/a","n/a","n/a","n/a","n/a","n/a","n/a","n/a","n/a","n/a","n/a","n/a","n/a","n/a","n/a","n/a","n/a","n/a","n/a","n/a","n/a","n/a","n/a","n/a","n/a","n/a","n/a","n/a","n/a","n/a","-","-","-","-","-","-","-","-","-","-","-","-","-","-","-","-","-","-","-","-",10,10,"-",20,"-","-","-","-",10,10,"-",20,"Financial Services Administrator"]
["Standard - Financial Services Customer Adviser",null,"n/a","n/a","n/a","n/a","n/a","n/a","n/a","n/a","n/a","n/a","n/a","n/a","n/a","n/a","n/a","n/a","n/a","n/a","n/a","n/a","n/a","n/a","n/a","n/a","n/a","n/a","n/a","n/a","n/a","n/a","n/a","n/a","n/a","n/a","n/a","n/a","n/a","n/a","n/a","n/a","n/a","n/a","n/a","n/a","n/a","n/a","n/a","n/a","n/a","n/a","n/a","n/a","n/a","n/a","n/a","n/a","n/a","n/a","n/a","n/a","n/a","n/a","n/a","n/a","n/a","n/a","n/a","n/a","n/a","n/a","n/a","n/a","n/a","n/a","n/a","n/a","n/a","n/a","n/a","n/a","n/a","n/a","n/a","n/a","n/a","n/a","n/a","n/a","n/a","n/a","n/a","n/a","n/a","n/a","n/a","n/a","n/a","n/a","n/a","n/a","n/a","n/a","n/a","n/a","n/a","n/a","n/a","n/a","n/a","n/a","n/a","n/a","n/a","n/a","n/a","n/a","n/a","n/a","n/a","n/a","n/a","n/a","n/a","n/a","n/a","n/a","n/a","n/a","n/a","n/a","n/a","n/a","n/a","n/a","n/a","n/a","n/a","n/a","n/a","n/a","n/a","n/a","n/a","n/a","n/a","n/a","n/a","n/a","n/a","n/a","n/a","n/a","n/a","n/a","n/a","n/a","-","-","-","-","-","-","-","-","-","-","-","-","-","-","-","-",10,40,30,80,"-","-","-","-","-","-","-","-",10,40,30,80,"Financial Services Customer Adviser"]
["Standard - Food and Drink Advanced Process Operator",null,"n/a","n/a","n/a","n/a","n/a","n/a","n/a","n/a","n/a","n/a","n/a","n/a","n/a","n/a","n/a","n/a","n/a","n/a","n/a","n/a","n/a","n/a","n/a","n/a","n/a","n/a","n/a","n/a","n/a","n/a","n/a","n/a","n/a","n/a","n/a","n/a","n/a","n/a","n/a","n/a","n/a","n/a","n/a","n/a","n/a","n/a","n/a","n/a","n/a","n/a","n/a","n/a","n/a","n/a","n/a","n/a","n/a","n/a","n/a","n/a","n/a","n/a","n/a","n/a","n/a","n/a","n/a","n/a","n/a","n/a","n/a","n/a","n/a","n/a","n/a","n/a","n/a","n/a","n/a","n/a","n/a","n/a","n/a","n/a","n/a","n/a","n/a","n/a","n/a","n/a","n/a","n/a","n/a","n/a","n/a","n/a","n/a","n/a","n/a","n/a","n/a","n/a","n/a","n/a","n/a","n/a","n/a","n/a","n/a","n/a","n/a","n/a","n/a","n/a","n/a","n/a","n/a","n/a","n/a","n/a","n/a","n/a","n/a","n/a","n/a","n/a","n/a","n/a","n/a","n/a","n/a","n/a","n/a","n/a","n/a","n/a","n/a","n/a","n/a","n/a","n/a","n/a","n/a","n/a","n/a","n/a","n/a","n/a","n/a","n/a","n/a","n/a","n/a","n/a","n/a","n/a","-","-","-","-","-","-","-","-","-","-","-","-","-","-","-","-","-","-","-","-","-","-","-","-","-","-","-","-","-","-","-","-","Food and Drink Advanced Process Operator"]
["Standard - Food and Drink Maintenance Engineer",null,"n/a","n/a","n/a","n/a","n/a","n/a","n/a","n/a","n/a","n/a","n/a","n/a","n/a","n/a","n/a","n/a","n/a","n/a","n/a","n/a","n/a","n/a","n/a","n/a","n/a","n/a","n/a","n/a","n/a","n/a","n/a","n/a","n/a","n/a","n/a","n/a","n/a","n/a","n/a","n/a","n/a","n/a","n/a","n/a","n/a","n/a","n/a","n/a","n/a","n/a","n/a","n/a","n/a","n/a","n/a","n/a","n/a","n/a","n/a","n/a","n/a","n/a","n/a","n/a","n/a","n/a","n/a","n/a","n/a","n/a","n/a","n/a","n/a","n/a","n/a","n/a","n/a","n/a","n/a","n/a","n/a","n/a","n/a","n/a","n/a","n/a","n/a","n/a","n/a","n/a","n/a","n/a","n/a","n/a","n/a","n/a","n/a","n/a","n/a","n/a","n/a","n/a","n/a","n/a","n/a","n/a","n/a","n/a","n/a","n/a","n/a","n/a","n/a","n/a","n/a","n/a","n/a","n/a","n/a","n/a","n/a","n/a","n/a","n/a","n/a","n/a","n/a","n/a","n/a","n/a","n/a","n/a","n/a","n/a","n/a","n/a","n/a","n/a","n/a","n/a","n/a","n/a","n/a","n/a","n/a","n/a","n/a","n/a","n/a","n/a","n/a","n/a","n/a","n/a","n/a","n/a","-","-","-","-","-","-","-","-","-","-","-","-","-","-","-","-","-","-","-","-","-","-","-","-","-","-","-","-","-","-","-","-","Food and Drink Maintenance Engineer"]
["Standard - Furniture Manufacturer",null,"n/a","n/a","n/a","n/a","n/a","n/a","n/a","n/a","n/a","n/a","n/a","n/a","n/a","n/a","n/a","n/a","n/a","n/a","n/a","n/a","n/a","n/a","n/a","n/a","n/a","n/a","n/a","n/a","n/a","n/a","n/a","n/a","n/a","n/a","n/a","n/a","n/a","n/a","n/a","n/a","n/a","n/a","n/a","n/a","n/a","n/a","n/a","n/a","n/a","n/a","n/a","n/a","n/a","n/a","n/a","n/a","n/a","n/a","n/a","n/a","n/a","n/a","n/a","n/a","n/a","n/a","n/a","n/a","n/a","n/a","n/a","n/a","n/a","n/a","n/a","n/a","n/a","n/a","n/a","n/a","n/a","n/a","n/a","n/a","n/a","n/a","n/a","n/a","n/a","n/a","n/a","n/a","n/a","n/a","n/a","n/a","n/a","n/a","n/a","n/a","n/a","n/a","n/a","n/a","n/a","n/a","n/a","n/a","n/a","n/a","n/a","n/a","n/a","n/a","n/a","n/a","n/a","n/a","n/a","n/a","n/a","n/a","n/a","n/a","n/a","n/a","n/a","n/a","n/a","n/a","n/a","n/a","n/a","n/a","n/a","n/a","n/a","n/a","n/a","n/a","n/a","n/a","n/a","n/a","n/a","n/a","n/a","n/a","n/a","n/a","n/a","n/a","n/a","n/a","n/a","n/a","-","-","-","-","-","-","-","-","-","-","-","-","-","-","-","-","-","-","-","-","-","-","-","-","-","-","-","-","-","-","-","-","Furniture Manufacturer"]
[{"$f":"\"Standard - \"&GI270","v":"Standard - Gas Network Craftsperson"},null,"n/a","n/a","n/a","n/a","n/a","n/a","n/a","n/a","n/a","n/a","n/a","n/a","n/a","n/a","n/a","n/a","n/a","n/a","n/a","n/a","n/a","n/a","n/a","n/a","n/a","n/a","n/a","n/a","n/a","n/a","n/a","n/a","n/a","n/a","n/a","n/a","n/a","n/a","n/a","n/a","n/a","n/a","n/a","n/a","n/a","n/a","n/a","n/a","n/a","n/a","n/a","n/a","n/a","n/a","n/a","n/a","n/a","n/a","n/a","n/a","n/a","n/a","n/a","n/a","n/a","n/a","n/a","n/a","n/a","n/a","n/a","n/a","n/a","n/a","n/a","n/a","n/a","n/a","n/a","n/a","n/a","n/a","n/a","n/a","n/a","n/a","n/a","n/a","n/a","n/a","n/a","n/a","n/a","n/a","n/a","n/a","n/a","n/a","n/a","n/a","n/a","n/a","n/a","n/a","n/a","n/a","n/a","n/a","n/a","n/a","n/a","n/a","n/a","n/a","n/a","n/a","n/a","n/a","n/a","n/a","n/a","n/a","n/a","n/a","n/a","n/a","n/a","n/a","n/a","n/a","n/a","n/a","n/a","n/a","n/a","n/a","n/a","n/a","n/a","n/a","n/a","n/a","n/a","n/a","n/a","n/a","n/a","n/a","n/a","n/a","n/a","n/a","n/a","n/a","n/a","n/a","-","-","-","-","-","-","-","-","-","-","-","-","-","-","-","-","-","-","-","-","-","-","-","-","-","-","-","-","-","-","-","-","Gas Network Craftsperson"]
["Standard - Golf Greenkeeper",null,"n/a","n/a","n/a","n/a","n/a","n/a","n/a","n/a","n/a","n/a","n/a","n/a","n/a","n/a","n/a","n/a","n/a","n/a","n/a","n/a","n/a","n/a","n/a","n/a","n/a","n/a","n/a","n/a","n/a","n/a","n/a","n/a","n/a","n/a","n/a","n/a","n/a","n/a","n/a","n/a","n/a","n/a","n/a","n/a","n/a","n/a","n/a","n/a","n/a","n/a","n/a","n/a","n/a","n/a","n/a","n/a","n/a","n/a","n/a","n/a","n/a","n/a","n/a","n/a","n/a","n/a","n/a","n/a","n/a","n/a","n/a","n/a","n/a","n/a","n/a","n/a","n/a","n/a","n/a","n/a","n/a","n/a","n/a","n/a","n/a","n/a","n/a","n/a","n/a","n/a","n/a","n/a","n/a","n/a","n/a","n/a","n/a","n/a","n/a","n/a","n/a","n/a","n/a","n/a","n/a","n/a","n/a","n/a","n/a","n/a","n/a","n/a","n/a","n/a","n/a","n/a","n/a","n/a","n/a","n/a","n/a","n/a","n/a","n/a","n/a","n/a","n/a","n/a","n/a","n/a","n/a","n/a","n/a","n/a","n/a","n/a","n/a","n/a","n/a","n/a","n/a","n/a","n/a","n/a","n/a","n/a","n/a","n/a","n/a","n/a","n/a","n/a","n/a","n/a","n/a","n/a","-","-","-","-","-","-","-","-","-","-","-","-","-","-","-","-","-","-","-","-","-","-","-","-","-","-","-","-","-","-","-","-","Golf Greenkeeper"]
["Standard - Healthcare Assistant Practitioner",null,"n/a","n/a","n/a","n/a","n/a","n/a","n/a","n/a","n/a","n/a","n/a","n/a","n/a","n/a","n/a","n/a","n/a","n/a","n/a","n/a","n/a","n/a","n/a","n/a","n/a","n/a","n/a","n/a","n/a","n/a","n/a","n/a","n/a","n/a","n/a","n/a","n/a","n/a","n/a","n/a","n/a","n/a","n/a","n/a","n/a","n/a","n/a","n/a","n/a","n/a","n/a","n/a","n/a","n/a","n/a","n/a","n/a","n/a","n/a","n/a","n/a","n/a","n/a","n/a","n/a","n/a","n/a","n/a","n/a","n/a","n/a","n/a","n/a","n/a","n/a","n/a","n/a","n/a","n/a","n/a","n/a","n/a","n/a","n/a","n/a","n/a","n/a","n/a","n/a","n/a","n/a","n/a","n/a","n/a","n/a","n/a","n/a","n/a","n/a","n/a","n/a","n/a","n/a","n/a","n/a","n/a","n/a","n/a","n/a","n/a","n/a","n/a","n/a","n/a","n/a","n/a","n/a","n/a","n/a","n/a","n/a","n/a","n/a","n/a","n/a","n/a","n/a","n/a","n/a","n/a","n/a","n/a","n/a","n/a","n/a","n/a","n/a","n/a","n/a","n/a","n/a","n/a","n/a","n/a","n/a","n/a","n/a","n/a","n/a","n/a","n/a","n/a","n/a","n/a","n/a","n/a","-","-","-","-","-","-","-","-","-","-","-","-","-","-","-","-","-","-","-","-","-","-","-","-","-","-","-","-","-","-","-","-","Healthcare Assistant Practitioner"]
["Standard - Hospitality Team Member",null,"n/a","n/a","n/a","n/a","n/a","n/a","n/a","n/a","n/a","n/a","n/a","n/a","n/a","n/a","n/a","n/a","n/a","n/a","n/a","n/a","n/a","n/a","n/a","n/a","n/a","n/a","n/a","n/a","n/a","n/a","n/a","n/a","n/a","n/a","n/a","n/a","n/a","n/a","n/a","n/a","n/a","n/a","n/a","n/a","n/a","n/a","n/a","n/a","n/a","n/a","n/a","n/a","n/a","n/a","n/a","n/a","n/a","n/a","n/a","n/a","n/a","n/a","n/a","n/a","n/a","n/a","n/a","n/a","n/a","n/a","n/a","n/a","n/a","n/a","n/a","n/a","n/a","n/a","n/a","n/a","n/a","n/a","n/a","n/a","n/a","n/a","n/a","n/a","n/a","n/a","n/a","n/a","n/a","n/a","n/a","n/a","n/a","n/a","n/a","n/a","n/a","n/a","n/a","n/a","n/a","n/a","n/a","n/a","n/a","n/a","n/a","n/a","n/a","n/a","n/a","n/a","n/a","n/a","n/a","n/a","n/a","n/a","n/a","n/a","n/a","n/a","n/a","n/a","n/a","n/a","n/a","n/a","n/a","n/a","n/a","n/a","n/a","n/a","n/a","n/a","n/a","n/a","n/a","n/a","n/a","n/a","n/a","n/a","n/a","n/a","n/a","n/a","n/a","n/a","n/a","n/a","-","-","-","-","-","-","-","-","-","-","-","-","-","-","-","-","-","-","-","-","-","-","-","-","-","-","-","-","-","-","-","-","Hospitality Team Member"]
["Standard - Housing/Property Management",null,"n/a","n/a","n/a","n/a","n/a","n/a","n/a","n/a","n/a","n/a","n/a","n/a","n/a","n/a","n/a","n/a","n/a","n/a","n/a","n/a","n/a","n/a","n/a","n/a","n/a","n/a","n/a","n/a","n/a","n/a","n/a","n/a","n/a","n/a","n/a","n/a","n/a","n/a","n/a","n/a","n/a","n/a","n/a","n/a","n/a","n/a","n/a","n/a","n/a","n/a","n/a","n/a","n/a","n/a","n/a","n/a","n/a","n/a","n/a","n/a","n/a","n/a","n/a","n/a","n/a","n/a","n/a","n/a","n/a","n/a","n/a","n/a","n/a","n/a","n/a","n/a","n/a","n/a","n/a","n/a","n/a","n/a","n/a","n/a","n/a","n/a","n/a","n/a","n/a","n/a","n/a","n/a","n/a","n/a","n/a","n/a","n/a","n/a","n/a","n/a","n/a","n/a","n/a","n/a","n/a","n/a","n/a","n/a","n/a","n/a","n/a","n/a","n/a","n/a","n/a","n/a","n/a","n/a","n/a","n/a","n/a","n/a","n/a","n/a","n/a","n/a","n/a","n/a","n/a","n/a","n/a","n/a","n/a","n/a","n/a","n/a","n/a","n/a","n/a","n/a","n/a","n/a","n/a","n/a","n/a","n/a","n/a","n/a","n/a","n/a","n/a","n/a","n/a","n/a","n/a","n/a","-","-","-","-","-","-","-","-","-","-","-","-","-","-","-","-","-","-","-","-","-","-",30,30,"-","-","-","-","-","-",30,30,"Housing/Property Management"]
["Standard - Housing/Property Management Assistant",null,"n/a","n/a","n/a","n/a","n/a","n/a","n/a","n/a","n/a","n/a","n/a","n/a","n/a","n/a","n/a","n/a","n/a","n/a","n/a","n/a","n/a","n/a","n/a","n/a","n/a","n/a","n/a","n/a","n/a","n/a","n/a","n/a","n/a","n/a","n/a","n/a","n/a","n/a","n/a","n/a","n/a","n/a","n/a","n/a","n/a","n/a","n/a","n/a","n/a","n/a","n/a","n/a","n/a","n/a","n/a","n/a","n/a","n/a","n/a","n/a","n/a","n/a","n/a","n/a","n/a","n/a","n/a","n/a","n/a","n/a","n/a","n/a","n/a","n/a","n/a","n/a","n/a","n/a","n/a","n/a","n/a","n/a","n/a","n/a","n/a","n/a","n/a","n/a","n/a","n/a","n/a","n/a","n/a","n/a","n/a","n/a","n/a","n/a","n/a","n/a","n/a","n/a","n/a","n/a","n/a","n/a","n/a","n/a","n/a","n/a","n/a","n/a","n/a","n/a","n/a","n/a","n/a","n/a","n/a","n/a","n/a","n/a","n/a","n/a","n/a","n/a","n/a","n/a","n/a","n/a","n/a","n/a","n/a","n/a","n/a","n/a","n/a","n/a","n/a","n/a","n/a","n/a","n/a","n/a","n/a","n/a","n/a","n/a","n/a","n/a","n/a","n/a","n/a","n/a","n/a","n/a","-","-","-","-","-","-","-","-","-","-","-","-","-","-","-","-","-","-","-","-","-","-","-","-","-","-","-","-","-","-","-","-","Housing/Property Management Assistant"]
["Standard - Infrastructure Technician",null,"n/a","n/a","n/a","n/a","n/a","n/a","n/a","n/a","n/a","n/a","n/a","n/a","n/a","n/a","n/a","n/a","n/a","n/a","n/a","n/a","n/a","n/a","n/a","n/a","n/a","n/a","n/a","n/a","n/a","n/a","n/a","n/a","n/a","n/a","n/a","n/a","n/a","n/a","n/a","n/a","n/a","n/a","n/a","n/a","n/a","n/a","n/a","n/a","n/a","n/a","n/a","n/a","n/a","n/a","n/a","n/a","n/a","n/a","n/a","n/a","n/a","n/a","n/a","n/a","n/a","n/a","n/a","n/a","n/a","n/a","n/a","n/a","n/a","n/a","n/a","n/a","n/a","n/a","n/a","n/a","n/a","n/a","n/a","n/a","n/a","n/a","n/a","n/a","n/a","n/a","n/a","n/a","n/a","n/a","n/a","n/a","n/a","n/a","n/a","n/a","n/a","n/a","n/a","n/a","n/a","n/a","n/a","n/a","n/a","n/a","n/a","n/a","n/a","n/a","n/a","n/a","n/a","n/a","n/a","n/a","n/a","n/a","n/a","n/a","n/a","n/a","n/a","n/a","n/a","n/a","n/a","n/a","n/a","n/a","n/a","n/a","n/a","n/a","n/a","n/a","n/a","n/a","n/a","n/a","n/a","n/a","n/a","n/a","n/a","n/a","n/a","n/a","n/a","n/a","n/a","n/a","-","-","-","-","-","-","-","-","-","-","-","-","-","-","-","-","-","-","-","-",70,40,"-",120,"-","-","-","-",70,40,"-",120,"Infrastructure Technician"]
["Standard - Installation Electrician/Maintenance Electrician",null,"n/a","n/a","n/a","n/a","n/a","n/a","n/a","n/a","n/a","n/a","n/a","n/a","n/a","n/a","n/a","n/a","n/a","n/a","n/a","n/a","n/a","n/a","n/a","n/a","n/a","n/a","n/a","n/a","n/a","n/a","n/a","n/a","n/a","n/a","n/a","n/a","n/a","n/a","n/a","n/a","n/a","n/a","n/a","n/a","n/a","n/a","n/a","n/a","n/a","n/a","n/a","n/a","n/a","n/a","n/a","n/a","n/a","n/a","n/a","n/a","n/a","n/a","n/a","n/a","n/a","n/a","n/a","n/a","n/a","n/a","n/a","n/a","n/a","n/a","n/a","n/a","n/a","n/a","n/a","n/a","n/a","n/a","n/a","n/a","n/a","n/a","n/a","n/a","n/a","n/a","n/a","n/a","n/a","n/a","n/a","n/a","n/a","n/a","n/a","n/a","n/a","n/a","n/a","n/a","n/a","n/a","n/a","n/a","n/a","n/a","n/a","n/a","n/a","n/a","n/a","n/a","n/a","n/a","n/a","n/a","n/a","n/a","n/a","n/a","n/a","n/a","n/a","n/a","n/a","n/a","n/a","n/a","n/a","n/a","n/a","n/a","n/a","n/a","n/a","n/a","n/a","n/a","n/a","n/a","n/a","n/a","n/a","n/a","n/a","n/a","n/a","n/a","n/a","n/a","n/a","n/a","-","-","-","-","-","-","-","-","-","-","-","-","-","-","-","-","-","-","-","-",190,80,40,300,"-","-","-","-",190,80,40,300,"Installation Electrician/Maintenance Electrician"]
["Standard - Insurance Practitioner",null,"n/a","n/a","n/a","n/a","n/a","n/a","n/a","n/a","n/a","n/a","n/a","n/a","n/a","n/a","n/a","n/a","n/a","n/a","n/a","n/a","n/a","n/a","n/a","n/a","n/a","n/a","n/a","n/a","n/a","n/a","n/a","n/a","n/a","n/a","n/a","n/a","n/a","n/a","n/a","n/a","n/a","n/a","n/a","n/a","n/a","n/a","n/a","n/a","n/a","n/a","n/a","n/a","n/a","n/a","n/a","n/a","n/a","n/a","n/a","n/a","n/a","n/a","n/a","n/a","n/a","n/a","n/a","n/a","n/a","n/a","n/a","n/a","n/a","n/a","n/a","n/a","n/a","n/a","n/a","n/a","n/a","n/a","n/a","n/a","n/a","n/a","n/a","n/a","n/a","n/a","n/a","n/a","n/a","n/a","n/a","n/a","n/a","n/a","n/a","n/a","n/a","n/a","n/a","n/a","n/a","n/a","n/a","n/a","n/a","n/a","n/a","n/a","n/a","n/a","n/a","n/a","n/a","n/a","n/a","n/a","n/a","n/a","n/a","n/a","n/a","n/a","n/a","n/a","n/a","n/a","n/a","n/a","n/a","n/a","n/a","n/a","n/a","n/a","n/a","n/a","n/a","n/a","n/a","n/a","n/a","n/a","n/a","n/a","n/a","n/a","n/a","n/a","n/a","n/a","n/a","n/a","-","-","-","-","-","-","-","-","-","-","-","-","-","-","-","-","-","-","-","-",20,20,"-",40,"-","-","-","-",20,20,"-",40,"Insurance Practitioner"]
["Standard - Insurance Professional",null,"n/a","n/a","n/a","n/a","n/a","n/a","n/a","n/a","n/a","n/a","n/a","n/a","n/a","n/a","n/a","n/a","n/a","n/a","n/a","n/a","n/a","n/a","n/a","n/a","n/a","n/a","n/a","n/a","n/a","n/a","n/a","n/a","n/a","n/a","n/a","n/a","n/a","n/a","n/a","n/a","n/a","n/a","n/a","n/a","n/a","n/a","n/a","n/a","n/a","n/a","n/a","n/a","n/a","n/a","n/a","n/a","n/a","n/a","n/a","n/a","n/a","n/a","n/a","n/a","n/a","n/a","n/a","n/a","n/a","n/a","n/a","n/a","n/a","n/a","n/a","n/a","n/a","n/a","n/a","n/a","n/a","n/a","n/a","n/a","n/a","n/a","n/a","n/a","n/a","n/a","n/a","n/a","n/a","n/a","n/a","n/a","n/a","n/a","n/a","n/a","n/a","n/a","n/a","n/a","n/a","n/a","n/a","n/a","n/a","n/a","n/a","n/a","n/a","n/a","n/a","n/a","n/a","n/a","n/a","n/a","n/a","n/a","n/a","n/a","n/a","n/a","n/a","n/a","n/a","n/a","n/a","n/a","n/a","n/a","n/a","n/a","n/a","n/a","n/a","n/a","n/a","n/a","n/a","n/a","n/a","n/a","n/a","n/a","n/a","n/a","n/a","n/a","n/a","n/a","n/a","n/a","-","-","-","-","-","-","-","-","-","-","-","-","-","-","-","-","-","-","-","-","-","-","-","-","-","-","-","-","-","-","-","-","Insurance Professional"]
["Standard - Investment Operations Specialist",null,"n/a","n/a","n/a","n/a","n/a","n/a","n/a","n/a","n/a","n/a","n/a","n/a","n/a","n/a","n/a","n/a","n/a","n/a","n/a","n/a","n/a","n/a","n/a","n/a","n/a","n/a","n/a","n/a","n/a","n/a","n/a","n/a","n/a","n/a","n/a","n/a","n/a","n/a","n/a","n/a","n/a","n/a","n/a","n/a","n/a","n/a","n/a","n/a","n/a","n/a","n/a","n/a","n/a","n/a","n/a","n/a","n/a","n/a","n/a","n/a","n/a","n/a","n/a","n/a","n/a","n/a","n/a","n/a","n/a","n/a","n/a","n/a","n/a","n/a","n/a","n/a","n/a","n/a","n/a","n/a","n/a","n/a","n/a","n/a","n/a","n/a","n/a","n/a","n/a","n/a","n/a","n/a","n/a","n/a","n/a","n/a","n/a","n/a","n/a","n/a","n/a","n/a","n/a","n/a","n/a","n/a","n/a","n/a","n/a","n/a","n/a","n/a","n/a","n/a","n/a","n/a","n/a","n/a","n/a","n/a","n/a","n/a","n/a","n/a","n/a","n/a","n/a","n/a","n/a","n/a","n/a","n/a","n/a","n/a","n/a","n/a","n/a","n/a","n/a","n/a","n/a","n/a","n/a","n/a","n/a","n/a","n/a","n/a","n/a","n/a","n/a","n/a","n/a","n/a","n/a","n/a","-","-","-","-","-","-","-","-","-","-","-","-","-","-","-","-","-","-","-","-","-","-","-","-",20,40,"-",60,20,40,"-",60,"Investment Operations Specialist"]
["Standard - Investment Operations Technician",null,"n/a","n/a","n/a","n/a","n/a","n/a","n/a","n/a","n/a","n/a","n/a","n/a","n/a","n/a","n/a","n/a","n/a","n/a","n/a","n/a","n/a","n/a","n/a","n/a","n/a","n/a","n/a","n/a","n/a","n/a","n/a","n/a","n/a","n/a","n/a","n/a","n/a","n/a","n/a","n/a","n/a","n/a","n/a","n/a","n/a","n/a","n/a","n/a","n/a","n/a","n/a","n/a","n/a","n/a","n/a","n/a","n/a","n/a","n/a","n/a","n/a","n/a","n/a","n/a","n/a","n/a","n/a","n/a","n/a","n/a","n/a","n/a","n/a","n/a","n/a","n/a","n/a","n/a","n/a","n/a","n/a","n/a","n/a","n/a","n/a","n/a","n/a","n/a","n/a","n/a","n/a","n/a","n/a","n/a","n/a","n/a","n/a","n/a","n/a","n/a","n/a","n/a","n/a","n/a","n/a","n/a","n/a","n/a","n/a","n/a","n/a","n/a","n/a","n/a","n/a","n/a","n/a","n/a","n/a","n/a","n/a","n/a","n/a","n/a","n/a","n/a","n/a","n/a","n/a","n/a","n/a","n/a","n/a","n/a","n/a","n/a","n/a","n/a","n/a","n/a","n/a","n/a","n/a","n/a","n/a","n/a","n/a","n/a","n/a","n/a","n/a","n/a","n/a","n/a","n/a","n/a","-","-","-","-","-","-","-","-","-","-","-","-","-","-","-","-","-","-","-","-","-","-","-",10,"-","-","-","-","-","-","-",10,"Investment Operations Technician"]
["Standard - IT Technical Salesperson",null,"n/a","n/a","n/a","n/a","n/a","n/a","n/a","n/a","n/a","n/a","n/a","n/a","n/a","n/a","n/a","n/a","n/a","n/a","n/a","n/a","n/a","n/a","n/a","n/a","n/a","n/a","n/a","n/a","n/a","n/a","n/a","n/a","n/a","n/a","n/a","n/a","n/a","n/a","n/a","n/a","n/a","n/a","n/a","n/a","n/a","n/a","n/a","n/a","n/a","n/a","n/a","n/a","n/a","n/a","n/a","n/a","n/a","n/a","n/a","n/a","n/a","n/a","n/a","n/a","n/a","n/a","n/a","n/a","n/a","n/a","n/a","n/a","n/a","n/a","n/a","n/a","n/a","n/a","n/a","n/a","n/a","n/a","n/a","n/a","n/a","n/a","n/a","n/a","n/a","n/a","n/a","n/a","n/a","n/a","n/a","n/a","n/a","n/a","n/a","n/a","n/a","n/a","n/a","n/a","n/a","n/a","n/a","n/a","n/a","n/a","n/a","n/a","n/a","n/a","n/a","n/a","n/a","n/a","n/a","n/a","n/a","n/a","n/a","n/a","n/a","n/a","n/a","n/a","n/a","n/a","n/a","n/a","n/a","n/a","n/a","n/a","n/a","n/a","n/a","n/a","n/a","n/a","n/a","n/a","n/a","n/a","n/a","n/a","n/a","n/a","n/a","n/a","n/a","n/a","n/a","n/a","-","-","-","-","-","-","-","-","-","-","-","-","-","-","-","-","-","-","-","-","-","-","-","-","-","-","-","-","-","-","-","-","IT Technical Salesperson"]
["Standard - Junior Energy Manager",null,"n/a","n/a","n/a","n/a","n/a","n/a","n/a","n/a","n/a","n/a","n/a","n/a","n/a","n/a","n/a","n/a","n/a","n/a","n/a","n/a","n/a","n/a","n/a","n/a","n/a","n/a","n/a","n/a","n/a","n/a","n/a","n/a","n/a","n/a","n/a","n/a","n/a","n/a","n/a","n/a","n/a","n/a","n/a","n/a","n/a","n/a","n/a","n/a","n/a","n/a","n/a","n/a","n/a","n/a","n/a","n/a","n/a","n/a","n/a","n/a","n/a","n/a","n/a","n/a","n/a","n/a","n/a","n/a","n/a","n/a","n/a","n/a","n/a","n/a","n/a","n/a","n/a","n/a","n/a","n/a","n/a","n/a","n/a","n/a","n/a","n/a","n/a","n/a","n/a","n/a","n/a","n/a","n/a","n/a","n/a","n/a","n/a","n/a","n/a","n/a","n/a","n/a","n/a","n/a","n/a","n/a","n/a","n/a","n/a","n/a","n/a","n/a","n/a","n/a","n/a","n/a","n/a","n/a","n/a","n/a","n/a","n/a","n/a","n/a","n/a","n/a","n/a","n/a","n/a","n/a","n/a","n/a","n/a","n/a","n/a","n/a","n/a","n/a","n/a","n/a","n/a","n/a","n/a","n/a","n/a","n/a","n/a","n/a","n/a","n/a","n/a","n/a","n/a","n/a","n/a","n/a","-","-","-","-","-","-","-","-","-","-","-","-","-","-","-","-","-","-","-","-","-","-","-","-","-","-","-","-","-","-","-","-","Junior Energy Manager"]
["Standard - Junior Journalist",null,"n/a","n/a","n/a","n/a","n/a","n/a","n/a","n/a","n/a","n/a","n/a","n/a","n/a","n/a","n/a","n/a","n/a","n/a","n/a","n/a","n/a","n/a","n/a","n/a","n/a","n/a","n/a","n/a","n/a","n/a","n/a","n/a","n/a","n/a","n/a","n/a","n/a","n/a","n/a","n/a","n/a","n/a","n/a","n/a","n/a","n/a","n/a","n/a","n/a","n/a","n/a","n/a","n/a","n/a","n/a","n/a","n/a","n/a","n/a","n/a","n/a","n/a","n/a","n/a","n/a","n/a","n/a","n/a","n/a","n/a","n/a","n/a","n/a","n/a","n/a","n/a","n/a","n/a","n/a","n/a","n/a","n/a","n/a","n/a","n/a","n/a","n/a","n/a","n/a","n/a","n/a","n/a","n/a","n/a","n/a","n/a","n/a","n/a","n/a","n/a","n/a","n/a","n/a","n/a","n/a","n/a","n/a","n/a","n/a","n/a","n/a","n/a","n/a","n/a","n/a","n/a","n/a","n/a","n/a","n/a","n/a","n/a","n/a","n/a","n/a","n/a","n/a","n/a","n/a","n/a","n/a","n/a","n/a","n/a","n/a","n/a","n/a","n/a","n/a","n/a","n/a","n/a","n/a","n/a","n/a","n/a","n/a","n/a","n/a","n/a","n/a","n/a","n/a","n/a","n/a","n/a","-","-","-","-","-","-","-","-","-","-","-","-","-","-","-","-","-","-","-","-",10,10,"-",20,"-","-","-","-",10,10,"-",20,"Junior Journalist"]
["Standard - Junior Management Consultant",null,"n/a","n/a","n/a","n/a","n/a","n/a","n/a","n/a","n/a","n/a","n/a","n/a","n/a","n/a","n/a","n/a","n/a","n/a","n/a","n/a","n/a","n/a","n/a","n/a","n/a","n/a","n/a","n/a","n/a","n/a","n/a","n/a","n/a","n/a","n/a","n/a","n/a","n/a","n/a","n/a","n/a","n/a","n/a","n/a","n/a","n/a","n/a","n/a","n/a","n/a","n/a","n/a","n/a","n/a","n/a","n/a","n/a","n/a","n/a","n/a","n/a","n/a","n/a","n/a","n/a","n/a","n/a","n/a","n/a","n/a","n/a","n/a","n/a","n/a","n/a","n/a","n/a","n/a","n/a","n/a","n/a","n/a","n/a","n/a","n/a","n/a","n/a","n/a","n/a","n/a","n/a","n/a","n/a","n/a","n/a","n/a","n/a","n/a","n/a","n/a","n/a","n/a","n/a","n/a","n/a","n/a","n/a","n/a","n/a","n/a","n/a","n/a","n/a","n/a","n/a","n/a","n/a","n/a","n/a","n/a","n/a","n/a","n/a","n/a","n/a","n/a","n/a","n/a","n/a","n/a","n/a","n/a","n/a","n/a","n/a","n/a","n/a","n/a","n/a","n/a","n/a","n/a","n/a","n/a","n/a","n/a","n/a","n/a","n/a","n/a","n/a","n/a","n/a","n/a","n/a","n/a","-","-","-","-","-","-","-","-","-","-","-","-","-","-","-","-","-","-","-","-","-","-","-","-","-","-",10,10,"-","-",10,10,"Junior Management Consultant"]
["Standard - Laboratory Scientist",null,"n/a","n/a","n/a","n/a","n/a","n/a","n/a","n/a","n/a","n/a","n/a","n/a","n/a","n/a","n/a","n/a","n/a","n/a","n/a","n/a","n/a","n/a","n/a","n/a","n/a","n/a","n/a","n/a","n/a","n/a","n/a","n/a","n/a","n/a","n/a","n/a","n/a","n/a","n/a","n/a","n/a","n/a","n/a","n/a","n/a","n/a","n/a","n/a","n/a","n/a","n/a","n/a","n/a","n/a","n/a","n/a","n/a","n/a","n/a","n/a","n/a","n/a","n/a","n/a","n/a","n/a","n/a","n/a","n/a","n/a","n/a","n/a","n/a","n/a","n/a","n/a","n/a","n/a","n/a","n/a","n/a","n/a","n/a","n/a","n/a","n/a","n/a","n/a","n/a","n/a","n/a","n/a","n/a","n/a","n/a","n/a","n/a","n/a","n/a","n/a","n/a","n/a","n/a","n/a","n/a","n/a","n/a","n/a","n/a","n/a","n/a","n/a","n/a","n/a","n/a","n/a","n/a","n/a","n/a","n/a","n/a","n/a","n/a","n/a","n/a","n/a","n/a","n/a","n/a","n/a","n/a","n/a","n/a","n/a","n/a","n/a","n/a","n/a","n/a","n/a","n/a","n/a","n/a","n/a","n/a","n/a","n/a","n/a","n/a","n/a","n/a","n/a","n/a","n/a","n/a","n/a","-","-","-","-","-","-","-","-","-","-","-","-","-","-","-","-","-","-","-","-","-","-","-","-","-","-","-","-","-","-","-","-","Laboratory Scientist"]
["Standard - Laboratory Technician",null,"n/a","n/a","n/a","n/a","n/a","n/a","n/a","n/a","n/a","n/a","n/a","n/a","n/a","n/a","n/a","n/a","n/a","n/a","n/a","n/a","n/a","n/a","n/a","n/a","n/a","n/a","n/a","n/a","n/a","n/a","n/a","n/a","n/a","n/a","n/a","n/a","n/a","n/a","n/a","n/a","n/a","n/a","n/a","n/a","n/a","n/a","n/a","n/a","n/a","n/a","n/a","n/a","n/a","n/a","n/a","n/a","n/a","n/a","n/a","n/a","n/a","n/a","n/a","n/a","n/a","n/a","n/a","n/a","n/a","n/a","n/a","n/a","n/a","n/a","n/a","n/a","n/a","n/a","n/a","n/a","n/a","n/a","n/a","n/a","n/a","n/a","n/a","n/a","n/a","n/a","n/a","n/a","n/a","n/a","n/a","n/a","n/a","n/a","n/a","n/a","n/a","n/a","n/a","n/a","n/a","n/a","n/a","n/a","n/a","n/a","n/a","n/a","n/a","n/a","n/a","n/a","n/a","n/a","n/a","n/a","n/a","n/a","n/a","n/a","n/a","n/a","n/a","n/a","n/a","n/a","n/a","n/a","n/a","n/a","n/a","n/a","n/a","n/a","n/a","n/a","n/a","n/a","n/a","n/a","n/a","n/a","n/a","n/a","n/a","n/a","n/a","n/a","n/a","n/a","n/a","n/a","-","-","-","-","-","-","-","-","-","-","-","-","-","-","-","-","-","-","-","-",10,10,"-",20,"-","-","-","-",10,10,"-",20,"Laboratory Technician"]
["Standard - Large Goods Vehicle (LGV) Driver",null,"n/a","n/a","n/a","n/a","n/a","n/a","n/a","n/a","n/a","n/a","n/a","n/a","n/a","n/a","n/a","n/a","n/a","n/a","n/a","n/a","n/a","n/a","n/a","n/a","n/a","n/a","n/a","n/a","n/a","n/a","n/a","n/a","n/a","n/a","n/a","n/a","n/a","n/a","n/a","n/a","n/a","n/a","n/a","n/a","n/a","n/a","n/a","n/a","n/a","n/a","n/a","n/a","n/a","n/a","n/a","n/a","n/a","n/a","n/a","n/a","n/a","n/a","n/a","n/a","n/a","n/a","n/a","n/a","n/a","n/a","n/a","n/a","n/a","n/a","n/a","n/a","n/a","n/a","n/a","n/a","n/a","n/a","n/a","n/a","n/a","n/a","n/a","n/a","n/a","n/a","n/a","n/a","n/a","n/a","n/a","n/a","n/a","n/a","n/a","n/a","n/a","n/a","n/a","n/a","n/a","n/a","n/a","n/a","n/a","n/a","n/a","n/a","n/a","n/a","n/a","n/a","n/a","n/a","n/a","n/a","n/a","n/a","n/a","n/a","n/a","n/a","n/a","n/a","n/a","n/a","n/a","n/a","n/a","n/a","n/a","n/a","n/a","n/a","n/a","n/a","n/a","n/a","n/a","n/a","n/a","n/a","n/a","n/a","n/a","n/a","n/a","n/a","n/a","n/a","n/a","n/a","-","-","-","-","-","-","-","-","-","-","-","-","-","-","-","-","-","-",20,20,"-","-","-","-","-","-","-","-","-","-",20,20,"Large Goods Vehicle (LGV) Driver"]
["Standard - Licensed Conveyancer",null,"n/a","n/a","n/a","n/a","n/a","n/a","n/a","n/a","n/a","n/a","n/a","n/a","n/a","n/a","n/a","n/a","n/a","n/a","n/a","n/a","n/a","n/a","n/a","n/a","n/a","n/a","n/a","n/a","n/a","n/a","n/a","n/a","n/a","n/a","n/a","n/a","n/a","n/a","n/a","n/a","n/a","n/a","n/a","n/a","n/a","n/a","n/a","n/a","n/a","n/a","n/a","n/a","n/a","n/a","n/a","n/a","n/a","n/a","n/a","n/a","n/a","n/a","n/a","n/a","n/a","n/a","n/a","n/a","n/a","n/a","n/a","n/a","n/a","n/a","n/a","n/a","n/a","n/a","n/a","n/a","n/a","n/a","n/a","n/a","n/a","n/a","n/a","n/a","n/a","n/a","n/a","n/a","n/a","n/a","n/a","n/a","n/a","n/a","n/a","n/a","n/a","n/a","n/a","n/a","n/a","n/a","n/a","n/a","n/a","n/a","n/a","n/a","n/a","n/a","n/a","n/a","n/a","n/a","n/a","n/a","n/a","n/a","n/a","n/a","n/a","n/a","n/a","n/a","n/a","n/a","n/a","n/a","n/a","n/a","n/a","n/a","n/a","n/a","n/a","n/a","n/a","n/a","n/a","n/a","n/a","n/a","n/a","n/a","n/a","n/a","n/a","n/a","n/a","n/a","n/a","n/a","-","-","-","-","-","-","-","-","-","-","-","-","-","-","-","-","-","-","-","-","-","-","-","-","-","-","-","-","-","-","-","-","Licensed Conveyancer"]
["Standard - Machinist (Advanced Manufacturing Engineering)",null,"n/a","n/a","n/a","n/a","n/a","n/a","n/a","n/a","n/a","n/a","n/a","n/a","n/a","n/a","n/a","n/a","n/a","n/a","n/a","n/a","n/a","n/a","n/a","n/a","n/a","n/a","n/a","n/a","n/a","n/a","n/a","n/a","n/a","n/a","n/a","n/a","n/a","n/a","n/a","n/a","n/a","n/a","n/a","n/a","n/a","n/a","n/a","n/a","n/a","n/a","n/a","n/a","n/a","n/a","n/a","n/a","n/a","n/a","n/a","n/a","n/a","n/a","n/a","n/a","n/a","n/a","n/a","n/a","n/a","n/a","n/a","n/a","n/a","n/a","n/a","n/a","n/a","n/a","n/a","n/a","n/a","n/a","n/a","n/a","n/a","n/a","n/a","n/a","n/a","n/a","n/a","n/a","n/a","n/a","n/a","n/a","n/a","n/a","n/a","n/a","n/a","n/a","n/a","n/a","n/a","n/a","n/a","n/a","n/a","n/a","n/a","n/a","n/a","n/a","n/a","n/a","n/a","n/a","n/a","n/a","n/a","n/a","n/a","n/a","n/a","n/a","n/a","n/a","n/a","n/a","n/a","n/a","n/a","n/a","n/a","n/a","n/a","n/a","n/a","n/a","n/a","n/a","n/a","n/a","n/a","n/a","n/a","n/a","n/a","n/a","n/a","n/a","n/a","n/a","n/a","n/a","-","-","-","-","-","-","-","-","-","-","-","-","-","-","-","-","-","-","-","-","-","-","-","-","-","-","-","-","-","-","-","-","Machinist (Advanced Manufacturing Engineering)"]
["Standard - Manufacturing Engineer",null,"n/a","n/a","n/a","n/a","n/a","n/a","n/a","n/a","n/a","n/a","n/a","n/a","n/a","n/a","n/a","n/a","n/a","n/a","n/a","n/a","n/a","n/a","n/a","n/a","n/a","n/a","n/a","n/a","n/a","n/a","n/a","n/a","n/a","n/a","n/a","n/a","n/a","n/a","n/a","n/a","n/a","n/a","n/a","n/a","n/a","n/a","n/a","n/a","n/a","n/a","n/a","n/a","n/a","n/a","n/a","n/a","n/a","n/a","n/a","n/a","n/a","n/a","n/a","n/a","n/a","n/a","n/a","n/a","n/a","n/a","n/a","n/a","n/a","n/a","n/a","n/a","n/a","n/a","n/a","n/a","n/a","n/a","n/a","n/a","n/a","n/a","n/a","n/a","n/a","n/a","n/a","n/a","n/a","n/a","n/a","n/a","n/a","n/a","n/a","n/a","n/a","n/a","n/a","n/a","n/a","n/a","n/a","n/a","n/a","n/a","n/a","n/a","n/a","n/a","n/a","n/a","n/a","n/a","n/a","n/a","n/a","n/a","n/a","n/a","n/a","n/a","n/a","n/a","n/a","n/a","n/a","n/a","n/a","n/a","n/a","n/a","n/a","n/a","n/a","n/a","n/a","n/a","n/a","n/a","n/a","n/a","n/a","n/a","n/a","n/a","n/a","n/a","n/a","n/a","n/a","n/a","-","-","-","-","-","-","-","-",10,10,"-",20,10,10,"-",20,"-","-","-","-","-","-","-","-",60,50,"-",110,60,50,"-",110,"Manufacturing Engineer"]
["Standard - Mechatronics Maintenance Technician",null,"n/a","n/a","n/a","n/a","n/a","n/a","n/a","n/a","n/a","n/a","n/a","n/a","n/a","n/a","n/a","n/a","n/a","n/a","n/a","n/a","n/a","n/a","n/a","n/a","n/a","n/a","n/a","n/a","n/a","n/a","n/a","n/a","n/a","n/a","n/a","n/a","n/a","n/a","n/a","n/a","n/a","n/a","n/a","n/a","n/a","n/a","n/a","n/a","n/a","n/a","n/a","n/a","n/a","n/a","n/a","n/a","n/a","n/a","n/a","n/a","n/a","n/a","n/a","n/a","n/a","n/a","n/a","n/a","n/a","n/a","n/a","n/a","n/a","n/a","n/a","n/a","n/a","n/a","n/a","n/a","n/a","n/a","n/a","n/a","n/a","n/a","n/a","n/a","n/a","n/a","n/a","n/a","n/a","n/a","n/a","n/a","n/a","n/a","n/a","n/a","n/a","n/a","n/a","n/a","n/a","n/a","n/a","n/a","n/a","n/a","n/a","n/a","n/a","n/a","n/a","n/a","n/a","n/a","n/a","n/a","n/a","n/a","n/a","n/a","n/a","n/a","n/a","n/a","n/a","n/a","n/a","n/a","n/a","n/a","n/a","n/a","n/a","n/a","n/a","n/a","n/a","n/a","n/a","n/a","n/a","n/a","n/a","n/a","n/a","n/a","n/a","n/a","n/a","n/a","n/a","n/a","-","-","-","-",40,30,10,70,"-","-","-","-",40,30,10,70,"-","-","-","-",60,80,20,150,"-","-","-","-",60,80,20,150,"Mechatronics Maintenance Technician"]
["Standard - Mortgage Adviser",null,"n/a","n/a","n/a","n/a","n/a","n/a","n/a","n/a","n/a","n/a","n/a","n/a","n/a","n/a","n/a","n/a","n/a","n/a","n/a","n/a","n/a","n/a","n/a","n/a","n/a","n/a","n/a","n/a","n/a","n/a","n/a","n/a","n/a","n/a","n/a","n/a","n/a","n/a","n/a","n/a","n/a","n/a","n/a","n/a","n/a","n/a","n/a","n/a","n/a","n/a","n/a","n/a","n/a","n/a","n/a","n/a","n/a","n/a","n/a","n/a","n/a","n/a","n/a","n/a","n/a","n/a","n/a","n/a","n/a","n/a","n/a","n/a","n/a","n/a","n/a","n/a","n/a","n/a","n/a","n/a","n/a","n/a","n/a","n/a","n/a","n/a","n/a","n/a","n/a","n/a","n/a","n/a","n/a","n/a","n/a","n/a","n/a","n/a","n/a","n/a","n/a","n/a","n/a","n/a","n/a","n/a","n/a","n/a","n/a","n/a","n/a","n/a","n/a","n/a","n/a","n/a","n/a","n/a","n/a","n/a","n/a","n/a","n/a","n/a","n/a","n/a","n/a","n/a","n/a","n/a","n/a","n/a","n/a","n/a","n/a","n/a","n/a","n/a","n/a","n/a","n/a","n/a","n/a","n/a","n/a","n/a","n/a","n/a","n/a","n/a","n/a","n/a","n/a","n/a","n/a","n/a","-","-","-","-","-","-","-","-","-","-","-","-","-","-","-","-","-","-","-","-","-","-","-","-","-","-","-","-","-","-","-","-","Mortgage Adviser"]
["Standard - Motor Vehicle Service and Maintenance Technician (light vehicle)",null,"n/a","n/a","n/a","n/a","n/a","n/a","n/a","n/a","n/a","n/a","n/a","n/a","n/a","n/a","n/a","n/a","n/a","n/a","n/a","n/a","n/a","n/a","n/a","n/a","n/a","n/a","n/a","n/a","n/a","n/a","n/a","n/a","n/a","n/a","n/a","n/a","n/a","n/a","n/a","n/a","n/a","n/a","n/a","n/a","n/a","n/a","n/a","n/a","n/a","n/a","n/a","n/a","n/a","n/a","n/a","n/a","n/a","n/a","n/a","n/a","n/a","n/a","n/a","n/a","n/a","n/a","n/a","n/a","n/a","n/a","n/a","n/a","n/a","n/a","n/a","n/a","n/a","n/a","n/a","n/a","n/a","n/a","n/a","n/a","n/a","n/a","n/a","n/a","n/a","n/a","n/a","n/a","n/a","n/a","n/a","n/a","n/a","n/a","n/a","n/a","n/a","n/a","n/a","n/a","n/a","n/a","n/a","n/a","n/a","n/a","n/a","n/a","n/a","n/a","n/a","n/a","n/a","n/a","n/a","n/a","n/a","n/a","n/a","n/a","n/a","n/a","n/a","n/a","n/a","n/a","n/a","n/a","n/a","n/a","n/a","n/a","n/a","n/a","n/a","n/a","n/a","n/a","n/a","n/a","n/a","n/a","n/a","n/a","n/a","n/a","n/a","n/a","n/a","n/a","n/a","n/a","-","-","-","-","-","-","-","-","-","-","-","-","-","-","-","-","-","-","-","-","-","-","-","-","-","-","-","-","-","-","-","-","Motor Vehicle Service and Maintenance Technician (light vehicle)"]
["Standard - Network Engineer",null,"n/a","n/a","n/a","n/a","n/a","n/a","n/a","n/a","n/a","n/a","n/a","n/a","n/a","n/a","n/a","n/a","n/a","n/a","n/a","n/a","n/a","n/a","n/a","n/a","n/a","n/a","n/a","n/a","n/a","n/a","n/a","n/a","n/a","n/a","n/a","n/a","n/a","n/a","n/a","n/a","n/a","n/a","n/a","n/a","n/a","n/a","n/a","n/a","n/a","n/a","n/a","n/a","n/a","n/a","n/a","n/a","n/a","n/a","n/a","n/a","n/a","n/a","n/a","n/a","n/a","n/a","n/a","n/a","n/a","n/a","n/a","n/a","n/a","n/a","n/a","n/a","n/a","n/a","n/a","n/a","n/a","n/a","n/a","n/a","n/a","n/a","n/a","n/a","n/a","n/a","n/a","n/a","n/a","n/a","n/a","n/a","n/a","n/a","n/a","n/a","n/a","n/a","n/a","n/a","n/a","n/a","n/a","n/a","n/a","n/a","n/a","n/a","n/a","n/a","n/a","n/a","n/a","n/a","n/a","n/a","n/a","n/a","n/a","n/a","n/a","n/a","n/a","n/a","n/a","n/a","n/a","n/a","n/a","n/a","n/a","n/a","n/a","n/a","n/a","n/a","n/a","n/a","n/a","n/a","n/a","n/a","n/a","n/a","n/a","n/a","n/a","n/a","n/a","n/a","n/a","n/a","-","-","-","-","-","-","-","-",10,20,20,50,10,20,20,50,"-","-","-","-","-","-","-","-",70,100,30,200,70,100,30,200,"Network Engineer"]
["Standard - Nuclear Health Physics Monitor",null,"n/a","n/a","n/a","n/a","n/a","n/a","n/a","n/a","n/a","n/a","n/a","n/a","n/a","n/a","n/a","n/a","n/a","n/a","n/a","n/a","n/a","n/a","n/a","n/a","n/a","n/a","n/a","n/a","n/a","n/a","n/a","n/a","n/a","n/a","n/a","n/a","n/a","n/a","n/a","n/a","n/a","n/a","n/a","n/a","n/a","n/a","n/a","n/a","n/a","n/a","n/a","n/a","n/a","n/a","n/a","n/a","n/a","n/a","n/a","n/a","n/a","n/a","n/a","n/a","n/a","n/a","n/a","n/a","n/a","n/a","n/a","n/a","n/a","n/a","n/a","n/a","n/a","n/a","n/a","n/a","n/a","n/a","n/a","n/a","n/a","n/a","n/a","n/a","n/a","n/a","n/a","n/a","n/a","n/a","n/a","n/a","n/a","n/a","n/a","n/a","n/a","n/a","n/a","n/a","n/a","n/a","n/a","n/a","n/a","n/a","n/a","n/a","n/a","n/a","n/a","n/a","n/a","n/a","n/a","n/a","n/a","n/a","n/a","n/a","n/a","n/a","n/a","n/a","n/a","n/a","n/a","n/a","n/a","n/a","n/a","n/a","n/a","n/a","n/a","n/a","n/a","n/a","n/a","n/a","n/a","n/a","n/a","n/a","n/a","n/a","n/a","n/a","n/a","n/a","n/a","n/a","-","-","-","-","-","-","-","-","-","-","-","-","-","-","-","-",10,10,"-",10,"-","-","-","-","-","-","-","-",10,10,"-",10,"Nuclear Health Physics Monitor"]
["Standard - Nuclear Scientist and Nuclear Engineer",null,"n/a","n/a","n/a","n/a","n/a","n/a","n/a","n/a","n/a","n/a","n/a","n/a","n/a","n/a","n/a","n/a","n/a","n/a","n/a","n/a","n/a","n/a","n/a","n/a","n/a","n/a","n/a","n/a","n/a","n/a","n/a","n/a","n/a","n/a","n/a","n/a","n/a","n/a","n/a","n/a","n/a","n/a","n/a","n/a","n/a","n/a","n/a","n/a","n/a","n/a","n/a","n/a","n/a","n/a","n/a","n/a","n/a","n/a","n/a","n/a","n/a","n/a","n/a","n/a","n/a","n/a","n/a","n/a","n/a","n/a","n/a","n/a","n/a","n/a","n/a","n/a","n/a","n/a","n/a","n/a","n/a","n/a","n/a","n/a","n/a","n/a","n/a","n/a","n/a","n/a","n/a","n/a","n/a","n/a","n/a","n/a","n/a","n/a","n/a","n/a","n/a","n/a","n/a","n/a","n/a","n/a","n/a","n/a","n/a","n/a","n/a","n/a","n/a","n/a","n/a","n/a","n/a","n/a","n/a","n/a","n/a","n/a","n/a","n/a","n/a","n/a","n/a","n/a","n/a","n/a","n/a","n/a","n/a","n/a","n/a","n/a","n/a","n/a","n/a","n/a","n/a","n/a","n/a","n/a","n/a","n/a","n/a","n/a","n/a","n/a","n/a","n/a","n/a","n/a","n/a","n/a","-","-","-","-","-","-","-","-","-","-","-","-","-","-","-","-","-","-","-","-","-","-","-","-",10,10,"-",20,10,10,"-",20,"Nuclear Scientist and Nuclear Engineer"]
["Standard - Nuclear Welding Inspection Technician",null,"n/a","n/a","n/a","n/a","n/a","n/a","n/a","n/a","n/a","n/a","n/a","n/a","n/a","n/a","n/a","n/a","n/a","n/a","n/a","n/a","n/a","n/a","n/a","n/a","n/a","n/a","n/a","n/a","n/a","n/a","n/a","n/a","n/a","n/a","n/a","n/a","n/a","n/a","n/a","n/a","n/a","n/a","n/a","n/a","n/a","n/a","n/a","n/a","n/a","n/a","n/a","n/a","n/a","n/a","n/a","n/a","n/a","n/a","n/a","n/a","n/a","n/a","n/a","n/a","n/a","n/a","n/a","n/a","n/a","n/a","n/a","n/a","n/a","n/a","n/a","n/a","n/a","n/a","n/a","n/a","n/a","n/a","n/a","n/a","n/a","n/a","n/a","n/a","n/a","n/a","n/a","n/a","n/a","n/a","n/a","n/a","n/a","n/a","n/a","n/a","n/a","n/a","n/a","n/a","n/a","n/a","n/a","n/a","n/a","n/a","n/a","n/a","n/a","n/a","n/a","n/a","n/a","n/a","n/a","n/a","n/a","n/a","n/a","n/a","n/a","n/a","n/a","n/a","n/a","n/a","n/a","n/a","n/a","n/a","n/a","n/a","n/a","n/a","n/a","n/a","n/a","n/a","n/a","n/a","n/a","n/a","n/a","n/a","n/a","n/a","n/a","n/a","n/a","n/a","n/a","n/a","-","-","-","-","-","-","-","-","-","-","-","-","-","-","-","-","-","-","-","-","-","-","-","-",10,10,"-",10,10,10,"-",10,"Nuclear Welding Inspection Technician"]
["Standard - Operations/Departmental Manager",null,"n/a","n/a","n/a","n/a","n/a","n/a","n/a","n/a","n/a","n/a","n/a","n/a","n/a","n/a","n/a","n/a","n/a","n/a","n/a","n/a","n/a","n/a","n/a","n/a","n/a","n/a","n/a","n/a","n/a","n/a","n/a","n/a","n/a","n/a","n/a","n/a","n/a","n/a","n/a","n/a","n/a","n/a","n/a","n/a","n/a","n/a","n/a","n/a","n/a","n/a","n/a","n/a","n/a","n/a","n/a","n/a","n/a","n/a","n/a","n/a","n/a","n/a","n/a","n/a","n/a","n/a","n/a","n/a","n/a","n/a","n/a","n/a","n/a","n/a","n/a","n/a","n/a","n/a","n/a","n/a","n/a","n/a","n/a","n/a","n/a","n/a","n/a","n/a","n/a","n/a","n/a","n/a","n/a","n/a","n/a","n/a","n/a","n/a","n/a","n/a","n/a","n/a","n/a","n/a","n/a","n/a","n/a","n/a","n/a","n/a","n/a","n/a","n/a","n/a","n/a","n/a","n/a","n/a","n/a","n/a","n/a","n/a","n/a","n/a","n/a","n/a","n/a","n/a","n/a","n/a","n/a","n/a","n/a","n/a","n/a","n/a","n/a","n/a","n/a","n/a","n/a","n/a","n/a","n/a","n/a","n/a","n/a","n/a","n/a","n/a","n/a","n/a","n/a","n/a","n/a","n/a","-","-","-","-","-","-","-","-","-","-","-","-","-","-","-","-","-","-","-","-","-","-","-","-","-","-","-","-","-","-","-","-","Operations/Departmental Manager"]
["Standard - Paralegal",null,"n/a","n/a","n/a","n/a","n/a","n/a","n/a","n/a","n/a","n/a","n/a","n/a","n/a","n/a","n/a","n/a","n/a","n/a","n/a","n/a","n/a","n/a","n/a","n/a","n/a","n/a","n/a","n/a","n/a","n/a","n/a","n/a","n/a","n/a","n/a","n/a","n/a","n/a","n/a","n/a","n/a","n/a","n/a","n/a","n/a","n/a","n/a","n/a","n/a","n/a","n/a","n/a","n/a","n/a","n/a","n/a","n/a","n/a","n/a","n/a","n/a","n/a","n/a","n/a","n/a","n/a","n/a","n/a","n/a","n/a","n/a","n/a","n/a","n/a","n/a","n/a","n/a","n/a","n/a","n/a","n/a","n/a","n/a","n/a","n/a","n/a","n/a","n/a","n/a","n/a","n/a","n/a","n/a","n/a","n/a","n/a","n/a","n/a","n/a","n/a","n/a","n/a","n/a","n/a","n/a","n/a","n/a","n/a","n/a","n/a","n/a","n/a","n/a","n/a","n/a","n/a","n/a","n/a","n/a","n/a","n/a","n/a","n/a","n/a","n/a","n/a","n/a","n/a","n/a","n/a","n/a","n/a","n/a","n/a","n/a","n/a","n/a","n/a","n/a","n/a","n/a","n/a","n/a","n/a","n/a","n/a","n/a","n/a","n/a","n/a","n/a","n/a","n/a","n/a","n/a","n/a","-","-","-","-","-","-","-","-","-","-","-","-","-","-","-","-","-","-","-","-","-","-","-","-","-","-","-","-","-","-","-","-","Paralegal"]
["Standard - Paraplanner",null,"n/a","n/a","n/a","n/a","n/a","n/a","n/a","n/a","n/a","n/a","n/a","n/a","n/a","n/a","n/a","n/a","n/a","n/a","n/a","n/a","n/a","n/a","n/a","n/a","n/a","n/a","n/a","n/a","n/a","n/a","n/a","n/a","n/a","n/a","n/a","n/a","n/a","n/a","n/a","n/a","n/a","n/a","n/a","n/a","n/a","n/a","n/a","n/a","n/a","n/a","n/a","n/a","n/a","n/a","n/a","n/a","n/a","n/a","n/a","n/a","n/a","n/a","n/a","n/a","n/a","n/a","n/a","n/a","n/a","n/a","n/a","n/a","n/a","n/a","n/a","n/a","n/a","n/a","n/a","n/a","n/a","n/a","n/a","n/a","n/a","n/a","n/a","n/a","n/a","n/a","n/a","n/a","n/a","n/a","n/a","n/a","n/a","n/a","n/a","n/a","n/a","n/a","n/a","n/a","n/a","n/a","n/a","n/a","n/a","n/a","n/a","n/a","n/a","n/a","n/a","n/a","n/a","n/a","n/a","n/a","n/a","n/a","n/a","n/a","n/a","n/a","n/a","n/a","n/a","n/a","n/a","n/a","n/a","n/a","n/a","n/a","n/a","n/a","n/a","n/a","n/a","n/a","n/a","n/a","n/a","n/a","n/a","n/a","n/a","n/a","n/a","n/a","n/a","n/a","n/a","n/a","-","-","-","-","-","-","-","-","-","-","-","-","-","-","-","-","-","-","-","-","-","-","-","-","-",10,10,20,"-",10,10,20,"Paraplanner"]
[{"$f":"\"Standard - \"&GI302","v":"Standard - Power Network Craftsperson"},null,"n/a","n/a","n/a","n/a","n/a","n/a","n/a","n/a","n/a","n/a","n/a","n/a","n/a","n/a","n/a","n/a","n/a","n/a","n/a","n/a","n/a","n/a","n/a","n/a","n/a","n/a","n/a","n/a","n/a","n/a","n/a","n/a","n/a","n/a","n/a","n/a","n/a","n/a","n/a","n/a","n/a","n/a","n/a","n/a","n/a","n/a","n/a","n/a","n/a","n/a","n/a","n/a","n/a","n/a","n/a","n/a","n/a","n/a","n/a","n/a","n/a","n/a","n/a","n/a","n/a","n/a","n/a","n/a","n/a","n/a","n/a","n/a","n/a","n/a","n/a","n/a","n/a","n/a","n/a","n/a","n/a","n/a","n/a","n/a","n/a","n/a","n/a","n/a","n/a","n/a","n/a","n/a","n/a","n/a","n/a","n/a","n/a","n/a","n/a","n/a","n/a","n/a","n/a","n/a","n/a","n/a","n/a","n/a","n/a","n/a","n/a","n/a","n/a","n/a","n/a","n/a","n/a","n/a","n/a","n/a","n/a","n/a","n/a","n/a","n/a","n/a","n/a","n/a","n/a","n/a","n/a","n/a","n/a","n/a","n/a","n/a","n/a","n/a","n/a","n/a","n/a","n/a","n/a","n/a","n/a","n/a","n/a","n/a","n/a","n/a","n/a","n/a","n/a","n/a","n/a","n/a","-","-","-","-",10,10,"-",20,"-","-","-","-",10,10,"-",20,"-","-","-","-",110,180,120,410,"-","-","-","-",110,180,120,410,"Power Network Craftsperson"]
["Standard - Product Design and Development Engineer",null,"n/a","n/a","n/a","n/a","n/a","n/a","n/a","n/a","n/a","n/a","n/a","n/a","n/a","n/a","n/a","n/a","n/a","n/a","n/a","n/a","n/a","n/a","n/a","n/a","n/a","n/a","n/a","n/a","n/a","n/a","n/a","n/a","n/a","n/a","n/a","n/a","n/a","n/a","n/a","n/a","n/a","n/a","n/a","n/a","n/a","n/a","n/a","n/a","n/a","n/a","n/a","n/a","n/a","n/a","n/a","n/a","n/a","n/a","n/a","n/a","n/a","n/a","n/a","n/a","n/a","n/a","n/a","n/a","n/a","n/a","n/a","n/a","n/a","n/a","n/a","n/a","n/a","n/a","n/a","n/a","n/a","n/a","n/a","n/a","n/a","n/a","n/a","n/a","n/a","n/a","n/a","n/a","n/a","n/a","n/a","n/a","n/a","n/a","n/a","n/a","n/a","n/a","n/a","n/a","n/a","n/a","n/a","n/a","n/a","n/a","n/a","n/a","n/a","n/a","n/a","n/a","n/a","n/a","n/a","n/a","n/a","n/a","n/a","n/a","n/a","n/a","n/a","n/a","n/a","n/a","n/a","n/a","n/a","n/a","n/a","n/a","n/a","n/a","n/a","n/a","n/a","n/a","n/a","n/a","n/a","n/a","n/a","n/a","n/a","n/a","n/a","n/a","n/a","n/a","n/a","n/a","-","-","-","-","-","-","-","-",20,20,"-",40,20,20,"-",40,"-","-","-","-","-","-","-","-",10,10,"-",10,10,10,"-",10,"Product Design and Development Engineer"]
["Standard - Product Design and Development Technician",null,"n/a","n/a","n/a","n/a","n/a","n/a","n/a","n/a","n/a","n/a","n/a","n/a","n/a","n/a","n/a","n/a","n/a","n/a","n/a","n/a","n/a","n/a","n/a","n/a","n/a","n/a","n/a","n/a","n/a","n/a","n/a","n/a","n/a","n/a","n/a","n/a","n/a","n/a","n/a","n/a","n/a","n/a","n/a","n/a","n/a","n/a","n/a","n/a","n/a","n/a","n/a","n/a","n/a","n/a","n/a","n/a","n/a","n/a","n/a","n/a","n/a","n/a","n/a","n/a","n/a","n/a","n/a","n/a","n/a","n/a","n/a","n/a","n/a","n/a","n/a","n/a","n/a","n/a","n/a","n/a","n/a","n/a","n/a","n/a","n/a","n/a","n/a","n/a","n/a","n/a","n/a","n/a","n/a","n/a","n/a","n/a","n/a","n/a","n/a","n/a","n/a","n/a","n/a","n/a","n/a","n/a","n/a","n/a","n/a","n/a","n/a","n/a","n/a","n/a","n/a","n/a","n/a","n/a","n/a","n/a","n/a","n/a","n/a","n/a","n/a","n/a","n/a","n/a","n/a","n/a","n/a","n/a","n/a","n/a","n/a","n/a","n/a","n/a","n/a","n/a","n/a","n/a","n/a","n/a","n/a","n/a","n/a","n/a","n/a","n/a","n/a","n/a","n/a","n/a","n/a","n/a","-","-","-","-",30,50,10,80,"-","-","-","-",30,50,10,80,"-","-","-","-",30,20,"-",50,"-","-","-","-",30,20,"-",50,"Product Design and Development Technician"]
["Standard - Professional Accounting Taxation Technician",null,"n/a","n/a","n/a","n/a","n/a","n/a","n/a","n/a","n/a","n/a","n/a","n/a","n/a","n/a","n/a","n/a","n/a","n/a","n/a","n/a","n/a","n/a","n/a","n/a","n/a","n/a","n/a","n/a","n/a","n/a","n/a","n/a","n/a","n/a","n/a","n/a","n/a","n/a","n/a","n/a","n/a","n/a","n/a","n/a","n/a","n/a","n/a","n/a","n/a","n/a","n/a","n/a","n/a","n/a","n/a","n/a","n/a","n/a","n/a","n/a","n/a","n/a","n/a","n/a","n/a","n/a","n/a","n/a","n/a","n/a","n/a","n/a","n/a","n/a","n/a","n/a","n/a","n/a","n/a","n/a","n/a","n/a","n/a","n/a","n/a","n/a","n/a","n/a","n/a","n/a","n/a","n/a","n/a","n/a","n/a","n/a","n/a","n/a","n/a","n/a","n/a","n/a","n/a","n/a","n/a","n/a","n/a","n/a","n/a","n/a","n/a","n/a","n/a","n/a","n/a","n/a","n/a","n/a","n/a","n/a","n/a","n/a","n/a","n/a","n/a","n/a","n/a","n/a","n/a","n/a","n/a","n/a","n/a","n/a","n/a","n/a","n/a","n/a","n/a","n/a","n/a","n/a","n/a","n/a","n/a","n/a","n/a","n/a","n/a","n/a","n/a","n/a","n/a","n/a","n/a","n/a","-","-","-","-","-","-","-","-","-","-","-","-","-","-","-","-","-","-","-","-","-","-","-","-","-","-","-","-","-","-","-","-","Professional Accounting Taxation Technician"]
["Standard - Property Maintenance Operative",null,"n/a","n/a","n/a","n/a","n/a","n/a","n/a","n/a","n/a","n/a","n/a","n/a","n/a","n/a","n/a","n/a","n/a","n/a","n/a","n/a","n/a","n/a","n/a","n/a","n/a","n/a","n/a","n/a","n/a","n/a","n/a","n/a","n/a","n/a","n/a","n/a","n/a","n/a","n/a","n/a","n/a","n/a","n/a","n/a","n/a","n/a","n/a","n/a","n/a","n/a","n/a","n/a","n/a","n/a","n/a","n/a","n/a","n/a","n/a","n/a","n/a","n/a","n/a","n/a","n/a","n/a","n/a","n/a","n/a","n/a","n/a","n/a","n/a","n/a","n/a","n/a","n/a","n/a","n/a","n/a","n/a","n/a","n/a","n/a","n/a","n/a","n/a","n/a","n/a","n/a","n/a","n/a","n/a","n/a","n/a","n/a","n/a","n/a","n/a","n/a","n/a","n/a","n/a","n/a","n/a","n/a","n/a","n/a","n/a","n/a","n/a","n/a","n/a","n/a","n/a","n/a","n/a","n/a","n/a","n/a","n/a","n/a","n/a","n/a","n/a","n/a","n/a","n/a","n/a","n/a","n/a","n/a","n/a","n/a","n/a","n/a","n/a","n/a","n/a","n/a","n/a","n/a","n/a","n/a","n/a","n/a","n/a","n/a","n/a","n/a","n/a","n/a","n/a","n/a","n/a","n/a","-","-","-","-","-","-","-","-","-","-","-","-","-","-","-","-","-",60,650,720,"-","-","-","-","-","-","-","-","-",60,650,720,"Property Maintenance Operative"]
["Standard - Public Sector Commercial Professional",null,"n/a","n/a","n/a","n/a","n/a","n/a","n/a","n/a","n/a","n/a","n/a","n/a","n/a","n/a","n/a","n/a","n/a","n/a","n/a","n/a","n/a","n/a","n/a","n/a","n/a","n/a","n/a","n/a","n/a","n/a","n/a","n/a","n/a","n/a","n/a","n/a","n/a","n/a","n/a","n/a","n/a","n/a","n/a","n/a","n/a","n/a","n/a","n/a","n/a","n/a","n/a","n/a","n/a","n/a","n/a","n/a","n/a","n/a","n/a","n/a","n/a","n/a","n/a","n/a","n/a","n/a","n/a","n/a","n/a","n/a","n/a","n/a","n/a","n/a","n/a","n/a","n/a","n/a","n/a","n/a","n/a","n/a","n/a","n/a","n/a","n/a","n/a","n/a","n/a","n/a","n/a","n/a","n/a","n/a","n/a","n/a","n/a","n/a","n/a","n/a","n/a","n/a","n/a","n/a","n/a","n/a","n/a","n/a","n/a","n/a","n/a","n/a","n/a","n/a","n/a","n/a","n/a","n/a","n/a","n/a","n/a","n/a","n/a","n/a","n/a","n/a","n/a","n/a","n/a","n/a","n/a","n/a","n/a","n/a","n/a","n/a","n/a","n/a","n/a","n/a","n/a","n/a","n/a","n/a","n/a","n/a","n/a","n/a","n/a","n/a","n/a","n/a","n/a","n/a","n/a","n/a","-","-","-","-","-","-","-","-","-","-","-","-","-","-","-","-","-","-","-","-","-","-","-","-",10,10,"-",30,10,10,"-",30,"Public Sector Commercial Professional"]
["Standard - Public Service Operational Delivery Officer",null,"n/a","n/a","n/a","n/a","n/a","n/a","n/a","n/a","n/a","n/a","n/a","n/a","n/a","n/a","n/a","n/a","n/a","n/a","n/a","n/a","n/a","n/a","n/a","n/a","n/a","n/a","n/a","n/a","n/a","n/a","n/a","n/a","n/a","n/a","n/a","n/a","n/a","n/a","n/a","n/a","n/a","n/a","n/a","n/a","n/a","n/a","n/a","n/a","n/a","n/a","n/a","n/a","n/a","n/a","n/a","n/a","n/a","n/a","n/a","n/a","n/a","n/a","n/a","n/a","n/a","n/a","n/a","n/a","n/a","n/a","n/a","n/a","n/a","n/a","n/a","n/a","n/a","n/a","n/a","n/a","n/a","n/a","n/a","n/a","n/a","n/a","n/a","n/a","n/a","n/a","n/a","n/a","n/a","n/a","n/a","n/a","n/a","n/a","n/a","n/a","n/a","n/a","n/a","n/a","n/a","n/a","n/a","n/a","n/a","n/a","n/a","n/a","n/a","n/a","n/a","n/a","n/a","n/a","n/a","n/a","n/a","n/a","n/a","n/a","n/a","n/a","n/a","n/a","n/a","n/a","n/a","n/a","n/a","n/a","n/a","n/a","n/a","n/a","n/a","n/a","n/a","n/a","n/a","n/a","n/a","n/a","n/a","n/a","n/a","n/a","n/a","n/a","n/a","n/a","n/a","n/a","-","-","-","-","-","-","-","-","-","-","-","-","-","-","-","-","-","-","-","-","-","-",60,60,"-","-","-","-","-","-",60,60,"Public Service Operational Delivery Officer"]
["Standard - Rail Engineering Technician",null,"n/a","n/a","n/a","n/a","n/a","n/a","n/a","n/a","n/a","n/a","n/a","n/a","n/a","n/a","n/a","n/a","n/a","n/a","n/a","n/a","n/a","n/a","n/a","n/a","n/a","n/a","n/a","n/a","n/a","n/a","n/a","n/a","n/a","n/a","n/a","n/a","n/a","n/a","n/a","n/a","n/a","n/a","n/a","n/a","n/a","n/a","n/a","n/a","n/a","n/a","n/a","n/a","n/a","n/a","n/a","n/a","n/a","n/a","n/a","n/a","n/a","n/a","n/a","n/a","n/a","n/a","n/a","n/a","n/a","n/a","n/a","n/a","n/a","n/a","n/a","n/a","n/a","n/a","n/a","n/a","n/a","n/a","n/a","n/a","n/a","n/a","n/a","n/a","n/a","n/a","n/a","n/a","n/a","n/a","n/a","n/a","n/a","n/a","n/a","n/a","n/a","n/a","n/a","n/a","n/a","n/a","n/a","n/a","n/a","n/a","n/a","n/a","n/a","n/a","n/a","n/a","n/a","n/a","n/a","n/a","n/a","n/a","n/a","n/a","n/a","n/a","n/a","n/a","n/a","n/a","n/a","n/a","n/a","n/a","n/a","n/a","n/a","n/a","n/a","n/a","n/a","n/a","n/a","n/a","n/a","n/a","n/a","n/a","n/a","n/a","n/a","n/a","n/a","n/a","n/a","n/a","-","-","-","-","-","-","-","-","-","-","-","-","-","-","-","-","-","-","-","-","-","-","-","-","-","-","-","-","-","-","-","-","Rail Engineering Technician"]
["Standard - Railway Engineering Design Technician",null,"n/a","n/a","n/a","n/a","n/a","n/a","n/a","n/a","n/a","n/a","n/a","n/a","n/a","n/a","n/a","n/a","n/a","n/a","n/a","n/a","n/a","n/a","n/a","n/a","n/a","n/a","n/a","n/a","n/a","n/a","n/a","n/a","n/a","n/a","n/a","n/a","n/a","n/a","n/a","n/a","n/a","n/a","n/a","n/a","n/a","n/a","n/a","n/a","n/a","n/a","n/a","n/a","n/a","n/a","n/a","n/a","n/a","n/a","n/a","n/a","n/a","n/a","n/a","n/a","n/a","n/a","n/a","n/a","n/a","n/a","n/a","n/a","n/a","n/a","n/a","n/a","n/a","n/a","n/a","n/a","n/a","n/a","n/a","n/a","n/a","n/a","n/a","n/a","n/a","n/a","n/a","n/a","n/a","n/a","n/a","n/a","n/a","n/a","n/a","n/a","n/a","n/a","n/a","n/a","n/a","n/a","n/a","n/a","n/a","n/a","n/a","n/a","n/a","n/a","n/a","n/a","n/a","n/a","n/a","n/a","n/a","n/a","n/a","n/a","n/a","n/a","n/a","n/a","n/a","n/a","n/a","n/a","n/a","n/a","n/a","n/a","n/a","n/a","n/a","n/a","n/a","n/a","n/a","n/a","n/a","n/a","n/a","n/a","n/a","n/a","n/a","n/a","n/a","n/a","n/a","n/a","-","-","-","-","-","-","-","-","-","-","-","-","-","-","-","-","-","-","-","-",40,10,"-",60,"-","-","-","-",40,10,"-",60,"Railway Engineering Design Technician"]
["Standard - Relationship Manager (Banking)",null,"n/a","n/a","n/a","n/a","n/a","n/a","n/a","n/a","n/a","n/a","n/a","n/a","n/a","n/a","n/a","n/a","n/a","n/a","n/a","n/a","n/a","n/a","n/a","n/a","n/a","n/a","n/a","n/a","n/a","n/a","n/a","n/a","n/a","n/a","n/a","n/a","n/a","n/a","n/a","n/a","n/a","n/a","n/a","n/a","n/a","n/a","n/a","n/a","n/a","n/a","n/a","n/a","n/a","n/a","n/a","n/a","n/a","n/a","n/a","n/a","n/a","n/a","n/a","n/a","n/a","n/a","n/a","n/a","n/a","n/a","n/a","n/a","n/a","n/a","n/a","n/a","n/a","n/a","n/a","n/a","n/a","n/a","n/a","n/a","n/a","n/a","n/a","n/a","n/a","n/a","n/a","n/a","n/a","n/a","n/a","n/a","n/a","n/a","n/a","n/a","n/a","n/a","n/a","n/a","n/a","n/a","n/a","n/a","n/a","n/a","n/a","n/a","n/a","n/a","n/a","n/a","n/a","n/a","n/a","n/a","n/a","n/a","n/a","n/a","n/a","n/a","n/a","n/a","n/a","n/a","n/a","n/a","n/a","n/a","n/a","n/a","n/a","n/a","n/a","n/a","n/a","n/a","n/a","n/a","n/a","n/a","n/a","n/a","n/a","n/a","n/a","n/a","n/a","n/a","n/a","n/a","-","-","-","-","-","-","-","-",10,10,"-",30,10,10,"-",30,"-","-","-","-","-","-","-","-",10,10,"-",20,10,10,"-",20,"Relationship Manager (Banking)"]
["Standard - Retailer",null,"n/a","n/a","n/a","n/a","n/a","n/a","n/a","n/a","n/a","n/a","n/a","n/a","n/a","n/a","n/a","n/a","n/a","n/a","n/a","n/a","n/a","n/a","n/a","n/a","n/a","n/a","n/a","n/a","n/a","n/a","n/a","n/a","n/a","n/a","n/a","n/a","n/a","n/a","n/a","n/a","n/a","n/a","n/a","n/a","n/a","n/a","n/a","n/a","n/a","n/a","n/a","n/a","n/a","n/a","n/a","n/a","n/a","n/a","n/a","n/a","n/a","n/a","n/a","n/a","n/a","n/a","n/a","n/a","n/a","n/a","n/a","n/a","n/a","n/a","n/a","n/a","n/a","n/a","n/a","n/a","n/a","n/a","n/a","n/a","n/a","n/a","n/a","n/a","n/a","n/a","n/a","n/a","n/a","n/a","n/a","n/a","n/a","n/a","n/a","n/a","n/a","n/a","n/a","n/a","n/a","n/a","n/a","n/a","n/a","n/a","n/a","n/a","n/a","n/a","n/a","n/a","n/a","n/a","n/a","n/a","n/a","n/a","n/a","n/a","n/a","n/a","n/a","n/a","n/a","n/a","n/a","n/a","n/a","n/a","n/a","n/a","n/a","n/a","n/a","n/a","n/a","n/a","n/a","n/a","n/a","n/a","n/a","n/a","n/a","n/a","n/a","n/a","n/a","n/a","n/a","n/a","-","-","-","-","-","-","-","-","-","-","-","-","-","-","-","-",10,20,"-",20,"-","-","-","-","-","-","-","-",10,20,"-",20,"Retailer"]
["Standard - Science Industry Maintenance Technician",null,"n/a","n/a","n/a","n/a","n/a","n/a","n/a","n/a","n/a","n/a","n/a","n/a","n/a","n/a","n/a","n/a","n/a","n/a","n/a","n/a","n/a","n/a","n/a","n/a","n/a","n/a","n/a","n/a","n/a","n/a","n/a","n/a","n/a","n/a","n/a","n/a","n/a","n/a","n/a","n/a","n/a","n/a","n/a","n/a","n/a","n/a","n/a","n/a","n/a","n/a","n/a","n/a","n/a","n/a","n/a","n/a","n/a","n/a","n/a","n/a","n/a","n/a","n/a","n/a","n/a","n/a","n/a","n/a","n/a","n/a","n/a","n/a","n/a","n/a","n/a","n/a","n/a","n/a","n/a","n/a","n/a","n/a","n/a","n/a","n/a","n/a","n/a","n/a","n/a","n/a","n/a","n/a","n/a","n/a","n/a","n/a","n/a","n/a","n/a","n/a","n/a","n/a","n/a","n/a","n/a","n/a","n/a","n/a","n/a","n/a","n/a","n/a","n/a","n/a","n/a","n/a","n/a","n/a","n/a","n/a","n/a","n/a","n/a","n/a","n/a","n/a","n/a","n/a","n/a","n/a","n/a","n/a","n/a","n/a","n/a","n/a","n/a","n/a","n/a","n/a","n/a","n/a","n/a","n/a","n/a","n/a","n/a","n/a","n/a","n/a","n/a","n/a","n/a","n/a","n/a","n/a","-","-","-","-","-","-","-","-","-","-","-","-","-","-","-","-","-","-","-","-",20,10,"-",40,"-","-","-","-",20,10,"-",40,"Science Industry Maintenance Technician"]
["Standard - Science Manufacturing Technician",null,"n/a","n/a","n/a","n/a","n/a","n/a","n/a","n/a","n/a","n/a","n/a","n/a","n/a","n/a","n/a","n/a","n/a","n/a","n/a","n/a","n/a","n/a","n/a","n/a","n/a","n/a","n/a","n/a","n/a","n/a","n/a","n/a","n/a","n/a","n/a","n/a","n/a","n/a","n/a","n/a","n/a","n/a","n/a","n/a","n/a","n/a","n/a","n/a","n/a","n/a","n/a","n/a","n/a","n/a","n/a","n/a","n/a","n/a","n/a","n/a","n/a","n/a","n/a","n/a","n/a","n/a","n/a","n/a","n/a","n/a","n/a","n/a","n/a","n/a","n/a","n/a","n/a","n/a","n/a","n/a","n/a","n/a","n/a","n/a","n/a","n/a","n/a","n/a","n/a","n/a","n/a","n/a","n/a","n/a","n/a","n/a","n/a","n/a","n/a","n/a","n/a","n/a","n/a","n/a","n/a","n/a","n/a","n/a","n/a","n/a","n/a","n/a","n/a","n/a","n/a","n/a","n/a","n/a","n/a","n/a","n/a","n/a","n/a","n/a","n/a","n/a","n/a","n/a","n/a","n/a","n/a","n/a","n/a","n/a","n/a","n/a","n/a","n/a","n/a","n/a","n/a","n/a","n/a","n/a","n/a","n/a","n/a","n/a","n/a","n/a","n/a","n/a","n/a","n/a","n/a","n/a","-","-","-","-","-","-","-","-","-","-","-","-","-","-","-","-","-","-","-","-",10,10,10,20,"-","-","-","-",10,10,10,20,"Science Manufacturing Technician"]
["Standard - Senior Financial Services Customer Adviser",null,"n/a","n/a","n/a","n/a","n/a","n/a","n/a","n/a","n/a","n/a","n/a","n/a","n/a","n/a","n/a","n/a","n/a","n/a","n/a","n/a","n/a","n/a","n/a","n/a","n/a","n/a","n/a","n/a","n/a","n/a","n/a","n/a","n/a","n/a","n/a","n/a","n/a","n/a","n/a","n/a","n/a","n/a","n/a","n/a","n/a","n/a","n/a","n/a","n/a","n/a","n/a","n/a","n/a","n/a","n/a","n/a","n/a","n/a","n/a","n/a","n/a","n/a","n/a","n/a","n/a","n/a","n/a","n/a","n/a","n/a","n/a","n/a","n/a","n/a","n/a","n/a","n/a","n/a","n/a","n/a","n/a","n/a","n/a","n/a","n/a","n/a","n/a","n/a","n/a","n/a","n/a","n/a","n/a","n/a","n/a","n/a","n/a","n/a","n/a","n/a","n/a","n/a","n/a","n/a","n/a","n/a","n/a","n/a","n/a","n/a","n/a","n/a","n/a","n/a","n/a","n/a","n/a","n/a","n/a","n/a","n/a","n/a","n/a","n/a","n/a","n/a","n/a","n/a","n/a","n/a","n/a","n/a","n/a","n/a","n/a","n/a","n/a","n/a","n/a","n/a","n/a","n/a","n/a","n/a","n/a","n/a","n/a","n/a","n/a","n/a","n/a","n/a","n/a","n/a","n/a","n/a","-","-","-","-","-","-","-","-","-","-","-","-","-","-","-","-","-","-","-","-",10,30,10,50,"-","-","-","-",10,30,10,50,"Senior Financial Services Customer Adviser"]
["Standard - Senior Housing/Property Management",null,"n/a","n/a","n/a","n/a","n/a","n/a","n/a","n/a","n/a","n/a","n/a","n/a","n/a","n/a","n/a","n/a","n/a","n/a","n/a","n/a","n/a","n/a","n/a","n/a","n/a","n/a","n/a","n/a","n/a","n/a","n/a","n/a","n/a","n/a","n/a","n/a","n/a","n/a","n/a","n/a","n/a","n/a","n/a","n/a","n/a","n/a","n/a","n/a","n/a","n/a","n/a","n/a","n/a","n/a","n/a","n/a","n/a","n/a","n/a","n/a","n/a","n/a","n/a","n/a","n/a","n/a","n/a","n/a","n/a","n/a","n/a","n/a","n/a","n/a","n/a","n/a","n/a","n/a","n/a","n/a","n/a","n/a","n/a","n/a","n/a","n/a","n/a","n/a","n/a","n/a","n/a","n/a","n/a","n/a","n/a","n/a","n/a","n/a","n/a","n/a","n/a","n/a","n/a","n/a","n/a","n/a","n/a","n/a","n/a","n/a","n/a","n/a","n/a","n/a","n/a","n/a","n/a","n/a","n/a","n/a","n/a","n/a","n/a","n/a","n/a","n/a","n/a","n/a","n/a","n/a","n/a","n/a","n/a","n/a","n/a","n/a","n/a","n/a","n/a","n/a","n/a","n/a","n/a","n/a","n/a","n/a","n/a","n/a","n/a","n/a","n/a","n/a","n/a","n/a","n/a","n/a","-","-","-","-","-","-","-","-","-","-","-","-","-","-","-","-","-","-","-","-","-","-","-","-","-","-","-","-","-","-","-","-","Senior Housing/Property Management"]
["Standard - Software Developer",null,"n/a","n/a","n/a","n/a","n/a","n/a","n/a","n/a","n/a","n/a","n/a","n/a","n/a","n/a","n/a","n/a","n/a","n/a","n/a","n/a","n/a","n/a","n/a","n/a","n/a","n/a","n/a","n/a","n/a","n/a","n/a","n/a","n/a","n/a","n/a","n/a","n/a","n/a","n/a","n/a","n/a","n/a","n/a","n/a","n/a","n/a","n/a","n/a","n/a","n/a","n/a","n/a","n/a","n/a","n/a","n/a","n/a","n/a","n/a","n/a","n/a","n/a","n/a","n/a","n/a","n/a","n/a","n/a","n/a","n/a","n/a","n/a","n/a","n/a","n/a","n/a","n/a","n/a","n/a","n/a","n/a","n/a","n/a","n/a","n/a","n/a","n/a","n/a","n/a","n/a","n/a","n/a","n/a","n/a","n/a","n/a","n/a","n/a","n/a","n/a","n/a","n/a","n/a","n/a","n/a","n/a","n/a","n/a","n/a","n/a","n/a","n/a","n/a","n/a","n/a","n/a","n/a","n/a","n/a","n/a","n/a","n/a","n/a","n/a","n/a","n/a","n/a","n/a","n/a","n/a","n/a","n/a","n/a","n/a","n/a","n/a","n/a","n/a","n/a","n/a","n/a","n/a","n/a","n/a","n/a","n/a","n/a","n/a","n/a","n/a","n/a","n/a","n/a","n/a","n/a","n/a","-","-","-","-","-","-","-","-",20,40,"-",60,20,40,"-",60,"-","-","-","-","-","-","-","-",40,80,20,140,40,80,20,140,"Software Developer"]
["Standard - Software Tester",null,"n/a","n/a","n/a","n/a","n/a","n/a","n/a","n/a","n/a","n/a","n/a","n/a","n/a","n/a","n/a","n/a","n/a","n/a","n/a","n/a","n/a","n/a","n/a","n/a","n/a","n/a","n/a","n/a","n/a","n/a","n/a","n/a","n/a","n/a","n/a","n/a","n/a","n/a","n/a","n/a","n/a","n/a","n/a","n/a","n/a","n/a","n/a","n/a","n/a","n/a","n/a","n/a","n/a","n/a","n/a","n/a","n/a","n/a","n/a","n/a","n/a","n/a","n/a","n/a","n/a","n/a","n/a","n/a","n/a","n/a","n/a","n/a","n/a","n/a","n/a","n/a","n/a","n/a","n/a","n/a","n/a","n/a","n/a","n/a","n/a","n/a","n/a","n/a","n/a","n/a","n/a","n/a","n/a","n/a","n/a","n/a","n/a","n/a","n/a","n/a","n/a","n/a","n/a","n/a","n/a","n/a","n/a","n/a","n/a","n/a","n/a","n/a","n/a","n/a","n/a","n/a","n/a","n/a","n/a","n/a","n/a","n/a","n/a","n/a","n/a","n/a","n/a","n/a","n/a","n/a","n/a","n/a","n/a","n/a","n/a","n/a","n/a","n/a","n/a","n/a","n/a","n/a","n/a","n/a","n/a","n/a","n/a","n/a","n/a","n/a","n/a","n/a","n/a","n/a","n/a","n/a","-","-","-","-","-","-","-","-","-","-","-","-","-","-","-","-","-","-","-","-","-","-","-","-","-","-","-","-","-","-","-","-","Software Tester"]
["Standard - Supply Chain Warehouse Operative",null,"n/a","n/a","n/a","n/a","n/a","n/a","n/a","n/a","n/a","n/a","n/a","n/a","n/a","n/a","n/a","n/a","n/a","n/a","n/a","n/a","n/a","n/a","n/a","n/a","n/a","n/a","n/a","n/a","n/a","n/a","n/a","n/a","n/a","n/a","n/a","n/a","n/a","n/a","n/a","n/a","n/a","n/a","n/a","n/a","n/a","n/a","n/a","n/a","n/a","n/a","n/a","n/a","n/a","n/a","n/a","n/a","n/a","n/a","n/a","n/a","n/a","n/a","n/a","n/a","n/a","n/a","n/a","n/a","n/a","n/a","n/a","n/a","n/a","n/a","n/a","n/a","n/a","n/a","n/a","n/a","n/a","n/a","n/a","n/a","n/a","n/a","n/a","n/a","n/a","n/a","n/a","n/a","n/a","n/a","n/a","n/a","n/a","n/a","n/a","n/a","n/a","n/a","n/a","n/a","n/a","n/a","n/a","n/a","n/a","n/a","n/a","n/a","n/a","n/a","n/a","n/a","n/a","n/a","n/a","n/a","n/a","n/a","n/a","n/a","n/a","n/a","n/a","n/a","n/a","n/a","n/a","n/a","n/a","n/a","n/a","n/a","n/a","n/a","n/a","n/a","n/a","n/a","n/a","n/a","n/a","n/a","n/a","n/a","n/a","n/a","n/a","n/a","n/a","n/a","n/a","n/a","-","-","-","-","-","-","-","-","-","-","-","-","-","-","-","-","-","-",40,50,"-","-","-","-","-","-","-","-","-","-",40,50,"Supply Chain Warehouse Operative"]
["Standard - Surveying Technician",null,"n/a","n/a","n/a","n/a","n/a","n/a","n/a","n/a","n/a","n/a","n/a","n/a","n/a","n/a","n/a","n/a","n/a","n/a","n/a","n/a","n/a","n/a","n/a","n/a","n/a","n/a","n/a","n/a","n/a","n/a","n/a","n/a","n/a","n/a","n/a","n/a","n/a","n/a","n/a","n/a","n/a","n/a","n/a","n/a","n/a","n/a","n/a","n/a","n/a","n/a","n/a","n/a","n/a","n/a","n/a","n/a","n/a","n/a","n/a","n/a","n/a","n/a","n/a","n/a","n/a","n/a","n/a","n/a","n/a","n/a","n/a","n/a","n/a","n/a","n/a","n/a","n/a","n/a","n/a","n/a","n/a","n/a","n/a","n/a","n/a","n/a","n/a","n/a","n/a","n/a","n/a","n/a","n/a","n/a","n/a","n/a","n/a","n/a","n/a","n/a","n/a","n/a","n/a","n/a","n/a","n/a","n/a","n/a","n/a","n/a","n/a","n/a","n/a","n/a","n/a","n/a","n/a","n/a","n/a","n/a","n/a","n/a","n/a","n/a","n/a","n/a","n/a","n/a","n/a","n/a","n/a","n/a","n/a","n/a","n/a","n/a","n/a","n/a","n/a","n/a","n/a","n/a","n/a","n/a","n/a","n/a","n/a","n/a","n/a","n/a","n/a","n/a","n/a","n/a","n/a","n/a","-","-","-","-","-","-","-","-","-","-","-","-","-","-","-","-","-","-","-","-",50,40,10,100,"-","-","-","-",50,40,10,100,"Surveying Technician"]
["Standard - Systems Engineering Masters Level",null,"n/a","n/a","n/a","n/a","n/a","n/a","n/a","n/a","n/a","n/a","n/a","n/a","n/a","n/a","n/a","n/a","n/a","n/a","n/a","n/a","n/a","n/a","n/a","n/a","n/a","n/a","n/a","n/a","n/a","n/a","n/a","n/a","n/a","n/a","n/a","n/a","n/a","n/a","n/a","n/a","n/a","n/a","n/a","n/a","n/a","n/a","n/a","n/a","n/a","n/a","n/a","n/a","n/a","n/a","n/a","n/a","n/a","n/a","n/a","n/a","n/a","n/a","n/a","n/a","n/a","n/a","n/a","n/a","n/a","n/a","n/a","n/a","n/a","n/a","n/a","n/a","n/a","n/a","n/a","n/a","n/a","n/a","n/a","n/a","n/a","n/a","n/a","n/a","n/a","n/a","n/a","n/a","n/a","n/a","n/a","n/a","n/a","n/a","n/a","n/a","n/a","n/a","n/a","n/a","n/a","n/a","n/a","n/a","n/a","n/a","n/a","n/a","n/a","n/a","n/a","n/a","n/a","n/a","n/a","n/a","n/a","n/a","n/a","n/a","n/a","n/a","n/a","n/a","n/a","n/a","n/a","n/a","n/a","n/a","n/a","n/a","n/a","n/a","n/a","n/a","n/a","n/a","n/a","n/a","n/a","n/a","n/a","n/a","n/a","n/a","n/a","n/a","n/a","n/a","n/a","n/a","-","-","-","-","-","-","-","-","-","-","-","-","-","-","-","-","-","-","-","-","-","-","-","-","-","-",30,30,"-","-",30,30,"Systems Engineering Masters Level"]
["Standard - Team Leader/Supervisor",null,"n/a","n/a","n/a","n/a","n/a","n/a","n/a","n/a","n/a","n/a","n/a","n/a","n/a","n/a","n/a","n/a","n/a","n/a","n/a","n/a","n/a","n/a","n/a","n/a","n/a","n/a","n/a","n/a","n/a","n/a","n/a","n/a","n/a","n/a","n/a","n/a","n/a","n/a","n/a","n/a","n/a","n/a","n/a","n/a","n/a","n/a","n/a","n/a","n/a","n/a","n/a","n/a","n/a","n/a","n/a","n/a","n/a","n/a","n/a","n/a","n/a","n/a","n/a","n/a","n/a","n/a","n/a","n/a","n/a","n/a","n/a","n/a","n/a","n/a","n/a","n/a","n/a","n/a","n/a","n/a","n/a","n/a","n/a","n/a","n/a","n/a","n/a","n/a","n/a","n/a","n/a","n/a","n/a","n/a","n/a","n/a","n/a","n/a","n/a","n/a","n/a","n/a","n/a","n/a","n/a","n/a","n/a","n/a","n/a","n/a","n/a","n/a","n/a","n/a","n/a","n/a","n/a","n/a","n/a","n/a","n/a","n/a","n/a","n/a","n/a","n/a","n/a","n/a","n/a","n/a","n/a","n/a","n/a","n/a","n/a","n/a","n/a","n/a","n/a","n/a","n/a","n/a","n/a","n/a","n/a","n/a","n/a","n/a","n/a","n/a","n/a","n/a","n/a","n/a","n/a","n/a","-","-","-","-","-","-","-","-","-","-","-","-","-","-","-","-","-","-","-","-","-",10,30,40,"-","-","-","-","-",10,30,40,"Team Leader/Supervisor"]
["Standard - Transport Planning Technician",null,"n/a","n/a","n/a","n/a","n/a","n/a","n/a","n/a","n/a","n/a","n/a","n/a","n/a","n/a","n/a","n/a","n/a","n/a","n/a","n/a","n/a","n/a","n/a","n/a","n/a","n/a","n/a","n/a","n/a","n/a","n/a","n/a","n/a","n/a","n/a","n/a","n/a","n/a","n/a","n/a","n/a","n/a","n/a","n/a","n/a","n/a","n/a","n/a","n/a","n/a","n/a","n/a","n/a","n/a","n/a","n/a","n/a","n/a","n/a","n/a","n/a","n/a","n/a","n/a","n/a","n/a","n/a","n/a","n/a","n/a","n/a","n/a","n/a","n/a","n/a","n/a","n/a","n/a","n/a","n/a","n/a","n/a","n/a","n/a","n/a","n/a","n/a","n/a","n/a","n/a","n/a","n/a","n/a","n/a","n/a","n/a","n/a","n/a","n/a","n/a","n/a","n/a","n/a","n/a","n/a","n/a","n/a","n/a","n/a","n/a","n/a","n/a","n/a","n/a","n/a","n/a","n/a","n/a","n/a","n/a","n/a","n/a","n/a","n/a","n/a","n/a","n/a","n/a","n/a","n/a","n/a","n/a","n/a","n/a","n/a","n/a","n/a","n/a","n/a","n/a","n/a","n/a","n/a","n/a","n/a","n/a","n/a","n/a","n/a","n/a","n/a","n/a","n/a","n/a","n/a","n/a","-","-","-","-","-","-","-","-","-","-","-","-","-","-","-","-","-","-","-","-","-","-","-","-","-","-","-","-","-","-","-","-","Transport Planning Technician"]
["Standard - Travel Consultant",null,"n/a","n/a","n/a","n/a","n/a","n/a","n/a","n/a","n/a","n/a","n/a","n/a","n/a","n/a","n/a","n/a","n/a","n/a","n/a","n/a","n/a","n/a","n/a","n/a","n/a","n/a","n/a","n/a","n/a","n/a","n/a","n/a","n/a","n/a","n/a","n/a","n/a","n/a","n/a","n/a","n/a","n/a","n/a","n/a","n/a","n/a","n/a","n/a","n/a","n/a","n/a","n/a","n/a","n/a","n/a","n/a","n/a","n/a","n/a","n/a","n/a","n/a","n/a","n/a","n/a","n/a","n/a","n/a","n/a","n/a","n/a","n/a","n/a","n/a","n/a","n/a","n/a","n/a","n/a","n/a","n/a","n/a","n/a","n/a","n/a","n/a","n/a","n/a","n/a","n/a","n/a","n/a","n/a","n/a","n/a","n/a","n/a","n/a","n/a","n/a","n/a","n/a","n/a","n/a","n/a","n/a","n/a","n/a","n/a","n/a","n/a","n/a","n/a","n/a","n/a","n/a","n/a","n/a","n/a","n/a","n/a","n/a","n/a","n/a","n/a","n/a","n/a","n/a","n/a","n/a","n/a","n/a","n/a","n/a","n/a","n/a","n/a","n/a","n/a","n/a","n/a","n/a","n/a","n/a","n/a","n/a","n/a","n/a","n/a","n/a","n/a","n/a","n/a","n/a","n/a","n/a","-","-","-","-","-","-","-","-","-","-","-","-","-","-","-","-","-","-","-","-","-","-","-","-","-","-","-","-","-","-","-","-","Travel Consultant"]
["Standard - Utilities Engineering Technician",null,"n/a","n/a","n/a","n/a","n/a","n/a","n/a","n/a","n/a","n/a","n/a","n/a","n/a","n/a","n/a","n/a","n/a","n/a","n/a","n/a","n/a","n/a","n/a","n/a","n/a","n/a","n/a","n/a","n/a","n/a","n/a","n/a","n/a","n/a","n/a","n/a","n/a","n/a","n/a","n/a","n/a","n/a","n/a","n/a","n/a","n/a","n/a","n/a","n/a","n/a","n/a","n/a","n/a","n/a","n/a","n/a","n/a","n/a","n/a","n/a","n/a","n/a","n/a","n/a","n/a","n/a","n/a","n/a","n/a","n/a","n/a","n/a","n/a","n/a","n/a","n/a","n/a","n/a","n/a","n/a","n/a","n/a","n/a","n/a","n/a","n/a","n/a","n/a","n/a","n/a","n/a","n/a","n/a","n/a","n/a","n/a","n/a","n/a","n/a","n/a","n/a","n/a","n/a","n/a","n/a","n/a","n/a","n/a","n/a","n/a","n/a","n/a","n/a","n/a","n/a","n/a","n/a","n/a","n/a","n/a","n/a","n/a","n/a","n/a","n/a","n/a","n/a","n/a","n/a","n/a","n/a","n/a","n/a","n/a","n/a","n/a","n/a","n/a","n/a","n/a","n/a","n/a","n/a","n/a","n/a","n/a","n/a","n/a","n/a","n/a","n/a","n/a","n/a","n/a","n/a","n/a","-","-","-","-","-","-","-","-","-","-","-","-","-","-","-","-","-","-","-","-",20,20,"-",50,"-","-","-","-",20,20,"-",50,"Utilities Engineering Technician"]
["Standard - Water Process Technician",null,"n/a","n/a","n/a","n/a","n/a","n/a","n/a","n/a","n/a","n/a","n/a","n/a","n/a","n/a","n/a","n/a","n/a","n/a","n/a","n/a","n/a","n/a","n/a","n/a","n/a","n/a","n/a","n/a","n/a","n/a","n/a","n/a","n/a","n/a","n/a","n/a","n/a","n/a","n/a","n/a","n/a","n/a","n/a","n/a","n/a","n/a","n/a","n/a","n/a","n/a","n/a","n/a","n/a","n/a","n/a","n/a","n/a","n/a","n/a","n/a","n/a","n/a","n/a","n/a","n/a","n/a","n/a","n/a","n/a","n/a","n/a","n/a","n/a","n/a","n/a","n/a","n/a","n/a","n/a","n/a","n/a","n/a","n/a","n/a","n/a","n/a","n/a","n/a","n/a","n/a","n/a","n/a","n/a","n/a","n/a","n/a","n/a","n/a","n/a","n/a","n/a","n/a","n/a","n/a","n/a","n/a","n/a","n/a","n/a","n/a","n/a","n/a","n/a","n/a","n/a","n/a","n/a","n/a","n/a","n/a","n/a","n/a","n/a","n/a","n/a","n/a","n/a","n/a","n/a","n/a","n/a","n/a","n/a","n/a","n/a","n/a","n/a","n/a","n/a","n/a","n/a","n/a","n/a","n/a","n/a","n/a","n/a","n/a","n/a","n/a","n/a","n/a","n/a","n/a","n/a","n/a","-","-","-","-","-","-","-","-","-","-","-","-","-","-","-","-","-","-","-","-",30,10,"-",40,"-","-","-","-",30,10,"-",40,"Water Process Technician"]
["Standard - Workplace Pensions (Administrator or Consultant)",null,"n/a","n/a","n/a","n/a","n/a","n/a","n/a","n/a","n/a","n/a","n/a","n/a","n/a","n/a","n/a","n/a","n/a","n/a","n/a","n/a","n/a","n/a","n/a","n/a","n/a","n/a","n/a","n/a","n/a","n/a","n/a","n/a","n/a","n/a","n/a","n/a","n/a","n/a","n/a","n/a","n/a","n/a","n/a","n/a","n/a","n/a","n/a","n/a","n/a","n/a","n/a","n/a","n/a","n/a","n/a","n/a","n/a","n/a","n/a","n/a","n/a","n/a","n/a","n/a","n/a","n/a","n/a","n/a","n/a","n/a","n/a","n/a","n/a","n/a","n/a","n/a","n/a","n/a","n/a","n/a","n/a","n/a","n/a","n/a","n/a","n/a","n/a","n/a","n/a","n/a","n/a","n/a","n/a","n/a","n/a","n/a","n/a","n/a","n/a","n/a","n/a","n/a","n/a","n/a","n/a","n/a","n/a","n/a","n/a","n/a","n/a","n/a","n/a","n/a","n/a","n/a","n/a","n/a","n/a","n/a","n/a","n/a","n/a","n/a","n/a","n/a","n/a","n/a","n/a","n/a","n/a","n/a","n/a","n/a","n/a","n/a","n/a","n/a","n/a","n/a","n/a","n/a","n/a","n/a","n/a","n/a","n/a","n/a","n/a","n/a","n/a","n/a","n/a","n/a","n/a","n/a","-","-","-","-","-","-","-","-","-","-","-","-","-","-","-","-","-","-","-","-","-","-","-","-","-","-","-","-","-","-","-","-","Workplace Pensions (Administrator or Consultant)"]
["Grand Total",null,{"v":74400,"d":"74,400"},{"v":44800,"d":"44,800"},"-",{"v":119300,"d":"119,300"},{"v":23000,"d":"23,000"},{"v":25400,"d":"25,400"},"-",{"v":48400,"d":"48,400"},{"v":97400,"d":"97,400"},{"v":70200,"d":"70,200"},"-",{"v":167700,"d":"167,700"},{"v":83000,"d":"83,000"},{"v":53600,"d":"53,600"},"-",{"v":136600,"d":"136,600"},{"v":25200,"d":"25,200"},{"v":31700,"d":"31,700"},"-",{"v":57000,"d":"57,000"},{"v":108300,"d":"108,300"},{"v":85300,"d":"85,300"},"-",{"v":193600,"d":"193,600"},{"v":87600,"d":"87,600"},{"v":47400,"d":"47,400"},100,{"v":135100,"d":"135,100"},{"v":25900,"d":"25,900"},{"v":27600,"d":"27,600"},400,{"v":53900,"d":"53,900"},{"v":113500,"d":"113,500"},{"v":75100,"d":"75,100"},400,{"v":189000,"d":"189,000"},{"v":77100,"d":"77,100"},{"v":45600,"d":"45,600"},100,{"v":122800,"d":"122,800"},{"v":22400,"d":"22,400"},{"v":29500,"d":"29,500"},200,{"v":52100,"d":"52,100"},{"v":99500,"d":"99,500"},{"v":75200,"d":"75,200"},300,{"v":175000,"d":"175,000"},{"v":80800,"d":"80,800"},{"v":46500,"d":"46,500"},100,{"v":127400,"d":"127,400"},{"v":24800,"d":"24,800"},{"v":32100,"d":"32,100"},100,{"v":57000,"d":"57,000"},{"v":105600,"d":"105,600"},{"v":78600,"d":"78,600"},300,{"v":184400,"d":"184,400"},{"v":82000,"d":"82,000"},{"v":55200,"d":"55,200"},{"v":14600,"d":"14,600"},{"v":151800,"d":"151,800"},{"v":25500,"d":"25,500"},{"v":34900,"d":"34,900"},{"v":12600,"d":"12,600"},{"v":73000,"d":"73,000"},{"v":107600,"d":"107,600"},{"v":90100,"d":"90,100"},{"v":27200,"d":"27,200"},{"v":224800,"d":"224,800"},{"v":74200,"d":"74,200"},{"v":52600,"d":"52,600"},{"v":31700,"d":"31,700"},{"v":158500,"d":"158,500"},{"v":25200,"d":"25,200"},{"v":32100,"d":"32,100"},{"v":24200,"d":"24,200"},{"v":81400,"d":"81,400"},{"v":99400,"d":"99,400"},{"v":84700,"d":"84,700"},{"v":55900,"d":"55,900"},{"v":239900,"d":"239,900"},{"v":89400,"d":"89,400"},{"v":72800,"d":"72,800"},{"v":28400,"d":"28,400"},{"v":190500,"d":"190,500"},{"v":27400,"d":"27,400"},{"v":41000,"d":"41,000"},{"v":20800,"d":"20,800"},{"v":89200,"d":"89,200"},{"v":116800,"d":"116,800"},{"v":113800,"d":"113,800"},{"v":49100,"d":"49,100"},{"v":279700,"d":"279,700"},{"v":97300,"d":"97,300"},{"v":90400,"d":"90,400"},{"v":113400,"d":"113,400"},{"v":301100,"d":"301,100"},{"v":34400,"d":"34,400"},{"v":53000,"d":"53,000"},{"v":68700,"d":"68,700"},{"v":156100,"d":"156,100"},{"v":131700,"d":"131,700"},{"v":143400,"d":"143,400"},{"v":182100,"d":"182,100"},{"v":457200,"d":"457,200"},{"v":95400,"d":"95,400"},{"v":101700,"d":"101,700"},{"v":131900,"d":"131,900"},{"v":329000,"d":"329,000"},{"v":34100,"d":"34,100"},{"v":58000,"d":"58,000"},{"v":95700,"d":"95,700"},{"v":187900,"d":"187,900"},300,{"v":1700,"d":"1,700"},{"v":1700,"d":"1,700"},{"v":3700,"d":"3,700"},{"v":129900,"d":"129,900"},{"v":161400,"d":"161,400"},{"v":229300,"d":"229,300"},{"v":520600,"d":"520,600"},{"v":80900,"d":"80,900"},{"v":99000,"d":"99,000"},{"v":112900,"d":"112,900"},{"v":292800,"d":"292,800"},{"v":33100,"d":"33,100"},{"v":63900,"d":"63,900"},{"v":110600,"d":"110,600"},{"v":207700,"d":"207,700"},600,{"v":2400,"d":"2,400"},{"v":6800,"d":"6,800"},{"v":9800,"d":"9,800"},{"v":114500,"d":"114,500"},{"v":165400,"d":"165,400"},{"v":230300,"d":"230,300"},{"v":510200,"d":"510,200"},{"v":83400,"d":"83,400"},{"v":97000,"d":"97,000"},{"v":106100,"d":"106,100"},{"v":286500,"d":"286,500"},{"v":35600,"d":"35,600"},{"v":59300,"d":"59,300"},{"v":49800,"d":"49,800"},{"v":144700,"d":"144,700"},700,{"v":2900,"d":"2,900"},{"v":5600,"d":"5,600"},{"v":9200,"d":"9,200"},{"v":119800,"d":"119,800"},{"v":159100,"d":"159,100"},{"v":161600,"d":"161,600"},{"v":440400,"d":"440,400"},{"v":85600,"d":"85,600"},{"v":93600,"d":"93,600"},{"v":119100,"d":"119,100"},{"v":298300,"d":"298,300"},{"v":39100,"d":"39,100"},{"v":62400,"d":"62,400"},{"v":80300,"d":"80,300"},{"v":181800,"d":"181,800"},{"v":1100,"d":"1,100"},{"v":4200,"d":"4,200"},{"v":14400,"d":"14,400"},{"v":19800,"d":"19,800"},{"v":125900,"d":"125,900"},{"v":160200,"d":"160,200"},{"v":213900,"d":"213,900"},{"v":499900,"d":"499,900"},{"v":86900,"d":"86,900"},{"v":84900,"d":"84,900"},{"v":119500,"d":"119,500"},{"v":291300,"d":"291,300"},{"v":42700,"d":"42,700"},{"v":63100,"d":"63,100"},{"v":85000,"d":"85,000"},{"v":190900,"d":"190,900"},{"v":1800,"d":"1,800"},{"v":5800,"d":"5,800"},{"v":19600,"d":"19,600"},{"v":27200,"d":"27,200"},{"v":131400,"d":"131,400"},{"v":153900,"d":"153,900"},{"v":224100,"d":"224,100"},{"v":509400,"d":"509,400"}]